/* DUPLICATOR-LITE (MYSQL-DUMP BUILD MODE) MYSQL SCRIPT CREATED ON : 2024-02-14 14:52:13 */

CREATE TABLE `wphl_actionscheduler_actions` (
  `action_id` bigint unsigned NOT NULL AUTO_INCREMENT,
  `hook` varchar(191) CHARACTER SET utf8mb4 COLLATE utf8mb4_unicode_520_ci NOT NULL,
  `status` varchar(20) CHARACTER SET utf8mb4 COLLATE utf8mb4_unicode_520_ci NOT NULL,
  `scheduled_date_gmt` datetime DEFAULT '0000-00-00 00:00:00',
  `scheduled_date_local` datetime DEFAULT '0000-00-00 00:00:00',
  `args` varchar(191) CHARACTER SET utf8mb4 COLLATE utf8mb4_unicode_520_ci DEFAULT NULL,
  `schedule` longtext CHARACTER SET utf8mb4 COLLATE utf8mb4_unicode_520_ci,
  `group_id` bigint unsigned NOT NULL DEFAULT '0',
  `attempts` int NOT NULL DEFAULT '0',
  `last_attempt_gmt` datetime DEFAULT '0000-00-00 00:00:00',
  `last_attempt_local` datetime DEFAULT '0000-00-00 00:00:00',
  `claim_id` bigint unsigned NOT NULL DEFAULT '0',
  `extended_args` varchar(8000) CHARACTER SET utf8mb4 COLLATE utf8mb4_unicode_520_ci DEFAULT NULL,
  PRIMARY KEY (`action_id`),
  KEY `hook` (`hook`),
  KEY `status` (`status`),
  KEY `scheduled_date_gmt` (`scheduled_date_gmt`),
  KEY `args` (`args`),
  KEY `group_id` (`group_id`),
  KEY `last_attempt_gmt` (`last_attempt_gmt`),
  KEY `claim_id_status_scheduled_date_gmt` (`claim_id`,`status`,`scheduled_date_gmt`)
) ENGINE=InnoDB AUTO_INCREMENT=6539 DEFAULT CHARSET=utf8mb4 COLLATE=utf8mb4_unicode_520_ci;

INSERT INTO `wphl_actionscheduler_actions` VALUES (5551,'woocommerce_cleanup_draft_orders','complete','2024-01-14 23:32:34','2024-01-14 23:32:34','[]','O:32:\"ActionScheduler_IntervalSchedule\":5:{s:22:\"\0*\0scheduled_timestamp\";i:1705275154;s:18:\"\0*\0first_timestamp\";i:1673426036;s:13:\"\0*\0recurrence\";i:86400;s:49:\"\0ActionScheduler_IntervalSchedule\0start_timestamp\";i:1705275154;s:53:\"\0ActionScheduler_IntervalSchedule\0interval_in_seconds\";i:86400;}',0,1,'2024-01-15 03:42:22','2024-01-15 03:42:22',0,NULL),(5570,'woocommerce_cleanup_draft_orders','complete','2024-01-16 03:42:22','2024-01-16 03:42:22','[]','O:32:\"ActionScheduler_IntervalSchedule\":5:{s:22:\"\0*\0scheduled_timestamp\";i:1705376542;s:18:\"\0*\0first_timestamp\";i:1673426036;s:13:\"\0*\0recurrence\";i:86400;s:49:\"\0ActionScheduler_IntervalSchedule\0start_timestamp\";i:1705376542;s:53:\"\0ActionScheduler_IntervalSchedule\0interval_in_seconds\";i:86400;}',0,1,'2024-01-16 03:52:28','2024-01-16 03:52:28',0,NULL),(5592,'woocommerce_cleanup_draft_orders','complete','2024-01-17 03:52:28','2024-01-17 03:52:28','[]','O:32:\"ActionScheduler_IntervalSchedule\":5:{s:22:\"\0*\0scheduled_timestamp\";i:1705463548;s:18:\"\0*\0first_timestamp\";i:1673426036;s:13:\"\0*\0recurrence\";i:86400;s:49:\"\0ActionScheduler_IntervalSchedule\0start_timestamp\";i:1705463548;s:53:\"\0ActionScheduler_IntervalSchedule\0interval_in_seconds\";i:86400;}',0,1,'2024-01-17 03:56:52','2024-01-17 03:56:52',0,NULL),(5631,'woocommerce_cleanup_draft_orders','complete','2024-01-18 03:56:52','2024-01-18 03:56:52','[]','O:32:\"ActionScheduler_IntervalSchedule\":5:{s:22:\"\0*\0scheduled_timestamp\";i:1705550212;s:18:\"\0*\0first_timestamp\";i:1673426036;s:13:\"\0*\0recurrence\";i:86400;s:49:\"\0ActionScheduler_IntervalSchedule\0start_timestamp\";i:1705550212;s:53:\"\0ActionScheduler_IntervalSchedule\0interval_in_seconds\";i:86400;}',0,1,'2024-01-18 04:10:30','2024-01-18 04:10:30',0,NULL),(5682,'woocommerce_cleanup_draft_orders','complete','2024-01-19 04:10:30','2024-01-19 04:10:30','[]','O:32:\"ActionScheduler_IntervalSchedule\":5:{s:22:\"\0*\0scheduled_timestamp\";i:1705637430;s:18:\"\0*\0first_timestamp\";i:1673426036;s:13:\"\0*\0recurrence\";i:86400;s:49:\"\0ActionScheduler_IntervalSchedule\0start_timestamp\";i:1705637430;s:53:\"\0ActionScheduler_IntervalSchedule\0interval_in_seconds\";i:86400;}',0,1,'2024-01-19 04:22:25','2024-01-19 04:22:25',0,NULL),(5734,'woocommerce_cleanup_draft_orders','complete','2024-01-20 04:22:25','2024-01-20 04:22:25','[]','O:32:\"ActionScheduler_IntervalSchedule\":5:{s:22:\"\0*\0scheduled_timestamp\";i:1705724545;s:18:\"\0*\0first_timestamp\";i:1673426036;s:13:\"\0*\0recurrence\";i:86400;s:49:\"\0ActionScheduler_IntervalSchedule\0start_timestamp\";i:1705724545;s:53:\"\0ActionScheduler_IntervalSchedule\0interval_in_seconds\";i:86400;}',0,1,'2024-01-20 07:54:28','2024-01-20 07:54:28',0,NULL),(5776,'woocommerce_cleanup_draft_orders','complete','2024-01-21 07:54:28','2024-01-21 07:54:28','[]','O:32:\"ActionScheduler_IntervalSchedule\":5:{s:22:\"\0*\0scheduled_timestamp\";i:1705823668;s:18:\"\0*\0first_timestamp\";i:1673426036;s:13:\"\0*\0recurrence\";i:86400;s:49:\"\0ActionScheduler_IntervalSchedule\0start_timestamp\";i:1705823668;s:53:\"\0ActionScheduler_IntervalSchedule\0interval_in_seconds\";i:86400;}',0,1,'2024-01-21 08:34:47','2024-01-21 08:34:47',0,NULL),(5801,'woocommerce_cleanup_draft_orders','complete','2024-01-22 08:34:47','2024-01-22 08:34:47','[]','O:32:\"ActionScheduler_IntervalSchedule\":5:{s:22:\"\0*\0scheduled_timestamp\";i:1705912487;s:18:\"\0*\0first_timestamp\";i:1673426036;s:13:\"\0*\0recurrence\";i:86400;s:49:\"\0ActionScheduler_IntervalSchedule\0start_timestamp\";i:1705912487;s:53:\"\0ActionScheduler_IntervalSchedule\0interval_in_seconds\";i:86400;}',0,1,'2024-01-22 09:53:07','2024-01-22 09:53:07',0,NULL),(5822,'woocommerce_cleanup_draft_orders','complete','2024-01-23 09:53:07','2024-01-23 09:53:07','[]','O:32:\"ActionScheduler_IntervalSchedule\":5:{s:22:\"\0*\0scheduled_timestamp\";i:1706003587;s:18:\"\0*\0first_timestamp\";i:1673426036;s:13:\"\0*\0recurrence\";i:86400;s:49:\"\0ActionScheduler_IntervalSchedule\0start_timestamp\";i:1706003587;s:53:\"\0ActionScheduler_IntervalSchedule\0interval_in_seconds\";i:86400;}',0,1,'2024-01-23 11:48:33','2024-01-23 11:48:33',0,NULL),(5845,'woocommerce_cleanup_draft_orders','complete','2024-01-24 11:48:33','2024-01-24 11:48:33','[]','O:32:\"ActionScheduler_IntervalSchedule\":5:{s:22:\"\0*\0scheduled_timestamp\";i:1706096913;s:18:\"\0*\0first_timestamp\";i:1673426036;s:13:\"\0*\0recurrence\";i:86400;s:49:\"\0ActionScheduler_IntervalSchedule\0start_timestamp\";i:1706096913;s:53:\"\0ActionScheduler_IntervalSchedule\0interval_in_seconds\";i:86400;}',0,1,'2024-01-24 12:29:27','2024-01-24 12:29:27',0,NULL),(5861,'woocommerce_cleanup_draft_orders','complete','2024-01-25 12:29:27','2024-01-25 12:29:27','[]','O:32:\"ActionScheduler_IntervalSchedule\":5:{s:22:\"\0*\0scheduled_timestamp\";i:1706185767;s:18:\"\0*\0first_timestamp\";i:1673426036;s:13:\"\0*\0recurrence\";i:86400;s:49:\"\0ActionScheduler_IntervalSchedule\0start_timestamp\";i:1706185767;s:53:\"\0ActionScheduler_IntervalSchedule\0interval_in_seconds\";i:86400;}',0,1,'2024-01-25 13:12:12','2024-01-25 13:12:12',0,NULL),(5886,'woocommerce_cleanup_draft_orders','complete','2024-01-26 13:12:12','2024-01-26 13:12:12','[]','O:32:\"ActionScheduler_IntervalSchedule\":5:{s:22:\"\0*\0scheduled_timestamp\";i:1706274732;s:18:\"\0*\0first_timestamp\";i:1673426036;s:13:\"\0*\0recurrence\";i:86400;s:49:\"\0ActionScheduler_IntervalSchedule\0start_timestamp\";i:1706274732;s:53:\"\0ActionScheduler_IntervalSchedule\0interval_in_seconds\";i:86400;}',0,1,'2024-01-26 16:03:26','2024-01-26 16:03:26',0,NULL),(5907,'woocommerce_cleanup_draft_orders','complete','2024-01-27 16:03:26','2024-01-27 16:03:26','[]','O:32:\"ActionScheduler_IntervalSchedule\":5:{s:22:\"\0*\0scheduled_timestamp\";i:1706371406;s:18:\"\0*\0first_timestamp\";i:1673426036;s:13:\"\0*\0recurrence\";i:86400;s:49:\"\0ActionScheduler_IntervalSchedule\0start_timestamp\";i:1706371406;s:53:\"\0ActionScheduler_IntervalSchedule\0interval_in_seconds\";i:86400;}',0,1,'2024-01-27 16:58:07','2024-01-27 16:58:07',0,NULL),(5933,'woocommerce_cleanup_draft_orders','complete','2024-01-28 16:58:07','2024-01-28 16:58:07','[]','O:32:\"ActionScheduler_IntervalSchedule\":5:{s:22:\"\0*\0scheduled_timestamp\";i:1706461087;s:18:\"\0*\0first_timestamp\";i:1673426036;s:13:\"\0*\0recurrence\";i:86400;s:49:\"\0ActionScheduler_IntervalSchedule\0start_timestamp\";i:1706461087;s:53:\"\0ActionScheduler_IntervalSchedule\0interval_in_seconds\";i:86400;}',0,1,'2024-01-28 17:43:15','2024-01-28 17:43:15',0,NULL),(5955,'woocommerce_cleanup_draft_orders','complete','2024-01-29 17:43:15','2024-01-29 17:43:15','[]','O:32:\"ActionScheduler_IntervalSchedule\":5:{s:22:\"\0*\0scheduled_timestamp\";i:1706550195;s:18:\"\0*\0first_timestamp\";i:1673426036;s:13:\"\0*\0recurrence\";i:86400;s:49:\"\0ActionScheduler_IntervalSchedule\0start_timestamp\";i:1706550195;s:53:\"\0ActionScheduler_IntervalSchedule\0interval_in_seconds\";i:86400;}',0,1,'2024-01-29 17:57:01','2024-01-29 17:57:01',0,NULL),(5977,'woocommerce_cleanup_draft_orders','complete','2024-01-30 17:57:01','2024-01-30 17:57:01','[]','O:32:\"ActionScheduler_IntervalSchedule\":5:{s:22:\"\0*\0scheduled_timestamp\";i:1706637421;s:18:\"\0*\0first_timestamp\";i:1673426036;s:13:\"\0*\0recurrence\";i:86400;s:49:\"\0ActionScheduler_IntervalSchedule\0start_timestamp\";i:1706637421;s:53:\"\0ActionScheduler_IntervalSchedule\0interval_in_seconds\";i:86400;}',0,1,'2024-01-30 18:29:44','2024-01-30 18:29:44',0,NULL),(6003,'woocommerce_cleanup_draft_orders','complete','2024-01-31 18:29:44','2024-01-31 18:29:44','[]','O:32:\"ActionScheduler_IntervalSchedule\":5:{s:22:\"\0*\0scheduled_timestamp\";i:1706725784;s:18:\"\0*\0first_timestamp\";i:1673426036;s:13:\"\0*\0recurrence\";i:86400;s:49:\"\0ActionScheduler_IntervalSchedule\0start_timestamp\";i:1706725784;s:53:\"\0ActionScheduler_IntervalSchedule\0interval_in_seconds\";i:86400;}',0,1,'2024-01-31 20:47:53','2024-01-31 20:47:53',0,NULL),(6026,'woocommerce_cleanup_draft_orders','complete','2024-02-01 20:47:53','2024-02-01 20:47:53','[]','O:32:\"ActionScheduler_IntervalSchedule\":5:{s:22:\"\0*\0scheduled_timestamp\";i:1706820473;s:18:\"\0*\0first_timestamp\";i:1673426036;s:13:\"\0*\0recurrence\";i:86400;s:49:\"\0ActionScheduler_IntervalSchedule\0start_timestamp\";i:1706820473;s:53:\"\0ActionScheduler_IntervalSchedule\0interval_in_seconds\";i:86400;}',0,1,'2024-02-01 21:21:51','2024-02-01 21:21:51',0,NULL),(6053,'woocommerce_cleanup_draft_orders','complete','2024-02-02 21:21:51','2024-02-02 21:21:51','[]','O:32:\"ActionScheduler_IntervalSchedule\":5:{s:22:\"\0*\0scheduled_timestamp\";i:1706908911;s:18:\"\0*\0first_timestamp\";i:1673426036;s:13:\"\0*\0recurrence\";i:86400;s:49:\"\0ActionScheduler_IntervalSchedule\0start_timestamp\";i:1706908911;s:53:\"\0ActionScheduler_IntervalSchedule\0interval_in_seconds\";i:86400;}',0,1,'2024-02-02 22:41:30','2024-02-02 22:41:30',0,NULL),(6081,'woocommerce_cleanup_draft_orders','complete','2024-02-03 22:41:30','2024-02-03 22:41:30','[]','O:32:\"ActionScheduler_IntervalSchedule\":5:{s:22:\"\0*\0scheduled_timestamp\";i:1707000090;s:18:\"\0*\0first_timestamp\";i:1673426036;s:13:\"\0*\0recurrence\";i:86400;s:49:\"\0ActionScheduler_IntervalSchedule\0start_timestamp\";i:1707000090;s:53:\"\0ActionScheduler_IntervalSchedule\0interval_in_seconds\";i:86400;}',0,1,'2024-02-04 00:21:02','2024-02-04 00:21:02',0,NULL),(6103,'woocommerce_cleanup_draft_orders','complete','2024-02-05 00:21:02','2024-02-05 00:21:02','[]','O:32:\"ActionScheduler_IntervalSchedule\":5:{s:22:\"\0*\0scheduled_timestamp\";i:1707092462;s:18:\"\0*\0first_timestamp\";i:1673426036;s:13:\"\0*\0recurrence\";i:86400;s:49:\"\0ActionScheduler_IntervalSchedule\0start_timestamp\";i:1707092462;s:53:\"\0ActionScheduler_IntervalSchedule\0interval_in_seconds\";i:86400;}',0,1,'2024-02-05 01:06:59','2024-02-05 01:06:59',0,NULL),(6133,'woocommerce_cleanup_draft_orders','complete','2024-02-06 01:06:59','2024-02-06 01:06:59','[]','O:32:\"ActionScheduler_IntervalSchedule\":5:{s:22:\"\0*\0scheduled_timestamp\";i:1707181619;s:18:\"\0*\0first_timestamp\";i:1673426036;s:13:\"\0*\0recurrence\";i:86400;s:49:\"\0ActionScheduler_IntervalSchedule\0start_timestamp\";i:1707181619;s:53:\"\0ActionScheduler_IntervalSchedule\0interval_in_seconds\";i:86400;}',0,1,'2024-02-06 01:16:23','2024-02-06 01:16:23',0,NULL),(6188,'woocommerce_cleanup_draft_orders','complete','2024-02-07 01:16:23','2024-02-07 01:16:23','[]','O:32:\"ActionScheduler_IntervalSchedule\":5:{s:22:\"\0*\0scheduled_timestamp\";i:1707268583;s:18:\"\0*\0first_timestamp\";i:1673426036;s:13:\"\0*\0recurrence\";i:86400;s:49:\"\0ActionScheduler_IntervalSchedule\0start_timestamp\";i:1707268583;s:53:\"\0ActionScheduler_IntervalSchedule\0interval_in_seconds\";i:86400;}',0,1,'2024-02-07 01:17:45','2024-02-07 01:17:45',0,NULL),(6259,'woocommerce_cleanup_draft_orders','complete','2024-02-08 01:17:45','2024-02-08 01:17:45','[]','O:32:\"ActionScheduler_IntervalSchedule\":5:{s:22:\"\0*\0scheduled_timestamp\";i:1707355065;s:18:\"\0*\0first_timestamp\";i:1673426036;s:13:\"\0*\0recurrence\";i:86400;s:49:\"\0ActionScheduler_IntervalSchedule\0start_timestamp\";i:1707355065;s:53:\"\0ActionScheduler_IntervalSchedule\0interval_in_seconds\";i:86400;}',0,1,'2024-02-08 01:28:01','2024-02-08 01:28:01',0,NULL),(6285,'wc-admin_import_customers','complete','2024-02-07 21:18:08','2024-02-07 21:18:08','[1]','O:30:\"ActionScheduler_SimpleSchedule\":2:{s:22:\"\0*\0scheduled_timestamp\";i:1707340688;s:41:\"\0ActionScheduler_SimpleSchedule\0timestamp\";i:1707340688;}',2,1,'2024-02-07 21:19:10','2024-02-07 21:19:10',0,NULL),(6295,'woocommerce_cleanup_draft_orders','complete','2024-02-09 01:28:01','2024-02-09 01:28:01','[]','O:32:\"ActionScheduler_IntervalSchedule\":5:{s:22:\"\0*\0scheduled_timestamp\";i:1707442081;s:18:\"\0*\0first_timestamp\";i:1673426036;s:13:\"\0*\0recurrence\";i:86400;s:49:\"\0ActionScheduler_IntervalSchedule\0start_timestamp\";i:1707442081;s:53:\"\0ActionScheduler_IntervalSchedule\0interval_in_seconds\";i:86400;}',0,1,'2024-02-09 01:42:18','2024-02-09 01:42:18',0,NULL),(6301,'wc-admin_import_customers','complete','2024-02-08 06:17:33','2024-02-08 06:17:33','[1]','O:30:\"ActionScheduler_SimpleSchedule\":2:{s:22:\"\0*\0scheduled_timestamp\";i:1707373053;s:41:\"\0ActionScheduler_SimpleSchedule\0timestamp\";i:1707373053;}',2,1,'2024-02-08 06:17:56','2024-02-08 06:17:56',0,NULL),(6335,'woocommerce_cleanup_draft_orders','complete','2024-02-10 01:42:18','2024-02-10 01:42:18','[]','O:32:\"ActionScheduler_IntervalSchedule\":5:{s:22:\"\0*\0scheduled_timestamp\";i:1707529338;s:18:\"\0*\0first_timestamp\";i:1673426036;s:13:\"\0*\0recurrence\";i:86400;s:49:\"\0ActionScheduler_IntervalSchedule\0start_timestamp\";i:1707529338;s:53:\"\0ActionScheduler_IntervalSchedule\0interval_in_seconds\";i:86400;}',0,1,'2024-02-10 02:24:26','2024-02-10 02:24:26',0,NULL),(6375,'woocommerce_cleanup_draft_orders','complete','2024-02-11 02:24:26','2024-02-11 02:24:26','[]','O:32:\"ActionScheduler_IntervalSchedule\":5:{s:22:\"\0*\0scheduled_timestamp\";i:1707618266;s:18:\"\0*\0first_timestamp\";i:1673426036;s:13:\"\0*\0recurrence\";i:86400;s:49:\"\0ActionScheduler_IntervalSchedule\0start_timestamp\";i:1707618266;s:53:\"\0ActionScheduler_IntervalSchedule\0interval_in_seconds\";i:86400;}',0,1,'2024-02-11 04:03:35','2024-02-11 04:03:35',0,NULL),(6416,'woocommerce_cleanup_draft_orders','complete','2024-02-12 04:03:35','2024-02-12 04:03:35','[]','O:32:\"ActionScheduler_IntervalSchedule\":5:{s:22:\"\0*\0scheduled_timestamp\";i:1707710615;s:18:\"\0*\0first_timestamp\";i:1673426036;s:13:\"\0*\0recurrence\";i:86400;s:49:\"\0ActionScheduler_IntervalSchedule\0start_timestamp\";i:1707710615;s:53:\"\0ActionScheduler_IntervalSchedule\0interval_in_seconds\";i:86400;}',0,1,'2024-02-12 04:10:06','2024-02-12 04:10:06',0,NULL),(6460,'woocommerce_cleanup_draft_orders','complete','2024-02-13 04:10:06','2024-02-13 04:10:06','[]','O:32:\"ActionScheduler_IntervalSchedule\":5:{s:22:\"\0*\0scheduled_timestamp\";i:1707797406;s:18:\"\0*\0first_timestamp\";i:1673426036;s:13:\"\0*\0recurrence\";i:86400;s:49:\"\0ActionScheduler_IntervalSchedule\0start_timestamp\";i:1707797406;s:53:\"\0ActionScheduler_IntervalSchedule\0interval_in_seconds\";i:86400;}',0,1,'2024-02-13 04:40:27','2024-02-13 04:40:27',0,NULL),(6487,'woocommerce_cleanup_draft_orders','complete','2024-02-14 04:40:27','2024-02-14 04:40:27','[]','O:32:\"ActionScheduler_IntervalSchedule\":5:{s:22:\"\0*\0scheduled_timestamp\";i:1707885627;s:18:\"\0*\0first_timestamp\";i:1673426036;s:13:\"\0*\0recurrence\";i:86400;s:49:\"\0ActionScheduler_IntervalSchedule\0start_timestamp\";i:1707885627;s:53:\"\0ActionScheduler_IntervalSchedule\0interval_in_seconds\";i:86400;}',0,1,'2024-02-14 04:43:35','2024-02-14 04:43:35',0,NULL),(6517,'aioseo_cache_prune','pending','2024-02-15 04:43:35','2024-02-15 04:43:35','[]','O:32:\"ActionScheduler_IntervalSchedule\":5:{s:22:\"\0*\0scheduled_timestamp\";i:1707972215;s:18:\"\0*\0first_timestamp\";i:1683302763;s:13:\"\0*\0recurrence\";i:86400;s:49:\"\0ActionScheduler_IntervalSchedule\0start_timestamp\";i:1707972215;s:53:\"\0ActionScheduler_IntervalSchedule\0interval_in_seconds\";i:86400;}',3,0,'0000-00-00 00:00:00','0000-00-00 00:00:00',0,NULL),(6518,'woocommerce_cleanup_draft_orders','pending','2024-02-15 04:43:35','2024-02-15 04:43:35','[]','O:32:\"ActionScheduler_IntervalSchedule\":5:{s:22:\"\0*\0scheduled_timestamp\";i:1707972215;s:18:\"\0*\0first_timestamp\";i:1673426036;s:13:\"\0*\0recurrence\";i:86400;s:49:\"\0ActionScheduler_IntervalSchedule\0start_timestamp\";i:1707972215;s:53:\"\0ActionScheduler_IntervalSchedule\0interval_in_seconds\";i:86400;}',0,0,'0000-00-00 00:00:00','0000-00-00 00:00:00',0,NULL),(6536,'aioseo_image_sitemap_scan','complete','2024-02-14 14:37:03','2024-02-14 14:37:03','[]','O:30:\"ActionScheduler_SimpleSchedule\":2:{s:22:\"\0*\0scheduled_timestamp\";i:1707921423;s:41:\"\0ActionScheduler_SimpleSchedule\0timestamp\";i:1707921423;}',3,1,'2024-02-14 14:44:06','2024-02-14 14:44:06',0,NULL),(6537,'aioseo_image_sitemap_scan','pending','2024-02-14 14:59:06','2024-02-14 14:59:06','[]','O:30:\"ActionScheduler_SimpleSchedule\":2:{s:22:\"\0*\0scheduled_timestamp\";i:1707922746;s:41:\"\0ActionScheduler_SimpleSchedule\0timestamp\";i:1707922746;}',3,0,'0000-00-00 00:00:00','0000-00-00 00:00:00',0,NULL),(6538,'wc-admin_import_customers','complete','2024-02-14 14:44:18','2024-02-14 14:44:18','[1]','O:30:\"ActionScheduler_SimpleSchedule\":2:{s:22:\"\0*\0scheduled_timestamp\";i:1707921858;s:41:\"\0ActionScheduler_SimpleSchedule\0timestamp\";i:1707921858;}',2,1,'2024-02-14 14:45:14','2024-02-14 14:45:14',0,NULL);
CREATE TABLE `wphl_actionscheduler_claims` (
  `claim_id` bigint unsigned NOT NULL AUTO_INCREMENT,
  `date_created_gmt` datetime DEFAULT '0000-00-00 00:00:00',
  PRIMARY KEY (`claim_id`),
  KEY `date_created_gmt` (`date_created_gmt`)
) ENGINE=InnoDB AUTO_INCREMENT=8017 DEFAULT CHARSET=utf8mb4 COLLATE=utf8mb4_unicode_520_ci;

CREATE TABLE `wphl_actionscheduler_groups` (
  `group_id` bigint unsigned NOT NULL AUTO_INCREMENT,
  `slug` varchar(255) CHARACTER SET utf8mb4 COLLATE utf8mb4_unicode_520_ci NOT NULL,
  PRIMARY KEY (`group_id`),
  KEY `slug` (`slug`(191))
) ENGINE=InnoDB AUTO_INCREMENT=4 DEFAULT CHARSET=utf8mb4 COLLATE=utf8mb4_unicode_520_ci;

INSERT INTO `wphl_actionscheduler_groups` VALUES (1,'action-scheduler-migration'),(2,'wc-admin-data'),(3,'aioseo');
CREATE TABLE `wphl_actionscheduler_logs` (
  `log_id` bigint unsigned NOT NULL AUTO_INCREMENT,
  `action_id` bigint unsigned NOT NULL,
  `message` text CHARACTER SET utf8mb4 COLLATE utf8mb4_unicode_520_ci NOT NULL,
  `log_date_gmt` datetime DEFAULT '0000-00-00 00:00:00',
  `log_date_local` datetime DEFAULT '0000-00-00 00:00:00',
  PRIMARY KEY (`log_id`),
  KEY `action_id` (`action_id`),
  KEY `log_date_gmt` (`log_date_gmt`)
) ENGINE=InnoDB AUTO_INCREMENT=19582 DEFAULT CHARSET=utf8mb4 COLLATE=utf8mb4_unicode_520_ci;

INSERT INTO `wphl_actionscheduler_logs` VALUES (16620,5551,'action created','2024-01-13 23:32:34','2024-01-13 23:32:34'),(16675,5551,'action started via WP Cron','2024-01-15 03:42:22','2024-01-15 03:42:22'),(16676,5551,'action complete via WP Cron','2024-01-15 03:42:22','2024-01-15 03:42:22'),(16677,5570,'action created','2024-01-15 03:42:22','2024-01-15 03:42:22'),(16741,5570,'action started via WP Cron','2024-01-16 03:52:28','2024-01-16 03:52:28'),(16742,5570,'action complete via WP Cron','2024-01-16 03:52:28','2024-01-16 03:52:28'),(16743,5592,'action created','2024-01-16 03:52:28','2024-01-16 03:52:28'),(16858,5592,'action started via WP Cron','2024-01-17 03:56:52','2024-01-17 03:56:52'),(16859,5592,'action complete via WP Cron','2024-01-17 03:56:52','2024-01-17 03:56:52'),(16860,5631,'action created','2024-01-17 03:56:52','2024-01-17 03:56:52'),(17011,5631,'action started via WP Cron','2024-01-18 04:10:30','2024-01-18 04:10:30'),(17012,5631,'action complete via WP Cron','2024-01-18 04:10:30','2024-01-18 04:10:30'),(17013,5682,'action created','2024-01-18 04:10:30','2024-01-18 04:10:30'),(17167,5682,'action started via WP Cron','2024-01-19 04:22:25','2024-01-19 04:22:25'),(17168,5682,'action complete via WP Cron','2024-01-19 04:22:25','2024-01-19 04:22:25'),(17169,5734,'action created','2024-01-19 04:22:25','2024-01-19 04:22:25'),(17293,5734,'action started via WP Cron','2024-01-20 07:54:28','2024-01-20 07:54:28'),(17294,5734,'action complete via WP Cron','2024-01-20 07:54:28','2024-01-20 07:54:28'),(17295,5776,'action created','2024-01-20 07:54:28','2024-01-20 07:54:28'),(17368,5776,'action started via WP Cron','2024-01-21 08:34:47','2024-01-21 08:34:47'),(17369,5776,'action complete via WP Cron','2024-01-21 08:34:47','2024-01-21 08:34:47'),(17370,5801,'action created','2024-01-21 08:34:47','2024-01-21 08:34:47'),(17431,5801,'action started via WP Cron','2024-01-22 09:53:07','2024-01-22 09:53:07'),(17432,5801,'action complete via WP Cron','2024-01-22 09:53:07','2024-01-22 09:53:07'),(17433,5822,'action created','2024-01-22 09:53:07','2024-01-22 09:53:07'),(17500,5822,'action started via WP Cron','2024-01-23 11:48:33','2024-01-23 11:48:33'),(17501,5822,'action complete via WP Cron','2024-01-23 11:48:33','2024-01-23 11:48:33'),(17502,5845,'action created','2024-01-23 11:48:33','2024-01-23 11:48:33'),(17548,5845,'action started via WP Cron','2024-01-24 12:29:27','2024-01-24 12:29:27'),(17549,5845,'action complete via WP Cron','2024-01-24 12:29:27','2024-01-24 12:29:27'),(17550,5861,'action created','2024-01-24 12:29:27','2024-01-24 12:29:27'),(17623,5861,'action started via WP Cron','2024-01-25 13:12:12','2024-01-25 13:12:12'),(17624,5861,'action complete via WP Cron','2024-01-25 13:12:12','2024-01-25 13:12:12'),(17625,5886,'action created','2024-01-25 13:12:12','2024-01-25 13:12:12'),(17686,5886,'action started via WP Cron','2024-01-26 16:03:26','2024-01-26 16:03:26'),(17687,5886,'action complete via WP Cron','2024-01-26 16:03:26','2024-01-26 16:03:26'),(17688,5907,'action created','2024-01-26 16:03:26','2024-01-26 16:03:26'),(17764,5907,'action started via WP Cron','2024-01-27 16:58:07','2024-01-27 16:58:07'),(17765,5907,'action complete via WP Cron','2024-01-27 16:58:07','2024-01-27 16:58:07'),(17766,5933,'action created','2024-01-27 16:58:07','2024-01-27 16:58:07'),(17830,5933,'action started via WP Cron','2024-01-28 17:43:15','2024-01-28 17:43:15'),(17831,5933,'action complete via WP Cron','2024-01-28 17:43:15','2024-01-28 17:43:15'),(17832,5955,'action created','2024-01-28 17:43:15','2024-01-28 17:43:15'),(17896,5955,'action started via WP Cron','2024-01-29 17:57:01','2024-01-29 17:57:01'),(17897,5955,'action complete via WP Cron','2024-01-29 17:57:01','2024-01-29 17:57:01'),(17898,5977,'action created','2024-01-29 17:57:01','2024-01-29 17:57:01'),(17974,5977,'action started via WP Cron','2024-01-30 18:29:44','2024-01-30 18:29:44'),(17975,5977,'action complete via WP Cron','2024-01-30 18:29:44','2024-01-30 18:29:44'),(17976,6003,'action created','2024-01-30 18:29:44','2024-01-30 18:29:44'),(18043,6003,'action started via WP Cron','2024-01-31 20:47:53','2024-01-31 20:47:53'),(18044,6003,'action complete via WP Cron','2024-01-31 20:47:53','2024-01-31 20:47:53'),(18045,6026,'action created','2024-01-31 20:47:53','2024-01-31 20:47:53'),(18124,6026,'action started via WP Cron','2024-02-01 21:21:51','2024-02-01 21:21:51'),(18125,6026,'action complete via WP Cron','2024-02-01 21:21:51','2024-02-01 21:21:51'),(18126,6053,'action created','2024-02-01 21:21:51','2024-02-01 21:21:51'),(18208,6053,'action started via WP Cron','2024-02-02 22:41:30','2024-02-02 22:41:30'),(18209,6053,'action complete via WP Cron','2024-02-02 22:41:30','2024-02-02 22:41:30'),(18210,6081,'action created','2024-02-02 22:41:30','2024-02-02 22:41:30'),(18274,6081,'action started via WP Cron','2024-02-04 00:21:02','2024-02-04 00:21:02'),(18275,6081,'action complete via WP Cron','2024-02-04 00:21:02','2024-02-04 00:21:02'),(18276,6103,'action created','2024-02-04 00:21:02','2024-02-04 00:21:02'),(18364,6103,'action started via WP Cron','2024-02-05 01:06:59','2024-02-05 01:06:59'),(18365,6103,'action complete via WP Cron','2024-02-05 01:06:59','2024-02-05 01:06:59'),(18366,6133,'action created','2024-02-05 01:06:59','2024-02-05 01:06:59'),(18529,6133,'action started via WP Cron','2024-02-06 01:16:23','2024-02-06 01:16:23'),(18530,6133,'action complete via WP Cron','2024-02-06 01:16:23','2024-02-06 01:16:23'),(18531,6188,'action created','2024-02-06 01:16:23','2024-02-06 01:16:23'),(18742,6188,'action started via WP Cron','2024-02-07 01:17:45','2024-02-07 01:17:45'),(18743,6188,'action complete via WP Cron','2024-02-07 01:17:45','2024-02-07 01:17:45'),(18744,6259,'action created','2024-02-07 01:17:45','2024-02-07 01:17:45'),(18820,6285,'action created','2024-02-07 21:18:03','2024-02-07 21:18:03'),(18821,6285,'action started via WP Cron','2024-02-07 21:19:10','2024-02-07 21:19:10'),(18822,6285,'action complete via WP Cron','2024-02-07 21:19:10','2024-02-07 21:19:10'),(18850,6259,'action started via WP Cron','2024-02-08 01:28:01','2024-02-08 01:28:01'),(18851,6259,'action complete via WP Cron','2024-02-08 01:28:01','2024-02-08 01:28:01'),(18852,6295,'action created','2024-02-08 01:28:01','2024-02-08 01:28:01'),(18868,6301,'action created','2024-02-08 06:17:28','2024-02-08 06:17:28'),(18869,6301,'action started via WP Cron','2024-02-08 06:17:56','2024-02-08 06:17:56'),(18870,6301,'action complete via WP Cron','2024-02-08 06:17:56','2024-02-08 06:17:56'),(18970,6295,'action started via WP Cron','2024-02-09 01:42:18','2024-02-09 01:42:18'),(18971,6295,'action complete via WP Cron','2024-02-09 01:42:18','2024-02-09 01:42:18'),(18972,6335,'action created','2024-02-09 01:42:18','2024-02-09 01:42:18'),(19090,6335,'action started via WP Cron','2024-02-10 02:24:26','2024-02-10 02:24:26'),(19091,6335,'action complete via WP Cron','2024-02-10 02:24:26','2024-02-10 02:24:26'),(19092,6375,'action created','2024-02-10 02:24:26','2024-02-10 02:24:26'),(19213,6375,'action started via WP Cron','2024-02-11 04:03:35','2024-02-11 04:03:35'),(19214,6375,'action complete via WP Cron','2024-02-11 04:03:35','2024-02-11 04:03:35'),(19215,6416,'action created','2024-02-11 04:03:35','2024-02-11 04:03:35'),(19345,6416,'action started via WP Cron','2024-02-12 04:10:06','2024-02-12 04:10:06'),(19346,6416,'action complete via WP Cron','2024-02-12 04:10:06','2024-02-12 04:10:06'),(19347,6460,'action created','2024-02-12 04:10:06','2024-02-12 04:10:06'),(19426,6460,'action started via WP Cron','2024-02-13 04:40:27','2024-02-13 04:40:27'),(19427,6460,'action complete via WP Cron','2024-02-13 04:40:27','2024-02-13 04:40:27'),(19428,6487,'action created','2024-02-13 04:40:27','2024-02-13 04:40:27'),(19518,6517,'action created','2024-02-14 04:43:35','2024-02-14 04:43:35'),(19519,6487,'action started via WP Cron','2024-02-14 04:43:35','2024-02-14 04:43:35'),(19520,6487,'action complete via WP Cron','2024-02-14 04:43:35','2024-02-14 04:43:35'),(19521,6518,'action created','2024-02-14 04:43:35','2024-02-14 04:43:35'),(19574,6536,'action created','2024-02-14 14:22:03','2024-02-14 14:22:03'),(19576,6536,'action started via WP Cron','2024-02-14 14:44:06','2024-02-14 14:44:06'),(19577,6537,'action created','2024-02-14 14:44:06','2024-02-14 14:44:06'),(19578,6536,'action complete via WP Cron','2024-02-14 14:44:06','2024-02-14 14:44:06'),(19579,6538,'action created','2024-02-14 14:44:13','2024-02-14 14:44:13'),(19580,6538,'action started via WP Cron','2024-02-14 14:45:14','2024-02-14 14:45:14'),(19581,6538,'action complete via WP Cron','2024-02-14 14:45:14','2024-02-14 14:45:14');
CREATE TABLE `wphl_aioseo_cache` (
  `id` bigint unsigned NOT NULL AUTO_INCREMENT,
  `key` varchar(80) CHARACTER SET utf8mb4 COLLATE utf8mb4_unicode_520_ci NOT NULL,
  `value` longtext CHARACTER SET utf8mb4 COLLATE utf8mb4_unicode_520_ci NOT NULL,
  `expiration` datetime DEFAULT NULL,
  `created` datetime NOT NULL,
  `updated` datetime NOT NULL,
  PRIMARY KEY (`id`),
  UNIQUE KEY `ndx_aioseo_cache_key` (`key`),
  KEY `ndx_aioseo_cache_expiration` (`expiration`)
) ENGINE=InnoDB AUTO_INCREMENT=2245 DEFAULT CHARSET=utf8mb4 COLLATE=utf8mb4_unicode_520_ci;

INSERT INTO `wphl_aioseo_cache` VALUES (8,'aioseo_sitemap_sitemap.xml','a:3:{s:6:\"counts\";a:3:{s:35:\"http://cliqops.com/post-sitemap.xml\";i:5;s:35:\"http://cliqops.com/page-sitemap.xml\";i:5;s:39:\"http://cliqops.com/category-sitemap.xml\";i:5;}s:8:\"datetime\";a:3:{s:35:\"http://cliqops.com/post-sitemap.xml\";a:2:{s:4:\"date\";s:13:\"June 27, 2023\";s:4:\"time\";s:8:\"10:34 am\";}s:35:\"http://cliqops.com/page-sitemap.xml\";a:2:{s:4:\"date\";s:12:\"May 30, 2023\";s:4:\"time\";s:7:\"1:21 pm\";}s:39:\"http://cliqops.com/category-sitemap.xml\";a:2:{s:4:\"date\";s:13:\"June 27, 2023\";s:4:\"time\";s:8:\"10:34 am\";}}s:10:\"pagination\";a:2:{s:7:\"showing\";i:3;s:5:\"total\";i:3;}}','2024-03-15 07:29:44','2023-05-06 09:54:45','2024-02-14 07:29:44'),(18,'aioseo_sitemap_sitemap.rss','a:3:{s:6:\"counts\";a:0:{}s:8:\"datetime\";a:10:{s:30:\"https://cliqops.com/home/blog/\";a:2:{s:4:\"date\";s:14:\"March 22, 2023\";s:4:\"time\";s:8:\"11:16 am\";}s:20:\"https://cliqops.com/\";a:2:{s:4:\"date\";s:12:\"May 30, 2023\";s:4:\"time\";s:7:\"1:21 pm\";}s:76:\"https://cliqops.com/8-ways-to-attract-hard-to-find-talent-for-your-business/\";a:2:{s:4:\"date\";s:13:\"June 27, 2023\";s:4:\"time\";s:8:\"10:34 am\";}s:29:\"https://cliqops.com/about-us/\";a:2:{s:4:\"date\";s:14:\"March 31, 2023\";s:4:\"time\";s:8:\"11:11 am\";}s:29:\"https://cliqops.com/services/\";a:2:{s:4:\"date\";s:14:\"March 31, 2023\";s:4:\"time\";s:7:\"9:36 am\";}s:31:\"https://cliqops.com/contact-us/\";a:2:{s:4:\"date\";s:14:\"March 31, 2023\";s:4:\"time\";s:7:\"7:12 am\";}s:63:\"https://cliqops.com/3-importance-of-talent-acquisition-process/\";a:2:{s:4:\"date\";s:12:\"May 26, 2023\";s:4:\"time\";s:7:\"9:45 am\";}s:66:\"https://cliqops.com/talent-acquisition-strategies-you-should-know/\";a:2:{s:4:\"date\";s:12:\"May 26, 2023\";s:4:\"time\";s:7:\"9:42 am\";}s:61:\"https://cliqops.com/best-practices-in-performance-management/\";a:2:{s:4:\"date\";s:12:\"May 26, 2023\";s:4:\"time\";s:7:\"9:36 am\";}s:61:\"https://cliqops.com/5-things-to-do-before-applying-for-a-job/\";a:2:{s:4:\"date\";s:12:\"May 26, 2023\";s:4:\"time\";s:7:\"9:19 am\";}}s:10:\"pagination\";a:2:{s:7:\"showing\";i:10;s:5:\"total\";i:10;}}','2024-03-15 12:42:47','2023-05-10 01:33:44','2024-02-14 12:42:47'),(312,'aioseo_sitemap_sitemap.xml.gz','a:3:{s:6:\"counts\";a:3:{s:36:\"https://cliqops.com/post-sitemap.xml\";i:5;s:36:\"https://cliqops.com/page-sitemap.xml\";i:5;s:40:\"https://cliqops.com/category-sitemap.xml\";i:5;}s:8:\"datetime\";a:3:{s:36:\"https://cliqops.com/post-sitemap.xml\";a:2:{s:4:\"date\";s:13:\"June 27, 2023\";s:4:\"time\";s:8:\"10:34 am\";}s:36:\"https://cliqops.com/page-sitemap.xml\";a:2:{s:4:\"date\";s:12:\"May 30, 2023\";s:4:\"time\";s:7:\"1:21 pm\";}s:40:\"https://cliqops.com/category-sitemap.xml\";a:2:{s:4:\"date\";s:13:\"June 27, 2023\";s:4:\"time\";s:8:\"10:34 am\";}}s:10:\"pagination\";a:2:{s:7:\"showing\";i:3;s:5:\"total\";i:3;}}','2024-03-15 07:12:07','2023-06-14 08:26:37','2024-02-14 07:12:07'),(2017,'aioseo_sitemap_post-sitemap.xml','a:3:{s:6:\"counts\";a:0:{}s:8:\"datetime\";a:5:{s:75:\"http://cliqops.com/8-ways-to-attract-hard-to-find-talent-for-your-business/\";a:2:{s:4:\"date\";s:13:\"June 27, 2023\";s:4:\"time\";s:8:\"10:34 am\";}s:62:\"http://cliqops.com/3-importance-of-talent-acquisition-process/\";a:2:{s:4:\"date\";s:12:\"May 26, 2023\";s:4:\"time\";s:7:\"9:45 am\";}s:65:\"http://cliqops.com/talent-acquisition-strategies-you-should-know/\";a:2:{s:4:\"date\";s:12:\"May 26, 2023\";s:4:\"time\";s:7:\"9:42 am\";}s:60:\"http://cliqops.com/best-practices-in-performance-management/\";a:2:{s:4:\"date\";s:12:\"May 26, 2023\";s:4:\"time\";s:7:\"9:36 am\";}s:60:\"http://cliqops.com/5-things-to-do-before-applying-for-a-job/\";a:2:{s:4:\"date\";s:12:\"May 26, 2023\";s:4:\"time\";s:7:\"9:19 am\";}}s:10:\"pagination\";a:2:{s:7:\"showing\";i:5;s:5:\"total\";i:5;}}','2024-03-15 00:25:51','2024-01-29 03:54:43','2024-02-14 00:25:51'),(2126,'admin_help_docs','s:73932:\"{\"categories\":{\"getting-started\":\"Getting Started\",\"advanced-settings\":\"Advanced Settings\",\"display-settings\":\"Display Settings\",\"general-seo-topics\":\"General SEO Topics\",\"feature-manager\":\"Feature Manager\",\"installation\":\"Installation\"},\"docs\":{\"279241\":{\"title\":\"How to Schedule a Redirect in All in One SEO\",\"url\":\"https:\\/\\/aioseo.com\\/docs\\/how-to-schedule-a-redirect-in-all-in-one-seo\\/\",\"categories\":[\"redirection-manager\"]},\"269732\":{\"title\":\"Displaying Detailed Author Information on Your Site\",\"url\":\"https:\\/\\/aioseo.com\\/docs\\/displaying-detailed-author-information-on-your-site\\/\",\"categories\":[\"author-seo\",\"content-blocks\"]},\"267254\":{\"title\":\"Adding Author SEO (E-E-A-T) to Your Site\",\"url\":\"https:\\/\\/aioseo.com\\/docs\\/adding-author-seo-e-e-a-t-to-your-site\\/\",\"categories\":[\"author-seo\"]},\"262344\":{\"title\":\"How to Get Your Images to Appear in Search Results\",\"url\":\"https:\\/\\/aioseo.com\\/docs\\/how-to-get-your-images-to-appear-in-search-results\\/\",\"categories\":[\"frequently-asked-questions\",\"general-seo-topics\",\"image-seo\"]},\"261932\":{\"title\":\"Sharing Content on Slack\",\"url\":\"https:\\/\\/aioseo.com\\/docs\\/sharing-content-on-slack\\/\",\"categories\":[\"social-networks\"]},\"261923\":{\"title\":\"Sharing Content on WhatsApp\",\"url\":\"https:\\/\\/aioseo.com\\/docs\\/sharing-content-on-whatsapp\\/\",\"categories\":[\"social-networks\"]},\"261517\":{\"title\":\"Importing Locations From Other Plugins\",\"url\":\"https:\\/\\/aioseo.com\\/docs\\/importing-locations-from-other-plugins\\/\",\"categories\":[\"importer-exporter\",\"local-business-seo\"]},\"244975\":{\"title\":\"Checking the Index Status of Content\",\"url\":\"https:\\/\\/aioseo.com\\/docs\\/checking-the-index-status-of-content\\/\",\"categories\":[\"post-page-settings\",\"search-statistics\"]},\"242346\":{\"title\":\"Using AIOSEO Details on the Posts Screen\",\"url\":\"https:\\/\\/aioseo.com\\/docs\\/using-aioseo-details-on-the-posts-screen\\/\",\"categories\":[\"category-tag-settings\",\"post-page-settings\"]},\"240583\":{\"title\":\"Setting WP_HOME and WP_SITEURL in the wp-config.php File\",\"url\":\"https:\\/\\/aioseo.com\\/docs\\/setting-wp_home-and-wp_siteurl-in-the-wp-config-php-file\\/\",\"categories\":[\"troubleshooting\"]},\"240452\":{\"title\":\"Should I Use Meta Keywords?\",\"url\":\"https:\\/\\/aioseo.com\\/docs\\/should-i-use-meta-keywords\\/\",\"categories\":[\"frequently-asked-questions\",\"general-seo-topics\"]},\"235044\":{\"title\":\"Setting Cornerstone Content in All in One SEO\",\"url\":\"https:\\/\\/aioseo.com\\/docs\\/cornerstone-content\\/\",\"categories\":[\"link-assistant\",\"post-page-settings\"]},\"222363\":{\"title\":\"aioseo_get_post_id\",\"url\":\"https:\\/\\/aioseo.com\\/docs\\/aioseo_get_post_id\\/\",\"categories\":[\"filter-hooks\"]},\"200603\":{\"title\":\"Viewing Detailed Search Statistics For Your Content\",\"url\":\"https:\\/\\/aioseo.com\\/docs\\/viewing-detailed-search-statistics-for-your-content\\/\",\"categories\":[\"search-statistics\"]},\"200304\":{\"title\":\"Tracking Changes to Your SEO Using SEO Revisions\",\"url\":\"https:\\/\\/aioseo.com\\/docs\\/tracking-changes-to-your-seo-using-seo-revisions\\/\",\"categories\":[\"seo-revisions\"]},\"188167\":{\"title\":\"WPCode Snippet Library\",\"url\":\"https:\\/\\/aioseo.com\\/docs\\/wpcode-snippet-library\\/\",\"categories\":[\"tools\"]},\"186946\":{\"title\":\"aioseo_hide_version_number\",\"url\":\"https:\\/\\/aioseo.com\\/docs\\/aioseo_hide_version_number\\/\",\"categories\":[\"filter-hooks\"]},\"178887\":{\"title\":\"Setting the Primary Term for Breadcrumbs\",\"url\":\"https:\\/\\/aioseo.com\\/docs\\/setting-the-primary-term-for-breadcrumbs\\/\",\"categories\":[\"breadcrumbs\"]},\"178727\":{\"title\":\"Using Broken Link Checker to Find and Fix Broken Links and Images\",\"url\":\"https:\\/\\/aioseo.com\\/docs\\/using-broken-link-checker-to-find-and-fix-broken-links-and-images\\/\",\"categories\":[\"broken-link-checker\"]},\"163922\":{\"title\":\"aioseo_schema_json_flags\",\"url\":\"https:\\/\\/aioseo.com\\/docs\\/aioseo_schema_json_flags\\/\",\"categories\":[\"developer-documentation\"]},\"163519\":{\"title\":\"Using OpenAI to Generate SEO Titles and Meta Descriptions\",\"url\":\"https:\\/\\/aioseo.com\\/docs\\/using-openai-to-generate-seo-titles-and-meta-descriptions\\/\",\"categories\":[]},\"145363\":{\"title\":\"Using the Search Statistics in All in One SEO\",\"url\":\"https:\\/\\/aioseo.com\\/docs\\/using-the-search-statistics-in-all-in-one-seo\\/\",\"categories\":[\"google-search-console\",\"search-statistics\"]},\"145281\":{\"title\":\"Connecting Search Statistics to Google Search Console\",\"url\":\"https:\\/\\/aioseo.com\\/docs\\/connecting-search-statistics-to-google-search-console\\/\",\"categories\":[\"google-search-console\",\"search-statistics\"]},\"139798\":{\"title\":\"Checking Your SEO Using the SEO Preview\",\"url\":\"https:\\/\\/aioseo.com\\/docs\\/checking-your-seo-using-the-seo-preview\\/\",\"categories\":[\"facebook-settings\",\"post-page-settings\",\"seo-preview\",\"truseo\",\"twitter-settings\"]},\"136509\":{\"title\":\"aioseo_sitemap_lastmod_disable\",\"url\":\"https:\\/\\/aioseo.com\\/docs\\/aioseo_sitemap_lastmod_disable\\/\",\"categories\":[\"filter-hooks\"]},\"135249\":{\"title\":\"aioseo_sitemap_rss\",\"url\":\"https:\\/\\/aioseo.com\\/docs\\/aioseo_sitemap_rss\\/\",\"categories\":[\"developer-documentation\"]},\"133251\":{\"title\":\"aioseo_user_profile_tab_disable\",\"url\":\"https:\\/\\/aioseo.com\\/docs\\/aioseo_user_profile_tab_disable\\/\",\"categories\":[\"filter-hooks\"]},\"131885\":{\"title\":\"Setting Web Page Schema Markup in Your Content\",\"url\":\"https:\\/\\/aioseo.com\\/docs\\/setting-web-page-schema-markup-in-your-content\\/\",\"categories\":[\"schema-settings\"]},\"129515\":{\"title\":\"Editing the .htaccess file Using All in One SEO\",\"url\":\"https:\\/\\/aioseo.com\\/docs\\/editing-the-htaccess-file-using-all-in-one-seo\\/\",\"categories\":[\"file-editor\",\"tools\"]},\"124292\":{\"title\":\"Using the Emojis in Titles and Descriptions\",\"url\":\"https:\\/\\/aioseo.com\\/docs\\/using-the-emojis-in-titles-and-descriptions\\/\",\"categories\":[\"facebook-settings\",\"post-page-settings\",\"search-appearance\",\"social-networks\",\"twitter-settings\"]},\"123164\":{\"title\":\"Google Permissions for the AIOSEO Google Search Console Integration\",\"url\":\"https:\\/\\/aioseo.com\\/docs\\/google-permissions-for-oauth\\/\",\"categories\":[\"google-search-console\",\"search-statistics\"]},\"112137\":{\"title\":\"Setting the Schema Type for Individual Content\",\"url\":\"https:\\/\\/aioseo.com\\/docs\\/setting-the-schema-type-for-individual-content\\/\",\"categories\":[\"schema-settings\"]},\"112145\":{\"title\":\"Configuring the Schema Settings in All in One SEO\",\"url\":\"https:\\/\\/aioseo.com\\/docs\\/configuring-the-schema-settings-in-all-in-one-seo\\/\",\"categories\":[\"schema-settings\"]},\"112153\":{\"title\":\"A Guide to Schema.org Markup for Rich Snippets\",\"url\":\"https:\\/\\/aioseo.com\\/docs\\/a-guide-to-schema-org-markup-for-rich-snippets\\/\",\"categories\":[\"schema-settings\"]},\"112438\":{\"title\":\"Creating Reusable Schema Templates in All in One SEO\",\"url\":\"https:\\/\\/aioseo.com\\/docs\\/creating-reusable-schema-templates-in-all-in-one-seo\\/\",\"categories\":[\"schema-settings\"]},\"112428\":{\"title\":\"Creating Custom Schema Markup with All in One SEO\",\"url\":\"https:\\/\\/aioseo.com\\/docs\\/creating-custom-schema-markup-with-all-in-one-seo\\/\",\"categories\":[\"schema-settings\"]},\"112889\":{\"title\":\"Setting Event Schema Markup in Your Content\",\"url\":\"https:\\/\\/aioseo.com\\/docs\\/setting-event-schema-markup-in-your-content\\/\",\"categories\":[\"schema-settings\"]},\"112735\":{\"title\":\"Setting Dataset Schema Markup in Your Content\",\"url\":\"https:\\/\\/aioseo.com\\/docs\\/setting-dataset-schema-markup-in-your-content\\/\",\"categories\":[\"schema-settings\"]},\"112711\":{\"title\":\"Setting Article Schema Markup in Your Content\",\"url\":\"https:\\/\\/aioseo.com\\/docs\\/setting-article-schema-markup-in-your-content\\/\",\"categories\":[\"schema-settings\"]},\"112164\":{\"title\":\"Setting Course Schema Markup in Your Content\",\"url\":\"https:\\/\\/aioseo.com\\/docs\\/setting-course-schema-markup-in-your-content\\/\",\"categories\":[\"schema-settings\"]},\"112933\":{\"title\":\"Setting Job Posting Schema Markup in Your Content\",\"url\":\"https:\\/\\/aioseo.com\\/docs\\/setting-job-posting-schema-markup-in-your-content\\/\",\"categories\":[\"schema-settings\"]},\"112926\":{\"title\":\"Setting How-To Schema Markup in Your Content\",\"url\":\"https:\\/\\/aioseo.com\\/docs\\/setting-how-to-schema-markup-in-your-content\\/\",\"categories\":[\"schema-settings\"]},\"112916\":{\"title\":\"Setting Fact Check Schema Markup in Your Content\",\"url\":\"https:\\/\\/aioseo.com\\/docs\\/setting-fact-check-schema-markup-in-your-content\\/\",\"categories\":[\"schema-settings\"]},\"112727\":{\"title\":\"Setting Book Schema Markup in Your Content\",\"url\":\"https:\\/\\/aioseo.com\\/docs\\/setting-book-schema-markup-in-your-content\\/\",\"categories\":[\"schema-settings\"]},\"112243\":{\"title\":\"Setting FAQ Schema Markup in Your Content\",\"url\":\"https:\\/\\/aioseo.com\\/docs\\/setting-faq-page-schema-markup-in-your-content\\/\",\"categories\":[\"schema-settings\"]},\"112958\":{\"title\":\"Setting Service Schema Markup in Your Content\",\"url\":\"https:\\/\\/aioseo.com\\/docs\\/setting-service-schema-markup-in-your-content\\/\",\"categories\":[\"schema-settings\"]},\"112949\":{\"title\":\"Setting Person Schema Markup in Your Content\",\"url\":\"https:\\/\\/aioseo.com\\/docs\\/setting-person-schema-markup-in-your-content\\/\",\"categories\":[\"schema-settings\"]},\"112944\":{\"title\":\"Setting Music Schema Markup in Your Content\",\"url\":\"https:\\/\\/aioseo.com\\/docs\\/setting-music-schema-markup-in-your-content\\/\",\"categories\":[\"schema-settings\"]},\"112941\":{\"title\":\"Setting Movie Schema Markup in Your Content\",\"url\":\"https:\\/\\/aioseo.com\\/docs\\/setting-movie-schema-markup-in-your-content\\/\",\"categories\":[\"schema-settings\"]},\"112212\":{\"title\":\"Setting Recipe Schema Markup in Your Content\",\"url\":\"https:\\/\\/aioseo.com\\/docs\\/setting-recipe-schema-markup-in-your-content\\/\",\"categories\":[\"schema-settings\"]},\"112962\":{\"title\":\"Setting Video Schema Markup in Your Content\",\"url\":\"https:\\/\\/aioseo.com\\/docs\\/setting-video-schema-markup-in-your-content\\/\",\"categories\":[\"schema-settings\"]},\"112403\":{\"title\":\"Testing Your Schema in All in One SEO\",\"url\":\"https:\\/\\/aioseo.com\\/docs\\/testing-your-schema-in-all-in-one-seo\\/\",\"categories\":[\"schema-settings\"]},\"112226\":{\"title\":\"Setting Software Application Schema Markup in Your Content\",\"url\":\"https:\\/\\/aioseo.com\\/docs\\/setting-software-application-schema-markup-in-your-content\\/\",\"categories\":[\"schema-settings\"]},\"112197\":{\"title\":\"Setting Product Schema Markup in Your Content\",\"url\":\"https:\\/\\/aioseo.com\\/docs\\/setting-product-schema-markup-in-your-content\\/\",\"categories\":[\"schema-settings\"]},\"119555\":{\"title\":\"How to Use the AIOSEO Feature Manager on a Multisite Network\",\"url\":\"https:\\/\\/aioseo.com\\/docs\\/how-to-use-the-aioseo-feature-manager-on-a-multisite-network\\/\",\"categories\":[\"feature-manager\",\"multisite-networks\"]},\"119550\":{\"title\":\"How to Reset the AIOSEO Site Settings on a Multisite Network\",\"url\":\"https:\\/\\/aioseo.com\\/docs\\/how-to-reset-the-aioseo-site-settings-on-a-multisite-network\\/\",\"categories\":[\"multisite-networks\",\"network-tools\"]},\"119543\":{\"title\":\"How to Backup and Restore AIOSEO Site Settings on a Multisite Network\",\"url\":\"https:\\/\\/aioseo.com\\/docs\\/how-to-backup-and-restore-aioseo-site-settings-on-a-multisite-network\\/\",\"categories\":[\"multisite-networks\",\"network-tools\"]},\"119531\":{\"title\":\"How to Import Settings from Other Plugins on a Multisite Network\",\"url\":\"https:\\/\\/aioseo.com\\/docs\\/how-to-import-settings-from-other-plugins-on-a-multisite-network\\/\",\"categories\":[\"multisite-networks\",\"network-tools\"]},\"119519\":{\"title\":\"How to Import and Export AIOSEO Settings and Meta Data on a Multisite Network\",\"url\":\"https:\\/\\/aioseo.com\\/docs\\/how-to-import-and-export-aioseo-settings-and-meta-data-on-a-multisite-network\\/\",\"categories\":[\"multisite-networks\",\"network-tools\"]},\"119497\":{\"title\":\"How to Add Your AIOSEO License Key on a WordPress Multisite Network\",\"url\":\"https:\\/\\/aioseo.com\\/docs\\/how-to-add-your-aioseo-license-key-on-a-wordpress-multisite-network\\/\",\"categories\":[\"multisite-networks\",\"network-settings\"]},\"111476\":{\"title\":\"Displaying a List of Locations on Your Site\",\"url\":\"https:\\/\\/aioseo.com\\/docs\\/displaying-a-list-of-locations-on-your-site\\/\",\"categories\":[\"content-blocks\",\"local-business-seo\"]},\"111473\":{\"title\":\"Displaying Your Business Location Information on Your Site\",\"url\":\"https:\\/\\/aioseo.com\\/docs\\/displaying-your-business-location-information-on-your-site\\/\",\"categories\":[\"content-blocks\",\"local-business-seo\"]},\"111459\":{\"title\":\"Displaying Opening Hours on Your Site\",\"url\":\"https:\\/\\/aioseo.com\\/docs\\/displaying-opening-hours-on-your-site\\/\",\"categories\":[\"content-blocks\",\"local-business-seo\"]},\"111455\":{\"title\":\"Adding a Map of Your Location to Your Site\",\"url\":\"https:\\/\\/aioseo.com\\/docs\\/adding-a-map-of-your-location-to-your-site\\/\",\"categories\":[\"content-blocks\",\"local-business-seo\"]},\"111450\":{\"title\":\"Adding Breadcrumbs to Your Site Using the AIOSEO Breadcrumbs Block\",\"url\":\"https:\\/\\/aioseo.com\\/docs\\/adding-breadcrumbs-to-your-site-using-the-aioseo-breadcrumbs-block\\/\",\"categories\":[\"breadcrumbs\",\"content-blocks\"]},\"109878\":{\"title\":\"Adding a Redirect When You Delete Content\",\"url\":\"https:\\/\\/aioseo.com\\/docs\\/adding-a-redirect-when-you-delete-content\\/\",\"categories\":[\"redirection-manager\"]},\"109829\":{\"title\":\"Redirecting 404 Content Not Found Using All in One SEO\",\"url\":\"https:\\/\\/aioseo.com\\/docs\\/redirecting-404-content-not-found-using-all-in-one-seo\\/\",\"categories\":[\"redirection-manager\"]},\"109916\":{\"title\":\"Using the Image SEO Features in All in One SEO\",\"url\":\"https:\\/\\/aioseo.com\\/docs\\/using-the-image-seo-features-in-all-in-one-seo\\/\",\"categories\":[\"image-seo\"]},\"104857\":{\"title\":\"Adding a Table of Contents to Your Site Using All in One SEO\",\"url\":\"https:\\/\\/aioseo.com\\/docs\\/adding-a-table-of-contents-to-your-site-using-all-in-one-seo\\/\",\"categories\":[\"content-blocks\"]},\"104616\":{\"title\":\"Adding FAQs to Your Site Using All in One SEO\",\"url\":\"https:\\/\\/aioseo.com\\/docs\\/adding-faqs-to-your-site-using-all-in-one-seo\\/\",\"categories\":[\"content-blocks\"]},\"104595\":{\"title\":\"Automatic Redirects When Changing the Post Slug\",\"url\":\"https:\\/\\/aioseo.com\\/docs\\/automatic-redirects-when-changing-the-post-slug\\/\",\"categories\":[\"redirection-manager\"]},\"103415\":{\"title\":\"Removing Published Date from Article Schema\",\"url\":\"https:\\/\\/aioseo.com\\/docs\\/removing-published-date-from-article-schema\\/\",\"categories\":[\"developer-documentation\"]},\"101250\":{\"title\":\"Outputting AIOSEO\'s data in the HEAD without using wp_head()\",\"url\":\"https:\\/\\/aioseo.com\\/docs\\/outputting-aioseos-data-in-the-head-without-using-wp_head\\/\",\"categories\":[\"developer-documentation\"]},\"100154\":{\"title\":\"Automatic Redirects When You Delete Content\",\"url\":\"https:\\/\\/aioseo.com\\/docs\\/automatic-redirects-when-you-delete-content\\/\",\"categories\":[\"redirection-manager\"]},\"98532\":{\"title\":\"Localizing AIOSEO Data via the Translations API\",\"url\":\"https:\\/\\/aioseo.com\\/docs\\/localizing-aioseo-data-via-the-translations-api\\/\",\"categories\":[\"developer-documentation\"]},\"98576\":{\"title\":\"aioseo_sitemap_term\",\"url\":\"https:\\/\\/aioseo.com\\/docs\\/aioseo_sitemap_term\\/\",\"categories\":[\"developer-documentation\"]},\"98575\":{\"title\":\"aioseo_sitemap_post\",\"url\":\"https:\\/\\/aioseo.com\\/docs\\/aioseo_sitemap_post\\/\",\"categories\":[\"developer-documentation\"]},\"98566\":{\"title\":\"aioseo_save_term\",\"url\":\"https:\\/\\/aioseo.com\\/docs\\/aioseo_save_term\\/\",\"categories\":[\"developer-documentation\"]},\"98565\":{\"title\":\"aioseo_save_post\",\"url\":\"https:\\/\\/aioseo.com\\/docs\\/aioseo_save_post\\/\",\"categories\":[\"developer-documentation\"]},\"98557\":{\"title\":\"aioseo_get_term\",\"url\":\"https:\\/\\/aioseo.com\\/docs\\/aioseo_get_term\\/\",\"categories\":[\"developer-documentation\"]},\"98554\":{\"title\":\"aioseo_get_post\",\"url\":\"https:\\/\\/aioseo.com\\/docs\\/aioseo_get_post\\/\",\"categories\":[\"developer-documentation\"]},\"93967\":{\"title\":\"Importing URLs into the XML Sitemap\",\"url\":\"https:\\/\\/aioseo.com\\/docs\\/importing-urls-into-the-xml-sitemap\\/\",\"categories\":[\"xml-sitemap\"]},\"93822\":{\"title\":\"How to Use Crawl Cleanup to Increase Search Engine Crawl Quota\",\"url\":\"https:\\/\\/aioseo.com\\/docs\\/crawl-cleanup-best-practices\\/\",\"categories\":[\"advanced-settings\"]},\"90584\":{\"title\":\"How to Add a Temporary Administrator Login to Your Site\",\"url\":\"https:\\/\\/aioseo.com\\/docs\\/how-to-add-a-temporary-administrator-login-to-your-site\\/\",\"categories\":[\"frequently-asked-questions\",\"troubleshooting\"]},\"88927\":{\"title\":\"Dashboard Widgets in All in One SEO\",\"url\":\"https:\\/\\/aioseo.com\\/docs\\/dashboard-widgets-in-all-in-one-seo\\/\",\"categories\":[\"dashboard\"]},\"86198\":{\"title\":\"How to Strip the Category Base in WordPress\",\"url\":\"https:\\/\\/aioseo.com\\/docs\\/how-to-strip-the-category-base-in-wordpress\\/\",\"categories\":[\"category-tag-settings\"]},\"84322\":{\"title\":\"Running shortcodes in All in One SEO\",\"url\":\"https:\\/\\/aioseo.com\\/docs\\/running-shortcodes\\/\",\"categories\":[\"advanced-settings\"]},\"84156\":{\"title\":\"Translating Your SEO with WPML\",\"url\":\"https:\\/\\/aioseo.com\\/docs\\/translating-your-seo-with-wpml\\/\",\"categories\":[\"post-page-settings\"]},\"80219\":{\"title\":\"How to Verify Your Site with Microsoft Clarity\",\"url\":\"https:\\/\\/aioseo.com\\/docs\\/how-to-verify-your-site-with-microsoft-clarity\\/\",\"categories\":[\"webmaster-tools\"]},\"79928\":{\"title\":\"How to Handle Issues With Installing All in One SEO Pro\",\"url\":\"https:\\/\\/aioseo.com\\/docs\\/how-to-handle-issues-with-installing-all-in-one-seo-pro\\/\",\"categories\":[\"installation\"]},\"79149\":{\"title\":\"Fetching &amp; Updating AIOSEO Data via the WordPress REST API\",\"url\":\"https:\\/\\/aioseo.com\\/docs\\/fetching-updating-aioseo-data-via-the-wordpress-rest-api\\/\",\"categories\":[\"developer-documentation\",\"rest-api\"]},\"77593\":{\"title\":\"How To Fix JavaScript Errors\",\"url\":\"https:\\/\\/aioseo.com\\/docs\\/how-to-fix-javascript-errors\\/\",\"categories\":[\"troubleshooting\"]},\"77589\":{\"title\":\"Browser Support Policy\",\"url\":\"https:\\/\\/aioseo.com\\/docs\\/browser-support-policy\\/\",\"categories\":[\"frequently-asked-questions\"]},\"75143\":{\"title\":\"How to Redirect a Post from the Edit Post Screen\",\"url\":\"https:\\/\\/aioseo.com\\/docs\\/how-to-redirect-a-post-from-the-edit-post-screen\\/\",\"categories\":[\"post-page-settings\",\"redirection-manager\"]},\"75686\":{\"title\":\"Preventing the Modified Date for Content from Changing\",\"url\":\"https:\\/\\/aioseo.com\\/docs\\/preventing-the-modified-date-for-content-from-changing\\/\",\"categories\":[\"post-page-settings\"]},\"73002\":{\"title\":\"Page Builder Integrations\",\"url\":\"https:\\/\\/aioseo.com\\/docs\\/page-builder-integrations\\/\",\"categories\":[\"home-page-settings\",\"post-page-settings\",\"third-party-integrations\",\"truseo\"]},\"73003\":{\"title\":\"Integrating with IndexNow to Instantly Re-index Your Content\",\"url\":\"https:\\/\\/aioseo.com\\/docs\\/integrating-with-indexnow-to-instantly-re-index-your-content\\/\",\"categories\":[\"indexnow\",\"webmaster-tools\"]},\"72711\":{\"title\":\"aioseo_page_builder_integration_disable\",\"url\":\"https:\\/\\/aioseo.com\\/docs\\/aioseo_page_builder_integration_disable\\/\",\"categories\":[\"filter-hooks\"]},\"68444\":{\"title\":\"An Introduction to Link Assistant \\u2014 The Easy Way to Manage Onsite Links\",\"url\":\"https:\\/\\/aioseo.com\\/docs\\/introduction-to-link-assistant\\/\",\"categories\":[\"link-assistant\"]},\"69559\":{\"title\":\"Using the Link Assistant in All in One SEO Pro\",\"url\":\"https:\\/\\/aioseo.com\\/docs\\/link-assistant\\/\",\"categories\":[\"link-assistant\"]},\"69594\":{\"title\":\"Internal Links in the Links Report in Link Assistant\",\"url\":\"https:\\/\\/aioseo.com\\/docs\\/internal-links-in-the-links-report-in-link-assistant\\/\",\"categories\":[\"link-assistant\"]},\"69596\":{\"title\":\"External Links in the Links Report in Link Assistant\",\"url\":\"https:\\/\\/aioseo.com\\/docs\\/external-links-in-the-links-report-in-link-assistant\\/\",\"categories\":[\"link-assistant\"]},\"69921\":{\"title\":\"Link Suggestions in the Links Report in Link Assistant\",\"url\":\"https:\\/\\/aioseo.com\\/docs\\/link-suggestions-in-the-links-report-in-link-assistant\\/\",\"categories\":[\"link-assistant\"]},\"69602\":{\"title\":\"Affiliate Links in the Links Report in Link Assistant\",\"url\":\"https:\\/\\/aioseo.com\\/docs\\/affiliate-links-in-the-links-report-in-link-assistant\\/\",\"categories\":[\"link-assistant\"]},\"69761\":{\"title\":\"Using the Domains Report in Link Assistant\",\"url\":\"https:\\/\\/aioseo.com\\/docs\\/using-the-domains-report-in-link-assistant\\/\",\"categories\":[\"link-assistant\"]},\"69770\":{\"title\":\"Link Assistant Settings\",\"url\":\"https:\\/\\/aioseo.com\\/docs\\/link-assistant-settings\\/\",\"categories\":[\"link-assistant\"]},\"68431\":{\"title\":\"aioseo_sitemap_images\",\"url\":\"https:\\/\\/aioseo.com\\/docs\\/aioseo_sitemap_images\\/\",\"categories\":[\"filter-hooks\"]},\"66833\":{\"title\":\"Why Is N\\/A Displayed Instead of a Score For My Content?\",\"url\":\"https:\\/\\/aioseo.com\\/docs\\/why-is-na-displayed-instead-of-a-score-for-my-content\\/\",\"categories\":[\"frequently-asked-questions\",\"truseo\"]},\"18824\":{\"title\":\"Local Business SEO for a Single Location\",\"url\":\"https:\\/\\/aioseo.com\\/docs\\/local-business-seo-for-a-single-location\\/\",\"categories\":[\"local-business-seo\",\"schema-settings\"]},\"35828\":{\"title\":\"Local Business SEO for Multiple Locations\",\"url\":\"https:\\/\\/aioseo.com\\/docs\\/local-business-seo-for-multiple-locations\\/\",\"categories\":[\"local-business-seo\"]},\"58476\":{\"title\":\"aioseo_public_taxonomies\",\"url\":\"https:\\/\\/aioseo.com\\/docs\\/aioseo_public_taxonomies\\/\",\"categories\":[\"filter-hooks\"]},\"58475\":{\"title\":\"aioseo_public_post_types\",\"url\":\"https:\\/\\/aioseo.com\\/docs\\/aioseo_public_post_types\\/\",\"categories\":[\"filter-hooks\"]},\"64776\":{\"title\":\"How Long Does it Take For My Content to Appear on Google?\",\"url\":\"https:\\/\\/aioseo.com\\/docs\\/how-long-does-it-take-for-my-content-to-appear-on-google\\/\",\"categories\":[\"frequently-asked-questions\"]},\"35926\":{\"title\":\"Adding a Location in Local SEO Addon\",\"url\":\"https:\\/\\/aioseo.com\\/docs\\/adding-a-location-in-local-seo-addon\\/\",\"categories\":[\"local-business-seo\"]},\"61020\":{\"title\":\"How to Display a Favicon in Search Results\",\"url\":\"https:\\/\\/aioseo.com\\/docs\\/how-to-display-a-favicon-in-search-results\\/\",\"categories\":[\"frequently-asked-questions\",\"general-seo-topics\"]},\"35956\":{\"title\":\"Displaying Locations on Your Site\",\"url\":\"https:\\/\\/aioseo.com\\/docs\\/displaying-locations-on-your-site\\/\",\"categories\":[\"local-business-seo\"]},\"56330\":{\"title\":\"aioseo_sitemap_indexes\",\"url\":\"https:\\/\\/aioseo.com\\/docs\\/aioseo_sitemap_indexes\\/\",\"categories\":[\"filter-hooks\"]},\"56011\":{\"title\":\"Redirect Manager - Configuration Reload\",\"url\":\"https:\\/\\/aioseo.com\\/docs\\/redirect-manager-configuration-reload\\/\",\"categories\":[\"redirection-manager\"]},\"52689\":{\"title\":\"aioseo_flyout_menu_enable\",\"url\":\"https:\\/\\/aioseo.com\\/docs\\/aioseo_flyout_menu_disable\\/\",\"categories\":[\"filter-hooks\"]},\"45698\":{\"title\":\"Displaying your Business Information and Star Ratings on a Map\",\"url\":\"https:\\/\\/aioseo.com\\/docs\\/using-places-on-your-maps\\/\",\"categories\":[\"local-business-seo\"]},\"49268\":{\"title\":\"aioseo_access_control_excluded_roles\",\"url\":\"https:\\/\\/aioseo.com\\/docs\\/aioseo_access_control_excluded_roles\\/\",\"categories\":[\"filter-hooks\"]},\"44555\":{\"title\":\"Setting up Google Maps for Local SEO\",\"url\":\"https:\\/\\/aioseo.com\\/docs\\/setting-up-google-maps\\/\",\"categories\":[\"local-business-seo\"]},\"48189\":{\"title\":\"How to Create an HTML Sitemap\",\"url\":\"https:\\/\\/aioseo.com\\/docs\\/html-sitemap\\/\",\"categories\":[\"html-sitemap\"]},\"48365\":{\"title\":\"Using a Widget to Display Your HTML Sitemap\",\"url\":\"https:\\/\\/aioseo.com\\/docs\\/using-a-widget-to-display-your-html-sitemap\\/\",\"categories\":[\"html-sitemap\"]},\"48361\":{\"title\":\"Using PHP Code to Display Your HTML Sitemap\",\"url\":\"https:\\/\\/aioseo.com\\/docs\\/function-html-sitemap\\/\",\"categories\":[\"html-sitemap\"]},\"48260\":{\"title\":\"Using a Block to Display Your HTML Sitemap\",\"url\":\"https:\\/\\/aioseo.com\\/docs\\/using-a-block-to-display-your-html-sitemap\\/\",\"categories\":[\"content-blocks\",\"html-sitemap\"]},\"48222\":{\"title\":\"aioseo_breadcrumbs_separator_symbol\",\"url\":\"https:\\/\\/aioseo.com\\/docs\\/aioseo_breadcrumbs_separator_symbol\\/\",\"categories\":[\"filter-hooks\"]},\"48227\":{\"title\":\"aioseo_breadcrumbs_template\",\"url\":\"https:\\/\\/aioseo.com\\/docs\\/aioseo_breadcrumbs_template\\/\",\"categories\":[\"filter-hooks\"]},\"48231\":{\"title\":\"aioseo_breadcrumbs_trail\",\"url\":\"https:\\/\\/aioseo.com\\/docs\\/aioseo_breadcrumbs_trail\\/\",\"categories\":[\"filter-hooks\"]},\"48232\":{\"title\":\"aioseo_breadcrumbs_link_current_item\",\"url\":\"https:\\/\\/aioseo.com\\/docs\\/aioseo_breadcrumbs_link_current_item\\/\",\"categories\":[\"filter-hooks\"]},\"48233\":{\"title\":\"aioseo_breadcrumbs_show_current_item\",\"url\":\"https:\\/\\/aioseo.com\\/docs\\/aioseo_breadcrumbs_show_current_item\\/\",\"categories\":[\"filter-hooks\"]},\"48219\":{\"title\":\"aioseo_breadcrumbs_output\",\"url\":\"https:\\/\\/aioseo.com\\/docs\\/aioseo_breadcrumbs_output\\/\",\"categories\":[\"filter-hooks\"]},\"48223\":{\"title\":\"aioseo_breadcrumbs_separator\",\"url\":\"https:\\/\\/aioseo.com\\/docs\\/aioseo_breadcrumbs_separator\\/\",\"categories\":[\"filter-hooks\"]},\"48238\":{\"title\":\"Using a Shortcode to Display Your HTML Sitemap\",\"url\":\"https:\\/\\/aioseo.com\\/docs\\/shortcode-html-sitemap\\/\",\"categories\":[\"html-sitemap\"]},\"45805\":{\"title\":\"aioseo_sitemap_exclude_terms\",\"url\":\"https:\\/\\/aioseo.com\\/docs\\/aioseo_sitemap_exclude_terms\\/\",\"categories\":[\"filter-hooks\"]},\"45804\":{\"title\":\"aioseo_sitemap_exclude_posts\",\"url\":\"https:\\/\\/aioseo.com\\/docs\\/aioseo_sitemap_exclude_posts\\/\",\"categories\":[\"filter-hooks\"]},\"61002\":{\"title\":\"How to Create a Google Maps API Key\",\"url\":\"https:\\/\\/aioseo.com\\/docs\\/how-to-create-a-google-maps-api-key\\/\",\"categories\":[\"local-business-seo\"]},\"45528\":{\"title\":\"aioseo_schema_output\",\"url\":\"https:\\/\\/aioseo.com\\/docs\\/aioseo_schema_output\\/\",\"categories\":[\"filter-hooks\"]},\"42995\":{\"title\":\"Using the Headline Analyzer in All in One SEO\",\"url\":\"https:\\/\\/aioseo.com\\/docs\\/using-the-headline-analyzer-in-all-in-one-seo\\/\",\"categories\":[\"headline-analyzer\"]},\"42683\":{\"title\":\"How to Perform a Full Site Redirect\",\"url\":\"https:\\/\\/aioseo.com\\/docs\\/full-site-redirects\\/\",\"categories\":[\"redirection-manager\"]},\"50988\":{\"title\":\"Displaying Maps on Your Site\",\"url\":\"https:\\/\\/aioseo.com\\/docs\\/displaying-maps-on-your-site\\/\",\"categories\":[\"local-business-seo\"]},\"42999\":{\"title\":\"How to Disable the Headline Analyzer\",\"url\":\"https:\\/\\/aioseo.com\\/docs\\/how-to-disable-the-headline-analyzer\\/\",\"categories\":[\"advanced-settings\",\"headline-analyzer\"]},\"42975\":{\"title\":\"Installing Addons for All in One SEO Pro\",\"url\":\"https:\\/\\/aioseo.com\\/docs\\/installing-addons-for-all-in-one-seo-pro\\/\",\"categories\":[\"installation\"]},\"42854\":{\"title\":\"Creating a Pass Through Redirect\",\"url\":\"https:\\/\\/aioseo.com\\/docs\\/creating-a-pass-through-redirect\\/\",\"categories\":[\"redirection-manager\"]},\"41800\":{\"title\":\"Using Custom Rules in the Redirection Manager\",\"url\":\"https:\\/\\/aioseo.com\\/docs\\/redirection-manager-custom-rules\\/\",\"categories\":[\"redirection-manager\"]},\"42224\":{\"title\":\"Resetting the Settings in All in One SEO\",\"url\":\"https:\\/\\/aioseo.com\\/docs\\/resetting-the-settings-in-all-in-one-seo\\/\",\"categories\":[\"database-tools\",\"tools\"]},\"41884\":{\"title\":\"Setting the Site Name for Facebook\",\"url\":\"https:\\/\\/aioseo.com\\/docs\\/setting-the-site-name-for-facebook\\/\",\"categories\":[\"facebook-settings\",\"social-networks\"]},\"41862\":{\"title\":\"How to Get Google to Display the Sitelinks Search Box\",\"url\":\"https:\\/\\/aioseo.com\\/docs\\/how-to-get-google-to-display-the-sitelinks-search-box\\/\",\"categories\":[\"schema-settings\"]},\"41851\":{\"title\":\"Setting the SEO Title and Description Format for the Search Results Page\",\"url\":\"https:\\/\\/aioseo.com\\/docs\\/setting-the-seo-title-and-description-format-for-the-search-results-page\\/\",\"categories\":[\"content-type-settings\",\"search-appearance\"]},\"41811\":{\"title\":\"SEO Analysis Unable to Connect to Your Site\",\"url\":\"https:\\/\\/aioseo.com\\/docs\\/seo-analysis-unable-to-connect-to-your-site\\/\",\"categories\":[\"seo-analysis\",\"troubleshooting\"]},\"41280\":{\"title\":\"How to Renew Your AIOSEO License\",\"url\":\"https:\\/\\/aioseo.com\\/docs\\/how-to-renew-your-aioseo-license\\/\",\"categories\":[\"frequently-asked-questions\",\"getting-started\"]},\"41077\":{\"title\":\"Update WordPress: WordPress Versions Supported by AIOSEO\",\"url\":\"https:\\/\\/aioseo.com\\/docs\\/update-wordpress\\/\",\"categories\":[\"troubleshooting\"]},\"40587\":{\"title\":\"How to Open the Browser Error Console\",\"url\":\"https:\\/\\/aioseo.com\\/docs\\/how-to-open-the-browser-error-console\\/\",\"categories\":[\"troubleshooting\"]},\"40582\":{\"title\":\"How to Enable Debugging in WordPress\",\"url\":\"https:\\/\\/aioseo.com\\/docs\\/how-to-enable-debugging-in-wordpress\\/\",\"categories\":[\"troubleshooting\"]},\"40148\":{\"title\":\"What is TruSEO?\",\"url\":\"https:\\/\\/aioseo.com\\/docs\\/what-is-truseo\\/\",\"categories\":[\"frequently-asked-questions\",\"truseo\"]},\"39494\":{\"title\":\"Redirecting Attachment Pages\",\"url\":\"https:\\/\\/aioseo.com\\/docs\\/redirecting-attachment-pages\\/\",\"categories\":[\"media-settings\",\"search-appearance\"]},\"66310\":{\"title\":\"Selecting the Google Maps APIs to use with All in One SEO\",\"url\":\"https:\\/\\/aioseo.com\\/docs\\/selecting-the-google-maps-apis-to-use-with-all-in-one-seo\\/\",\"categories\":[\"local-business-seo\"]},\"38915\":{\"title\":\"Setting Up and Using Breadcrumbs Templates\",\"url\":\"https:\\/\\/aioseo.com\\/docs\\/setting-up-and-using-breadcrumbs-templates\\/\",\"categories\":[\"breadcrumbs\"]},\"38610\":{\"title\":\"Displaying Breadcrumbs On Your Site\",\"url\":\"https:\\/\\/aioseo.com\\/docs\\/displaying-breadcrumbs-on-your-site\\/\",\"categories\":[\"breadcrumbs\"]},\"36048\":{\"title\":\"Function: aioseo_breadcrumbs()\",\"url\":\"https:\\/\\/aioseo.com\\/docs\\/function-aioseo_breadcrumbs\\/\",\"categories\":[\"breadcrumbs\"]},\"36047\":{\"title\":\"Shortcode: [aioseo_breadcrumbs]\",\"url\":\"https:\\/\\/aioseo.com\\/docs\\/shortcode-aioseo_breadcrumbs\\/\",\"categories\":[\"breadcrumbs\"]},\"38240\":{\"title\":\"aioseo_social_image_ignore_cover_block\",\"url\":\"https:\\/\\/aioseo.com\\/docs\\/aioseo_social_image_ignore_cover_block\\/\",\"categories\":[\"filter-hooks\"]},\"37961\":{\"title\":\"aioseo_classic_editor_disable_emoji_script\",\"url\":\"https:\\/\\/aioseo.com\\/docs\\/aioseo_classic_editor_disable_emoji_script\\/\",\"categories\":[\"filter-hooks\"]},\"34923\":{\"title\":\"How to Redirect a Post or Page in All in One SEO\",\"url\":\"https:\\/\\/aioseo.com\\/docs\\/how-to-redirect-a-post-or-page-in-all-in-one-seo\\/\",\"categories\":[\"redirection-manager\"]},\"34977\":{\"title\":\"How to Redirect Multiple URLs to the Same Destination\",\"url\":\"https:\\/\\/aioseo.com\\/docs\\/how-to-redirect-multiple-urls-to-the-same-destination\\/\",\"categories\":[\"redirection-manager\"]},\"35604\":{\"title\":\"Automatic Redirects When URLs Change in Content\",\"url\":\"https:\\/\\/aioseo.com\\/docs\\/automatic-redirects-when-urls-change-in-content\\/\",\"categories\":[\"redirection-manager\"]},\"31460\":{\"title\":\"Enhanced Search Query Conflict\",\"url\":\"https:\\/\\/aioseo.com\\/docs\\/enhanced-search-query-conflict\\/\",\"categories\":[\"local-business-seo\"]},\"30850\":{\"title\":\"aioseo_local_business_info_email_icon\",\"url\":\"https:\\/\\/aioseo.com\\/docs\\/aioseo_local_business_info_email_icon\\/\",\"categories\":[\"filter-hooks\"]},\"30839\":{\"title\":\"aioseo_local_business_info_location_icon\",\"url\":\"https:\\/\\/aioseo.com\\/docs\\/aioseo_local_business_info_location_icon\\/\",\"categories\":[\"filter-hooks\"]},\"30756\":{\"title\":\"aioseo_local_business_get_locations_by_category_posts\",\"url\":\"https:\\/\\/aioseo.com\\/docs\\/aioseo_local_business_get_locations_by_category_posts\\/\",\"categories\":[\"filter-hooks\"]},\"30755\":{\"title\":\"aioseo_local_business_get_locations_by_category_args\",\"url\":\"https:\\/\\/aioseo.com\\/docs\\/aioseo_local_business_get_locations_by_category_args\\/\",\"categories\":[\"filter-hooks\"]},\"30754\":{\"title\":\"aioseo_local_business_get_location_categories\",\"url\":\"https:\\/\\/aioseo.com\\/docs\\/aioseo_local_business_get_location_categories\\/\",\"categories\":[\"filter-hooks\"]},\"30751\":{\"title\":\"aioseo_local_business_get_locations_posts\",\"url\":\"https:\\/\\/aioseo.com\\/docs\\/aioseo_local_business_get_locations_posts\\/\",\"categories\":[\"filter-hooks\"]},\"30753\":{\"title\":\"aioseo_local_business_get_location_category_args\",\"url\":\"https:\\/\\/aioseo.com\\/docs\\/aioseo_local_business_get_location_category_args\\/\",\"categories\":[\"filter-hooks\"]},\"30759\":{\"title\":\"aioseo_local_business_output_business_info_instance\",\"url\":\"https:\\/\\/aioseo.com\\/docs\\/aioseo_local_business_output_business_info_instance\\/\",\"categories\":[\"filter-hooks\"]},\"30760\":{\"title\":\"aioseo_local_business_output_business_info_location_data\",\"url\":\"https:\\/\\/aioseo.com\\/docs\\/aioseo_local_business_output_business_info_location_data\\/\",\"categories\":[\"filter-hooks\"]},\"30761\":{\"title\":\"aioseo_local_business_output_location_category_instance\",\"url\":\"https:\\/\\/aioseo.com\\/docs\\/aioseo_local_business_output_location_category_instance\\/\",\"categories\":[\"filter-hooks\"]},\"30764\":{\"title\":\"aioseo_local_business_output_location_category_location_data\",\"url\":\"https:\\/\\/aioseo.com\\/docs\\/aioseo_local_business_output_location_category_location_data\\/\",\"categories\":[\"filter-hooks\"]},\"30765\":{\"title\":\"aioseo_local_business_output_opening_hours_instance\",\"url\":\"https:\\/\\/aioseo.com\\/docs\\/aioseo_local_business_output_opening_hours_instance\\/\",\"categories\":[\"filter-hooks\"]},\"30766\":{\"title\":\"aioseo_local_business_output_opening_hours_data\",\"url\":\"https:\\/\\/aioseo.com\\/docs\\/aioseo_local_business_output_opening_hours_data\\/\",\"categories\":[\"filter-hooks\"]},\"30849\":{\"title\":\"aioseo_local_business_info_phone_icon\",\"url\":\"https:\\/\\/aioseo.com\\/docs\\/aioseo_local_business_info_phone_icon\\/\",\"categories\":[\"filter-hooks\"]},\"30851\":{\"title\":\"aioseo_local_business_opening_hours_icon\",\"url\":\"https:\\/\\/aioseo.com\\/docs\\/aioseo_local_business_opening_hours_icon\\/\",\"categories\":[\"filter-hooks\"]},\"30398\":{\"title\":\"aioseo_local_business_post_type_name\",\"url\":\"https:\\/\\/aioseo.com\\/docs\\/aioseo_local_business_post_type_name\\/\",\"categories\":[\"filter-hooks\"]},\"30551\":{\"title\":\"aioseo_local_business_post_type_slug\",\"url\":\"https:\\/\\/aioseo.com\\/docs\\/aioseo_local_business_post_type_slug\\/\",\"categories\":[\"filter-hooks\"]},\"30556\":{\"title\":\"aioseo_local_business_post_type_single_label\",\"url\":\"https:\\/\\/aioseo.com\\/docs\\/aioseo_local_business_post_type_single_label\\/\",\"categories\":[\"filter-hooks\"]},\"30559\":{\"title\":\"aioseo_local_business_post_type_plural_label\",\"url\":\"https:\\/\\/aioseo.com\\/docs\\/aioseo_local_business_post_type_plural_label\\/\",\"categories\":[\"filter-hooks\"]},\"30560\":{\"title\":\"aioseo_local_business_post_type\",\"url\":\"https:\\/\\/aioseo.com\\/docs\\/aioseo_local_business_post_type\\/\",\"categories\":[\"filter-hooks\"]},\"30563\":{\"title\":\"aioseo_local_business_taxonomy_name\",\"url\":\"https:\\/\\/aioseo.com\\/docs\\/aioseo_local_business_taxonomy_name\\/\",\"categories\":[\"filter-hooks\"]},\"30564\":{\"title\":\"aioseo_local_business_taxonomy_slug\",\"url\":\"https:\\/\\/aioseo.com\\/docs\\/aioseo_local_business_taxonomy_slug\\/\",\"categories\":[\"filter-hooks\"]},\"35609\":{\"title\":\"Choosing Which Redirect Type to Use\",\"url\":\"https:\\/\\/aioseo.com\\/docs\\/choosing-which-redirect-type-to-use\\/\",\"categories\":[\"redirection-manager\"]},\"35599\":{\"title\":\"Importing Redirects From Other Plugins\",\"url\":\"https:\\/\\/aioseo.com\\/docs\\/importing-redirects-from-other-plugins\\/\",\"categories\":[\"redirection-manager\"]},\"35588\":{\"title\":\"Exporting and Importing Redirects\",\"url\":\"https:\\/\\/aioseo.com\\/docs\\/exporting-and-importing-redirects\\/\",\"categories\":[\"redirection-manager\"]},\"35579\":{\"title\":\"Logging 404 Errors in All in One SEO\",\"url\":\"https:\\/\\/aioseo.com\\/docs\\/logging-404-errors-in-all-in-one-seo\\/\",\"categories\":[\"redirection-manager\"]},\"35552\":{\"title\":\"Logging Redirects in All in One SEO\",\"url\":\"https:\\/\\/aioseo.com\\/docs\\/logging-redirects-in-all-in-one-seo\\/\",\"categories\":[\"redirection-manager\"]},\"35570\":{\"title\":\"Redirect GDPR Privacy Information\",\"url\":\"https:\\/\\/aioseo.com\\/docs\\/redirect-gdpr-privacy-information\\/\",\"categories\":[\"redirection-manager\"]},\"30863\":{\"title\":\"Local Business SEO - Template overrides\",\"url\":\"https:\\/\\/aioseo.com\\/docs\\/local-business-seo-template-overrides\\/\",\"categories\":[\"local-business-seo\"]},\"35133\":{\"title\":\"aioseo_twitter_tags\",\"url\":\"https:\\/\\/aioseo.com\\/docs\\/aioseo_twitter_tags\\/\",\"categories\":[\"filter-hooks\"]},\"35132\":{\"title\":\"aioseo_facebook_tags\",\"url\":\"https:\\/\\/aioseo.com\\/docs\\/aioseo_facebook_tags\\/\",\"categories\":[\"filter-hooks\"]},\"34993\":{\"title\":\"Ignoring Case Sensitivity in Redirects\",\"url\":\"https:\\/\\/aioseo.com\\/docs\\/ignoring-case-sensitivity-in-redirects\\/\",\"categories\":[\"redirection-manager\"]},\"34983\":{\"title\":\"Ignoring the Trailing Slash in Redirects\",\"url\":\"https:\\/\\/aioseo.com\\/docs\\/ignoring-the-trailing-slash-in-redirects\\/\",\"categories\":[\"redirection-manager\"]},\"36104\":{\"title\":\"Using Query Parameters With Redirects\",\"url\":\"https:\\/\\/aioseo.com\\/docs\\/using-query-parameters-with-redirects\\/\",\"categories\":[\"redirection-manager\"]},\"30565\":{\"title\":\"aioseo_local_business_taxonomy\",\"url\":\"https:\\/\\/aioseo.com\\/docs\\/aioseo_local_business_taxonomy\\/\",\"categories\":[\"filter-hooks\"]},\"36115\":{\"title\":\"Caching of Redirects in the Browser\",\"url\":\"https:\\/\\/aioseo.com\\/docs\\/caching-of-redirects-in-the-browser\\/\",\"categories\":[\"redirection-manager\"]},\"34701\":{\"title\":\"Adding WooCommerce Product Attributes to SEO Title or Description\",\"url\":\"https:\\/\\/aioseo.com\\/docs\\/adding-woocommerce-product-attributes-to-seo-title-or-description\\/\",\"categories\":[\"post-page-settings\",\"search-appearance\",\"woocommerce\"]},\"36111\":{\"title\":\"Selecting the Redirect Method in Redirects\",\"url\":\"https:\\/\\/aioseo.com\\/docs\\/selecting-the-redirect-method-in-redirects\\/\",\"categories\":[\"redirection-manager\"]},\"40115\":{\"title\":\"Redirect Manager Cannot Detect Your Server\",\"url\":\"https:\\/\\/aioseo.com\\/docs\\/redirect-manager-unknown-web-server\\/\",\"categories\":[\"redirection-manager\"]},\"36369\":{\"title\":\"Using Regex in the Redirection Manager\",\"url\":\"https:\\/\\/aioseo.com\\/docs\\/redirect-manager-regex\\/\",\"categories\":[\"redirection-manager\"]},\"31442\":{\"title\":\"Shortcode: [aioseo_local_opening_hours]\",\"url\":\"https:\\/\\/aioseo.com\\/docs\\/shortcode-aioseo_local_opening_hours\\/\",\"categories\":[\"local-business-seo\"]},\"31443\":{\"title\":\"Shortcode: [aioseo_local_locations]\",\"url\":\"https:\\/\\/aioseo.com\\/docs\\/shortcode-aioseo_local_locations\\/\",\"categories\":[\"local-business-seo\"]},\"34179\":{\"title\":\"Using the Smart Tags in Titles and Descriptions\",\"url\":\"https:\\/\\/aioseo.com\\/docs\\/using-the-smart-tags-in-titles-and-descriptions\\/\",\"categories\":[\"post-page-settings\",\"search-appearance\"]},\"31441\":{\"title\":\"Shortcode: [aioseo_local_business_info]\",\"url\":\"https:\\/\\/aioseo.com\\/docs\\/shortcode-aioseo_local_business_info\\/\",\"categories\":[\"local-business-seo\"]},\"46122\":{\"title\":\"Shortcode: [aioseo_local_map]\",\"url\":\"https:\\/\\/aioseo.com\\/docs\\/shortcode-aioseo_local_map\\/\",\"categories\":[\"local-business-seo\"]},\"33507\":{\"title\":\"What\'s The Difference Between TruSEO and Page Analysis?\",\"url\":\"https:\\/\\/aioseo.com\\/docs\\/whats-the-difference-between-truseo-and-page-analysis\\/\",\"categories\":[\"frequently-asked-questions\",\"post-page-settings\",\"truseo\"]},\"33310\":{\"title\":\"Setting Noindex for RSS Feeds\",\"url\":\"https:\\/\\/aioseo.com\\/docs\\/setting-noindex-for-rss-feeds\\/\",\"categories\":[\"advanced-settings\",\"search-appearance\"]},\"33130\":{\"title\":\"aioseo_disable_shortcode_parsing\",\"url\":\"https:\\/\\/aioseo.com\\/docs\\/aioseo_disable_shortcode_parsing\\/\",\"categories\":[\"filter-hooks\"]},\"32085\":{\"title\":\"aioseo_conflicting_shortcodes\",\"url\":\"https:\\/\\/aioseo.com\\/docs\\/aioseo_conflicting_shortcodes\\/\",\"categories\":[\"filter-hooks\"]},\"31992\":{\"title\":\"aioseo_schema_graphs\",\"url\":\"https:\\/\\/aioseo.com\\/docs\\/aioseo_schema_graphs\\/\",\"categories\":[\"filter-hooks\"]},\"31589\":{\"title\":\"Understanding the TruSEO Page Analysis Recommendations\",\"url\":\"https:\\/\\/aioseo.com\\/docs\\/understanding-the-truseo-page-analysis-recommendations\\/\",\"categories\":[\"post-page-settings\",\"truseo\"]},\"31456\":{\"title\":\"Function: aioseo_local_locations()\",\"url\":\"https:\\/\\/aioseo.com\\/docs\\/function-aioseo_local_locations\\/\",\"categories\":[\"local-business-seo\"]},\"31455\":{\"title\":\"Function: aioseo_local_opening_hours()\",\"url\":\"https:\\/\\/aioseo.com\\/docs\\/function-aioseo_local_opening_hours\\/\",\"categories\":[\"local-business-seo\"]},\"31451\":{\"title\":\"Function: aioseo_local_business_info()\",\"url\":\"https:\\/\\/aioseo.com\\/docs\\/function-aioseo_local_business_info\\/\",\"categories\":[\"local-business-seo\"]},\"46123\":{\"title\":\"Function: aioseo_local_map()\",\"url\":\"https:\\/\\/aioseo.com\\/docs\\/function-aioseo_local_map\\/\",\"categories\":[\"local-business-seo\"]},\"31042\":{\"title\":\"Getting Keyphrase Suggestions From Semrush\",\"url\":\"https:\\/\\/aioseo.com\\/docs\\/getting-keyphrase-suggestions-from-semrush\\/\",\"categories\":[\"post-page-settings\",\"truseo\"]},\"30773\":{\"title\":\"aioseo_local_business_address_tag_value\",\"url\":\"https:\\/\\/aioseo.com\\/docs\\/aioseo_local_business_address_tag_value\\/\",\"categories\":[\"filter-hooks\"]},\"30770\":{\"title\":\"aioseo_local_business_address_tags\",\"url\":\"https:\\/\\/aioseo.com\\/docs\\/aioseo_local_business_address_tags\\/\",\"categories\":[\"filter-hooks\"]},\"30567\":{\"title\":\"aioseo_local_business_get_locations_args\",\"url\":\"https:\\/\\/aioseo.com\\/docs\\/aioseo_local_business_get_locations_args\\/\",\"categories\":[\"filter-hooks\"]},\"30752\":{\"title\":\"aioseo_local_business_get_location\",\"url\":\"https:\\/\\/aioseo.com\\/docs\\/aioseo_local_business_get_location\\/\",\"categories\":[\"filter-hooks\"]},\"30728\":{\"title\":\"Unable to Save Settings Due to Cloudflare Firewall Rules\",\"url\":\"https:\\/\\/aioseo.com\\/docs\\/unable-to-save-settings-due-to-cloudflare-firewall-rules\\/\",\"categories\":[\"troubleshooting\"]},\"30318\":{\"title\":\"aioseo_flush_output_buffer\",\"url\":\"https:\\/\\/aioseo.com\\/docs\\/aioseo_flush_output_buffer\\/\",\"categories\":[\"filter-hooks\"]},\"18813\":{\"title\":\"Installing All in One SEO Pro\",\"url\":\"https:\\/\\/aioseo.com\\/docs\\/installing-all-in-one-seo-pro\\/\",\"categories\":[\"getting-started\",\"installation\"]},\"18973\":{\"title\":\"Beginners Guide for All in One SEO\",\"url\":\"https:\\/\\/aioseo.com\\/docs\\/quick-start-guide\\/\",\"categories\":[\"getting-started\"]},\"18820\":{\"title\":\"Setting the SEO Title and Description for Your Content\",\"url\":\"https:\\/\\/aioseo.com\\/docs\\/setting-the-seo-title-and-description-for-your-content\\/\",\"categories\":[\"getting-started\",\"post-page-settings\"]},\"18902\":{\"title\":\"How to Create an XML Sitemap\",\"url\":\"https:\\/\\/aioseo.com\\/docs\\/how-to-create-an-xml-sitemap\\/\",\"categories\":[\"getting-started\",\"xml-sitemap\"]},\"18859\":{\"title\":\"Beginners Guide to Social Networks Settings for Facebook\",\"url\":\"https:\\/\\/aioseo.com\\/docs\\/beginners-guide-to-social-networks-settings-for-facebook\\/\",\"categories\":[\"facebook-settings\",\"getting-started\",\"social-networks\"]},\"18857\":{\"title\":\"Beginners Guide to Social Networks Settings for Twitter\",\"url\":\"https:\\/\\/aioseo.com\\/docs\\/beginners-guide-to-social-networks-settings-for-twitter\\/\",\"categories\":[\"getting-started\",\"social-networks\",\"twitter-settings\"]},\"29991\":{\"title\":\"aioseo_disable_link_format\",\"url\":\"https:\\/\\/aioseo.com\\/docs\\/aioseo_disable_link_format\\/\",\"categories\":[\"filter-hooks\"]},\"27841\":{\"title\":\"aioseo_thumbnail_size\",\"url\":\"https:\\/\\/aioseo.com\\/docs\\/aioseo_thumbnail_size\\/\",\"categories\":[\"filter-hooks\"]},\"27844\":{\"title\":\"Displaying Additional Data for Written By and Reading Time\",\"url\":\"https:\\/\\/aioseo.com\\/docs\\/displaying-additional-data-for-written-by-and-reading-time\\/\",\"categories\":[\"social-networks\"]},\"27494\":{\"title\":\"aioseo_meta_views\",\"url\":\"https:\\/\\/aioseo.com\\/docs\\/aioseo_meta_views\\/\",\"categories\":[\"filter-hooks\"]},\"27363\":{\"title\":\"Using the SEO Analysis Tool\",\"url\":\"https:\\/\\/aioseo.com\\/docs\\/using-the-seo-analysis-tool\\/\",\"categories\":[\"seo-analysis\"]},\"27272\":{\"title\":\"Importing Settings From Other Plugins\",\"url\":\"https:\\/\\/aioseo.com\\/docs\\/importing-settings-from-other-plugins\\/\",\"categories\":[\"importer-exporter\",\"seo-data-importer\",\"tools\"]},\"27268\":{\"title\":\"Backing Up and Restoring AIOSEO Settings\",\"url\":\"https:\\/\\/aioseo.com\\/docs\\/backing-up-and-restoring-aioseo-settings\\/\",\"categories\":[\"importer-exporter\",\"tools\"]},\"27259\":{\"title\":\"Importing and Exporting AIOSEO Settings and Meta Data\",\"url\":\"https:\\/\\/aioseo.com\\/docs\\/importing-and-exporting-aioseo-settings-and-meta-data\\/\",\"categories\":[\"importer-exporter\",\"tools\"]},\"26450\":{\"title\":\"Blank Title Formats Have Been Detected\",\"url\":\"https:\\/\\/aioseo.com\\/docs\\/blank-title-formats-detected\\/\",\"categories\":[\"troubleshooting\"]},\"25802\":{\"title\":\"aioseo_sitemap_additional_pages\",\"url\":\"https:\\/\\/aioseo.com\\/docs\\/aioseo_sitemap_additional_pages\\/\",\"categories\":[\"filter-hooks\"]},\"24928\":{\"title\":\"Including Custom Fields in the TruSEO Page Analysis\",\"url\":\"https:\\/\\/aioseo.com\\/docs\\/including-custom-fields-in-the-seo-page-analysis\\/\",\"categories\":[\"content-type-settings\",\"search-appearance\",\"truseo\"]},\"24285\":{\"title\":\"aioseo_prev_link\",\"url\":\"https:\\/\\/aioseo.com\\/docs\\/aioseo_prev_link\\/\",\"categories\":[\"filter-hooks\"]},\"24284\":{\"title\":\"aioseo_next_link\",\"url\":\"https:\\/\\/aioseo.com\\/docs\\/aioseo_next_link\\/\",\"categories\":[\"filter-hooks\"]},\"23717\":{\"title\":\"aioseo_canonical_url\",\"url\":\"https:\\/\\/aioseo.com\\/docs\\/aioseo_canonical_url\\/\",\"categories\":[\"filter-hooks\"]},\"23604\":{\"title\":\"aioseo_schema_breadcrumbs_home\",\"url\":\"https:\\/\\/aioseo.com\\/docs\\/aioseo_schema_breadcrumbs_home\\/\",\"categories\":[\"filter-hooks\"]},\"23448\":{\"title\":\"aioseo_schema_disable\",\"url\":\"https:\\/\\/aioseo.com\\/docs\\/aioseo_schema_disable\\/\",\"categories\":[\"filter-hooks\"]},\"23447\":{\"title\":\"aioseo_robots_meta\",\"url\":\"https:\\/\\/aioseo.com\\/docs\\/aioseo_robots_meta\\/\",\"categories\":[\"filter-hooks\"]},\"23446\":{\"title\":\"aioseo_disable\",\"url\":\"https:\\/\\/aioseo.com\\/docs\\/aioseo_disable\\/\",\"categories\":[\"filter-hooks\"]},\"23441\":{\"title\":\"aioseo_generate_descriptions_from_content\",\"url\":\"https:\\/\\/aioseo.com\\/docs\\/aioseo_generate_descriptions_from_content\\/\",\"categories\":[\"filter-hooks\"]},\"23438\":{\"title\":\"aioseo_disable_title_rewrites\",\"url\":\"https:\\/\\/aioseo.com\\/docs\\/aioseo_disable_title_rewrites\\/\",\"categories\":[\"filter-hooks\"]},\"23437\":{\"title\":\"aioseo_post_metabox_priority\",\"url\":\"https:\\/\\/aioseo.com\\/docs\\/aioseo_post_metabox_priority\\/\",\"categories\":[\"filter-hooks\"]},\"23436\":{\"title\":\"aioseo_show_seo_news\",\"url\":\"https:\\/\\/aioseo.com\\/docs\\/aioseo_show_seo_news\\/\",\"categories\":[\"filter-hooks\"]},\"23433\":{\"title\":\"aioseo_show_in_admin_bar\",\"url\":\"https:\\/\\/aioseo.com\\/docs\\/aioseo_show_in_admin_bar\\/\",\"categories\":[\"filter-hooks\"]},\"23423\":{\"title\":\"aioseo_keywords\",\"url\":\"https:\\/\\/aioseo.com\\/docs\\/aioseo_keywords\\/\",\"categories\":[\"filter-hooks\"]},\"23350\":{\"title\":\"aioseo_title\",\"url\":\"https:\\/\\/aioseo.com\\/docs\\/aioseo_title\\/\",\"categories\":[\"filter-hooks\"]},\"23351\":{\"title\":\"aioseo_description\",\"url\":\"https:\\/\\/aioseo.com\\/docs\\/aioseo_description\\/\",\"categories\":[\"filter-hooks\"]},\"23415\":{\"title\":\"Troubleshooting Action Scheduler issues with AIOSEO\",\"url\":\"https:\\/\\/aioseo.com\\/docs\\/troubleshooting-action-scheduler-issues\\/\",\"categories\":[\"troubleshooting\"]},\"20504\":{\"title\":\"Where Did my SEO Keywords go in All in One SEO v4.0?\",\"url\":\"https:\\/\\/aioseo.com\\/docs\\/where-did-my-seo-keywords-go-in-all-in-one-seo-v4-0\\/\",\"categories\":[\"advanced-settings\",\"frequently-asked-questions\",\"post-page-settings\",\"search-appearance\"]},\"18792\":{\"title\":\"Sitemap rewrite rules for NGINX\",\"url\":\"https:\\/\\/aioseo.com\\/docs\\/xml-sitemap-rewrite-rules-for-nginx\\/\",\"categories\":[\"rss-sitemap\",\"video-sitemap\",\"xml-sitemap\"]},\"18793\":{\"title\":\"Unfiltered HTML Capability is Required\",\"url\":\"https:\\/\\/aioseo.com\\/docs\\/unfiltered-html-capability\\/\",\"categories\":[\"troubleshooting\"]},\"18794\":{\"title\":\"Deprecated Open Graph Settings in All in One SEO version 4.0\",\"url\":\"https:\\/\\/aioseo.com\\/docs\\/deprecated-opengraph-settings\\/\",\"categories\":[\"social-networks\"]},\"18795\":{\"title\":\"Why does the character counter for SEO titles show a different count?\",\"url\":\"https:\\/\\/aioseo.com\\/docs\\/why-does-the-character-counter-for-seo-titles-show-a-different-count\\/\",\"categories\":[\"frequently-asked-questions\",\"post-page-settings\"]},\"18796\":{\"title\":\"Adding nofollow, sponsored, UGC and title attributes to links\",\"url\":\"https:\\/\\/aioseo.com\\/docs\\/adding-nofollow-sponsored-and-title-attributes-to-links\\/\",\"categories\":[\"post-page-settings\"]},\"18797\":{\"title\":\"Setting the SEO for WooCommerce Content\",\"url\":\"https:\\/\\/aioseo.com\\/docs\\/setting-the-seo-for-woocommerce-content\\/\",\"categories\":[\"search-appearance\",\"woocommerce\"]},\"18798\":{\"title\":\"All in One SEO uses the WordPress REST API\",\"url\":\"https:\\/\\/aioseo.com\\/docs\\/aioseo-uses-rest-api\\/\",\"categories\":[\"frequently-asked-questions\"]},\"18799\":{\"title\":\"How to Remove All Settings and Data When you Uninstall All in One SEO\",\"url\":\"https:\\/\\/aioseo.com\\/docs\\/how-to-remove-all-settings-and-data-when-you-uninstall-all-in-one-seo\\/\",\"categories\":[\"advanced-settings\",\"general-settings\"]},\"18800\":{\"title\":\"How to Disable TruSEO Content Analysis\",\"url\":\"https:\\/\\/aioseo.com\\/docs\\/how-to-disable-truseo-content-analysis\\/\",\"categories\":[\"advanced-settings\",\"general-settings\",\"truseo\"]},\"18801\":{\"title\":\"Enabling Automatic Updates for All in One SEO\",\"url\":\"https:\\/\\/aioseo.com\\/docs\\/enabling-automatic-updates-for-all-in-one-seo\\/\",\"categories\":[\"advanced-settings\",\"general-settings\"]},\"18802\":{\"title\":\"Hiding Plugin Notifications in the Notifications Center\",\"url\":\"https:\\/\\/aioseo.com\\/docs\\/hiding-plugin-notifications-in-the-notifications-center\\/\",\"categories\":[\"advanced-settings\",\"general-settings\"]},\"18803\":{\"title\":\"How to Hide the AIOSEO Settings on the Edit Content Screens in WordPress\",\"url\":\"https:\\/\\/aioseo.com\\/docs\\/how-to-hide-the-aioseo-settings-on-the-edit-content-screens-in-wordpress\\/\",\"categories\":[\"advanced-settings\",\"content-type-settings\",\"post-page-settings\",\"search-appearance\"]},\"18804\":{\"title\":\"Setting Noindex and Nofollow on Paginated Content\",\"url\":\"https:\\/\\/aioseo.com\\/docs\\/setting-noindex-and-nofollow-on-paginated-content\\/\",\"categories\":[\"advanced-settings\",\"search-appearance\"]},\"18805\":{\"title\":\"Setting Unique SEO Titles and Descriptions for Paginated Content\",\"url\":\"https:\\/\\/aioseo.com\\/docs\\/setting-unique-seo-titles-and-descriptions-for-paginated-content\\/\",\"categories\":[\"advanced-settings\",\"search-appearance\"]},\"18806\":{\"title\":\"Setting the SEO Title and Description Format for Custom Post Type Archives\",\"url\":\"https:\\/\\/aioseo.com\\/docs\\/setting-the-seo-title-and-description-format-for-custom-post-type-archives\\/\",\"categories\":[\"archive-settings\",\"search-appearance\"]},\"18807\":{\"title\":\"Meta Keyword Settings in All in One SEO\",\"url\":\"https:\\/\\/aioseo.com\\/docs\\/keyword-settings\\/\",\"categories\":[\"advanced-settings\",\"search-appearance\"]},\"18808\":{\"title\":\"Using the Quick Edit Feature in All in One SEO\",\"url\":\"https:\\/\\/aioseo.com\\/docs\\/using-the-quick-edit-feature-in-all-in-one-seo\\/\",\"categories\":[\"post-page-settings\"]},\"18809\":{\"title\":\"How to FTP to your web server\",\"url\":\"https:\\/\\/aioseo.com\\/docs\\/how-to-ftp-to-your-web-server\\/\",\"categories\":[\"frequently-asked-questions\"]},\"18810\":{\"title\":\"How to manually install All in One SEO Pro when the file is too big\",\"url\":\"https:\\/\\/aioseo.com\\/docs\\/how-to-manually-install-all-in-one-seo-pro-when-the-file-is-too-big\\/\",\"categories\":[\"frequently-asked-questions\",\"installation\"]},\"18811\":{\"title\":\"How to Upgrade From All in One SEO Lite to Pro\",\"url\":\"https:\\/\\/aioseo.com\\/docs\\/how-to-upgrade-from-all-in-one-seo-lite-to-pro\\/\",\"categories\":[\"getting-started\",\"installation\"]},\"18812\":{\"title\":\"Installation instructions for WordPress.com Users\",\"url\":\"https:\\/\\/aioseo.com\\/docs\\/installation-instructions-for-wordpress-com-users\\/\",\"categories\":[\"installation\"]},\"18814\":{\"title\":\"Configuring the Twitter Settings for Your Content\",\"url\":\"https:\\/\\/aioseo.com\\/docs\\/configuring-the-twitter-settings-for-your-content\\/\",\"categories\":[\"post-page-settings\",\"social-networks\",\"twitter-settings\"]},\"18815\":{\"title\":\"Configuring the Facebook Settings for Your Content\",\"url\":\"https:\\/\\/aioseo.com\\/docs\\/configuring-the-facebook-settings-for-your-content\\/\",\"categories\":[\"facebook-settings\",\"post-page-settings\",\"social-networks\"]},\"18816\":{\"title\":\"Hiding the AIOSEO Column on Taxonomy Screens\",\"url\":\"https:\\/\\/aioseo.com\\/docs\\/hiding-the-aioseo-column-on-taxonomy-screens\\/\",\"categories\":[\"advanced-settings\",\"category-tag-settings\",\"general-settings\"]},\"18818\":{\"title\":\"Setting the Sitemap Priority and Frequency for Individual Content\",\"url\":\"https:\\/\\/aioseo.com\\/docs\\/setting-the-sitemap-priority-and-frequency-for-individual-content\\/\",\"categories\":[\"post-page-settings\",\"xml-sitemap\"]},\"18819\":{\"title\":\"Setting the Robots Meta for Individual Content\",\"url\":\"https:\\/\\/aioseo.com\\/docs\\/setting-the-robots-meta-for-individual-content\\/\",\"categories\":[\"post-page-settings\"]},\"18821\":{\"title\":\"Individual Post\\/Page Settings\",\"url\":\"https:\\/\\/aioseo.com\\/docs\\/post-settings\\/\",\"categories\":[\"post-page-settings\"]},\"18822\":{\"title\":\"Bad Bot Blocker\",\"url\":\"https:\\/\\/aioseo.com\\/docs\\/bad-bot-blocker\\/\",\"categories\":[\"bad-bot-blocker\"]},\"18823\":{\"title\":\"How to Fix a 404 Error When Viewing Your Sitemap\",\"url\":\"https:\\/\\/aioseo.com\\/docs\\/how-to-fix-a-404-error-when-viewing-your-sitemap\\/\",\"categories\":[\"frequently-asked-questions\",\"google-news-sitemap\",\"rss-sitemap\",\"troubleshooting\",\"video-sitemap\",\"xml-sitemap\"]},\"18825\":{\"title\":\"When to use NOINDEX or the robots.txt?\",\"url\":\"https:\\/\\/aioseo.com\\/docs\\/when-to-use-noindex-or-the-robots-txt\\/\",\"categories\":[\"frequently-asked-questions\",\"robots-txt\",\"search-appearance\",\"tools\"]},\"18826\":{\"title\":\"Support for Videos Embedded Using the Media Library\",\"url\":\"https:\\/\\/aioseo.com\\/docs\\/support-for-videos-embedded-using-the-media-library\\/\",\"categories\":[\"video-sitemap\"]},\"18827\":{\"title\":\"Supported Videos\",\"url\":\"https:\\/\\/aioseo.com\\/docs\\/supported-videos\\/\",\"categories\":[\"video-sitemap\"]},\"18828\":{\"title\":\"Performance Settings\",\"url\":\"https:\\/\\/aioseo.com\\/docs\\/performance-settings\\/\",\"categories\":[\"performance\"]},\"18830\":{\"title\":\"Setting the SEO Title and Description Format for Author and Date Archives\",\"url\":\"https:\\/\\/aioseo.com\\/docs\\/setting-the-seo-title-and-description-format-for-author-and-date-archives\\/\",\"categories\":[\"archive-settings\",\"search-appearance\"]},\"18831\":{\"title\":\"Using Custom Fields in Titles and Descriptions\",\"url\":\"https:\\/\\/aioseo.com\\/docs\\/custom-fields-in-titles-and-descriptions\\/\",\"categories\":[\"content-type-settings\",\"post-page-settings\",\"search-appearance\"]},\"18832\":{\"title\":\"Using the Focus Keyphrase to Analyze Your Content\",\"url\":\"https:\\/\\/aioseo.com\\/docs\\/using-the-focus-keyphrase-to-analyze-your-content\\/\",\"categories\":[\"frequently-asked-questions\",\"post-page-settings\",\"truseo\"]},\"18833\":{\"title\":\"Using the Robots.txt Tool in All in One SEO\",\"url\":\"https:\\/\\/aioseo.com\\/docs\\/using-the-robots-txt-tool-in-all-in-one-seo\\/\",\"categories\":[\"robots-txt\",\"tools\"]},\"18834\":{\"title\":\"Using the Robots Meta Settings in All in One SEO\",\"url\":\"https:\\/\\/aioseo.com\\/docs\\/using-the-robots-meta-settings-in-all-in-one-seo\\/\",\"categories\":[\"advanced-settings\",\"archive-settings\",\"category-tag-settings\",\"content-type-settings\",\"media-settings\",\"post-page-settings\",\"search-appearance\",\"taxonomy-settings\"]},\"18835\":{\"title\":\"Noindex Settings\",\"url\":\"https:\\/\\/aioseo.com\\/docs\\/noindex-settings\\/\",\"categories\":[\"search-appearance\"]},\"18838\":{\"title\":\"Hiding the AIOSEO Admin Bar Menu\",\"url\":\"https:\\/\\/aioseo.com\\/docs\\/hiding-the-aioseo-admin-bar-menu\\/\",\"categories\":[\"advanced-settings\",\"general-settings\"]},\"18839\":{\"title\":\"Hiding the AIOSEO Dashboard Widgets\",\"url\":\"https:\\/\\/aioseo.com\\/docs\\/hiding-the-aioseo-dashboard-widget\\/\",\"categories\":[\"advanced-settings\",\"general-settings\"]},\"18840\":{\"title\":\"Hiding the AIOSEO Column on All Posts Screens\",\"url\":\"https:\\/\\/aioseo.com\\/docs\\/hiding-the-aioseo-column-on-all-posts-screens\\/\",\"categories\":[\"advanced-settings\",\"general-settings\"]},\"18841\":{\"title\":\"Display Settings\",\"url\":\"https:\\/\\/aioseo.com\\/docs\\/display-settings\\/\",\"categories\":[\"display-settings\"]},\"18842\":{\"title\":\"Setting the SEO Title and Description Format for Media Attachments\",\"url\":\"https:\\/\\/aioseo.com\\/docs\\/setting-the-seo-title-and-description-format-for-media-attachments\\/\",\"categories\":[\"media-settings\",\"search-appearance\"]},\"18843\":{\"title\":\"Showing or Hiding Your Content in Search Results\",\"url\":\"https:\\/\\/aioseo.com\\/docs\\/showing-or-hiding-your-content-in-search-results\\/\",\"categories\":[\"archive-settings\",\"category-tag-settings\",\"content-type-settings\",\"media-settings\",\"post-page-settings\",\"search-appearance\",\"taxonomy-settings\"]},\"18844\":{\"title\":\"Content Type Settings\",\"url\":\"https:\\/\\/aioseo.com\\/docs\\/custom-post-type-settings\\/\",\"categories\":[\"content-type-settings\",\"search-appearance\"]},\"18845\":{\"title\":\"What Are Media Attachments and Should I Submit Them to Search Engines?\",\"url\":\"https:\\/\\/aioseo.com\\/docs\\/what-are-media-attachments-and-should-i-submit-them-to-search-engines\\/\",\"categories\":[\"frequently-asked-questions\",\"media-settings\"]},\"18846\":{\"title\":\"Setting the SEO Title and Description Format for Custom Taxonomies\",\"url\":\"https:\\/\\/aioseo.com\\/docs\\/setting-the-seo-title-and-description-format-for-custom-taxonomies\\/\",\"categories\":[\"category-tag-settings\",\"search-appearance\",\"taxonomy-settings\"]},\"18847\":{\"title\":\"Setting the SEO Title and Description Format for Custom Post Types\",\"url\":\"https:\\/\\/aioseo.com\\/docs\\/setting-the-seo-title-and-description-format-for-custom-post-types\\/\",\"categories\":[\"content-type-settings\",\"search-appearance\"]},\"18848\":{\"title\":\"Setting the SEO Title and Description Format for Tags\",\"url\":\"https:\\/\\/aioseo.com\\/docs\\/setting-the-seo-title-and-description-format-for-tags\\/\",\"categories\":[\"category-tag-settings\",\"search-appearance\",\"taxonomy-settings\"]},\"18849\":{\"title\":\"Setting the SEO Title and Description Format for Categories\",\"url\":\"https:\\/\\/aioseo.com\\/docs\\/setting-the-seo-title-and-description-format-for-categories\\/\",\"categories\":[\"category-tag-settings\",\"search-appearance\",\"taxonomy-settings\"]},\"18850\":{\"title\":\"Setting the SEO Title and Description Format for Pages\",\"url\":\"https:\\/\\/aioseo.com\\/docs\\/setting-the-seo-title-and-description-format-for-pages\\/\",\"categories\":[\"content-type-settings\",\"post-page-settings\",\"search-appearance\"]},\"18851\":{\"title\":\"Setting the SEO Title and Description Format for Posts\",\"url\":\"https:\\/\\/aioseo.com\\/docs\\/setting-the-seo-title-and-description-format-for-posts\\/\",\"categories\":[\"content-type-settings\",\"post-page-settings\",\"search-appearance\"]},\"18852\":{\"title\":\"Title Settings\",\"url\":\"https:\\/\\/aioseo.com\\/docs\\/title-settings\\/\",\"categories\":[\"search-appearance\"]},\"18853\":{\"title\":\"Setting the SEO for Your Home Page\",\"url\":\"https:\\/\\/aioseo.com\\/docs\\/setting-the-seo-for-your-home-page\\/\",\"categories\":[\"home-page-settings\",\"search-appearance\"]},\"18854\":{\"title\":\"General Settings\",\"url\":\"https:\\/\\/aioseo.com\\/docs\\/general-settings\\/\",\"categories\":[\"general-settings\"]},\"18855\":{\"title\":\"How to Add Your License Key for All in One SEO Pro\",\"url\":\"https:\\/\\/aioseo.com\\/docs\\/how-to-add-your-license-key-in-all-in-one-seo-pro\\/\",\"categories\":[\"general-settings\",\"getting-started\"]},\"18856\":{\"title\":\"Canonical URLs in All in One SEO\",\"url\":\"https:\\/\\/aioseo.com\\/docs\\/canonical-urls-in-all-in-one-seo\\/\",\"categories\":[\"advanced-settings\",\"search-appearance\"]},\"18858\":{\"title\":\"Adding non-WordPress Content to the Video Sitemap\",\"url\":\"https:\\/\\/aioseo.com\\/docs\\/adding-non-wordpress-content-to-the-video-sitemap\\/\",\"categories\":[\"video-sitemap\"]},\"18860\":{\"title\":\"Troubleshooting Problems With Sharing Content on Twitter\",\"url\":\"https:\\/\\/aioseo.com\\/docs\\/troubleshooting-problems-with-sharing-content-on-twitter\\/\",\"categories\":[\"social-networks\",\"troubleshooting\",\"twitter-settings\"]},\"18861\":{\"title\":\"Troubleshooting Problems With Sharing Content on Facebook\",\"url\":\"https:\\/\\/aioseo.com\\/docs\\/troubleshooting-problems-with-sharing-content-on-facebook\\/\",\"categories\":[\"facebook-settings\",\"social-networks\",\"troubleshooting\"]},\"18862\":{\"title\":\"Getting Started With Pinterest Rich Pins\",\"url\":\"https:\\/\\/aioseo.com\\/docs\\/using-social-meta-for-pinterest-rich-pins\\/\",\"categories\":[\"pinterest-settings\",\"social-networks\"]},\"18863\":{\"title\":\"Setting the Content Publisher for Twitter\",\"url\":\"https:\\/\\/aioseo.com\\/docs\\/setting-the-content-publisher-for-twitter\\/\",\"categories\":[\"social-networks\",\"twitter-settings\"]},\"18865\":{\"title\":\"Submitting a Sitemap to Yandex\",\"url\":\"https:\\/\\/aioseo.com\\/docs\\/submitting-a-sitemap-to-yandex\\/\",\"categories\":[\"rss-sitemap\",\"video-sitemap\",\"xml-sitemap\"]},\"18866\":{\"title\":\"Submitting a Sitemap to Bing\",\"url\":\"https:\\/\\/aioseo.com\\/docs\\/submitting-a-sitemap-to-bing\\/\",\"categories\":[\"bing-webmaster-tools\",\"rss-sitemap\",\"video-sitemap\",\"xml-sitemap\"]},\"18867\":{\"title\":\"Submitting a Sitemap to Google\",\"url\":\"https:\\/\\/aioseo.com\\/docs\\/submitting-a-sitemap-to-google\\/\",\"categories\":[\"google-news-sitemap\",\"google-search-console\",\"rss-sitemap\",\"video-sitemap\",\"xml-sitemap\"]},\"18868\":{\"title\":\"Including Date and Author Archives in Your XML Sitemap\",\"url\":\"https:\\/\\/aioseo.com\\/docs\\/including-date-and-author-archives-in-your-xml-sitemap\\/\",\"categories\":[\"xml-sitemap\"]},\"18869\":{\"title\":\"Choosing Which Content to Include in Your Video Sitemap\",\"url\":\"https:\\/\\/aioseo.com\\/docs\\/choosing-which-content-to-include-in-your-video-sitemap\\/\",\"categories\":[\"video-sitemap\"]},\"18870\":{\"title\":\"Choosing Which Content to Include in Your XML Sitemap\",\"url\":\"https:\\/\\/aioseo.com\\/docs\\/choosing-which-content-to-include-in-your-xml-sitemap\\/\",\"categories\":[\"xml-sitemap\"]},\"18871\":{\"title\":\"Using Sitemap Indexes and Pagination\",\"url\":\"https:\\/\\/aioseo.com\\/docs\\/using-sitemap-indexes-and-pagination\\/\",\"categories\":[\"video-sitemap\",\"xml-sitemap\"]},\"18872\":{\"title\":\"How to Disable Sitemaps in All in One SEO\",\"url\":\"https:\\/\\/aioseo.com\\/docs\\/how-to-disable-sitemaps-in-all-in-one-seo\\/\",\"categories\":[\"google-news-sitemap\",\"rss-sitemap\",\"video-sitemap\",\"xml-sitemap\"]},\"18873\":{\"title\":\"Baidu Webmaster Tools Verification\",\"url\":\"https:\\/\\/aioseo.com\\/docs\\/baidu-webmaster-tools-verification\\/\",\"categories\":[\"webmaster-tools\",\"webmaster-verification\"]},\"18874\":{\"title\":\"Setting Twitter Social Meta for Your Homepage\",\"url\":\"https:\\/\\/aioseo.com\\/docs\\/setting-twitter-social-meta-for-your-homepage\\/\",\"categories\":[\"home-page-settings\",\"social-networks\",\"twitter-settings\"]},\"18875\":{\"title\":\"Setting Facebook Social Meta for Your Homepage\",\"url\":\"https:\\/\\/aioseo.com\\/docs\\/setting-facebook-social-meta-for-your-homepage\\/\",\"categories\":[\"facebook-settings\",\"home-page-settings\",\"social-networks\"]},\"18876\":{\"title\":\"Setting the Card Type for Twitter\",\"url\":\"https:\\/\\/aioseo.com\\/docs\\/setting-the-card-type-for-twitter\\/\",\"categories\":[\"social-networks\",\"twitter-settings\"]},\"18877\":{\"title\":\"Setting the Object Types for Facebook\",\"url\":\"https:\\/\\/aioseo.com\\/docs\\/setting-the-object-types-for-facebook\\/\",\"categories\":[\"facebook-settings\",\"social-networks\"]},\"18879\":{\"title\":\"Setting the Priority and Frequency for Content in the Video Sitemap\",\"url\":\"https:\\/\\/aioseo.com\\/docs\\/setting-the-priority-and-frequency-for-content-in-the-video-sitemap\\/\",\"categories\":[\"video-sitemap\"]},\"18880\":{\"title\":\"Setting the Priority and Frequency for Content in the XML Sitemap\",\"url\":\"https:\\/\\/aioseo.com\\/docs\\/setting-the-priority-and-frequency-for-content-in-the-xml-sitemap\\/\",\"categories\":[\"xml-sitemap\"]},\"18881\":{\"title\":\"How to Exclude Content from Your RSS Sitemap\",\"url\":\"https:\\/\\/aioseo.com\\/docs\\/how-to-exclude-content-from-your-rss-sitemap\\/\",\"categories\":[\"rss-sitemap\"]},\"18882\":{\"title\":\"How to Exclude Content from Your Google News Sitemap\",\"url\":\"https:\\/\\/aioseo.com\\/docs\\/how-to-exclude-content-from-your-google-news-sitemap\\/\",\"categories\":[\"google-news-sitemap\"]},\"18883\":{\"title\":\"How to Exclude Content from Your Video Sitemap\",\"url\":\"https:\\/\\/aioseo.com\\/docs\\/how-to-exclude-content-from-your-video-sitemap\\/\",\"categories\":[\"video-sitemap\"]},\"18884\":{\"title\":\"How to Exclude Content from Your XML Sitemap\",\"url\":\"https:\\/\\/aioseo.com\\/docs\\/how-to-exclude-content-from-your-xml-sitemap\\/\",\"categories\":[\"xml-sitemap\"]},\"18885\":{\"title\":\"Setting Article Tags for Facebook\",\"url\":\"https:\\/\\/aioseo.com\\/docs\\/setting-article-tags-for-facebook\\/\",\"categories\":[\"facebook-settings\",\"social-networks\"]},\"18886\":{\"title\":\"Setting the Content Author for Twitter\",\"url\":\"https:\\/\\/aioseo.com\\/docs\\/setting-the-content-author-for-twitter\\/\",\"categories\":[\"social-networks\",\"twitter-settings\"]},\"18887\":{\"title\":\"Setting the Content Author for Facebook\",\"url\":\"https:\\/\\/aioseo.com\\/docs\\/setting-the-content-author-for-facebook\\/\",\"categories\":[\"facebook-settings\",\"social-networks\"]},\"18888\":{\"title\":\"Setting the Content Publisher for Facebook\",\"url\":\"https:\\/\\/aioseo.com\\/docs\\/setting-the-content-publisher-for-facebook\\/\",\"categories\":[\"facebook-settings\",\"social-networks\"]},\"18889\":{\"title\":\"How to Create a Google News Sitemap\",\"url\":\"https:\\/\\/aioseo.com\\/docs\\/how-to-create-a-google-news-sitemap\\/\",\"categories\":[\"google-news-sitemap\"]},\"18890\":{\"title\":\"Including Videos in Custom Fields in Your Video Sitemap\",\"url\":\"https:\\/\\/aioseo.com\\/docs\\/including-videos-in-custom-fields-in-your-video-sitemap\\/\",\"categories\":[\"video-sitemap\"]},\"18891\":{\"title\":\"What is a Dynamically Generated Sitemap and Why is it Better to Use?\",\"url\":\"https:\\/\\/aioseo.com\\/docs\\/what-is-a-dynamically-generated-sitemap-and-why-is-it-better-to-use\\/\",\"categories\":[\"frequently-asked-questions\",\"video-sitemap\",\"xml-sitemap\"]},\"18892\":{\"title\":\"How to Create a Video Sitemap\",\"url\":\"https:\\/\\/aioseo.com\\/docs\\/how-to-create-a-video-sitemap\\/\",\"categories\":[\"video-sitemap\"]},\"18893\":{\"title\":\"Adding Your Facebook Admin ID\",\"url\":\"https:\\/\\/aioseo.com\\/docs\\/adding-your-facebook-admin-id\\/\",\"categories\":[\"facebook-settings\",\"social-networks\"]},\"18894\":{\"title\":\"Adding Your Facebook App ID\",\"url\":\"https:\\/\\/aioseo.com\\/docs\\/adding-your-facebook-app-id\\/\",\"categories\":[\"facebook-settings\",\"social-networks\"]},\"18895\":{\"title\":\"Access Control Settings\",\"url\":\"https:\\/\\/aioseo.com\\/docs\\/access-control-settings\\/\",\"categories\":[\"access-control-settings\"]},\"18896\":{\"title\":\"Advanced Settings for Google Analytics\",\"url\":\"https:\\/\\/aioseo.com\\/docs\\/advanced-settings-for-google-analytics\\/\",\"categories\":[\"google-analytics\"]},\"18897\":{\"title\":\"Miscellaneous Site Verification\",\"url\":\"https:\\/\\/aioseo.com\\/docs\\/miscellaneous-site-verification\\/\",\"categories\":[\"webmaster-tools\",\"webmaster-verification\"]},\"18898\":{\"title\":\"Displaying Your Social Media Profiles in Knowledge Panel\",\"url\":\"https:\\/\\/aioseo.com\\/docs\\/displaying-your-social-media-profiles-in-knowledge-panel\\/\",\"categories\":[\"schema-settings\",\"social-networks\"]},\"18899\":{\"title\":\"How to Create an RSS Sitemap\",\"url\":\"https:\\/\\/aioseo.com\\/docs\\/how-to-create-an-rss-sitemap\\/\",\"categories\":[\"rss-sitemap\"]},\"18900\":{\"title\":\"Excluding Images from the XML Sitemap\",\"url\":\"https:\\/\\/aioseo.com\\/docs\\/excluding-images-from-the-xml-sitemap\\/\",\"categories\":[\"xml-sitemap\"]},\"18901\":{\"title\":\"Adding non-WordPress Content to the XML Sitemap\",\"url\":\"https:\\/\\/aioseo.com\\/docs\\/adding-non-wordpress-content-to-the-xml-sitemap\\/\",\"categories\":[\"xml-sitemap\"]},\"18903\":{\"title\":\"Setting a Default Image for Twitter\",\"url\":\"https:\\/\\/aioseo.com\\/docs\\/setting-a-default-image-for-twitter\\/\",\"categories\":[\"social-networks\",\"twitter-settings\"]},\"18904\":{\"title\":\"Setting a Default Image for Facebook\",\"url\":\"https:\\/\\/aioseo.com\\/docs\\/setting-a-default-image-for-facebook\\/\",\"categories\":[\"facebook-settings\",\"social-networks\"]},\"18905\":{\"title\":\"Setting a Title Separator\",\"url\":\"https:\\/\\/aioseo.com\\/docs\\/setting-a-title-separator\\/\",\"categories\":[\"search-appearance\"]},\"18906\":{\"title\":\"How to Protect Your Content With RSS Content Settings\",\"url\":\"https:\\/\\/aioseo.com\\/docs\\/how-to-protect-your-content-with-rss-content-settings\\/\",\"categories\":[\"rss-content-settings\"]},\"18907\":{\"title\":\"How to Connect Your Site with Google Tag Manager\",\"url\":\"https:\\/\\/aioseo.com\\/docs\\/how-to-connect-your-site-with-google-tag-manager\\/\",\"categories\":[\"google-analytics\"]},\"18908\":{\"title\":\"How to Connect Your Site with Google Analytics\",\"url\":\"https:\\/\\/aioseo.com\\/docs\\/how-to-connect-your-site-with-google-analytics\\/\",\"categories\":[\"google-analytics\"]},\"18909\":{\"title\":\"How to Verify Your Site with Pinterest\",\"url\":\"https:\\/\\/aioseo.com\\/docs\\/how-to-verify-your-site-with-pinterest\\/\",\"categories\":[\"pinterest-settings\",\"social-networks\",\"webmaster-tools\",\"webmaster-verification\"]},\"18910\":{\"title\":\"How to Verify Your Site with Yandex Webmaster Tools\",\"url\":\"https:\\/\\/aioseo.com\\/docs\\/how-to-verify-your-site-with-yandex-webmaster-tools\\/\",\"categories\":[\"webmaster-tools\",\"webmaster-verification\"]},\"18911\":{\"title\":\"How to Verify Your Site with Bing Webmaster Tools\",\"url\":\"https:\\/\\/aioseo.com\\/docs\\/how-to-verify-your-site-with-bing-webmaster-tools\\/\",\"categories\":[\"bing-webmaster-tools\",\"webmaster-tools\",\"webmaster-verification\"]},\"18912\":{\"title\":\"How to Verify Your Site with Google Search Console\",\"url\":\"https:\\/\\/aioseo.com\\/docs\\/how-to-verify-your-site-with-google-search-console\\/\",\"categories\":[\"google-search-console\",\"webmaster-tools\",\"webmaster-verification\"]},\"18913\":{\"title\":\"Usage Tracking\",\"url\":\"https:\\/\\/aioseo.com\\/docs\\/usage-tracking\\/\",\"categories\":[\"frequently-asked-questions\"]},\"18915\":{\"title\":\"How do I use All in One SEO in my language?\",\"url\":\"https:\\/\\/aioseo.com\\/docs\\/how-do-i-use-all-in-one-seo-in-my-language\\/\",\"categories\":[\"frequently-asked-questions\"]},\"18920\":{\"title\":\"NGINX rewrite rules for Robots.txt\",\"url\":\"https:\\/\\/aioseo.com\\/docs\\/nginx-rewrite-rules-for-robots-txt\\/\",\"categories\":[\"robots-txt\",\"tools\"]},\"18927\":{\"title\":\"Supported PHP Versions for All in One SEO\",\"url\":\"https:\\/\\/aioseo.com\\/docs\\/supported-php-version\\/\",\"categories\":[\"troubleshooting\"]},\"18929\":{\"title\":\"Using a different CDN for script enqueuing\",\"url\":\"https:\\/\\/aioseo.com\\/docs\\/using-a-different-cdn-for-script-enqueuing\\/\",\"categories\":[\"troubleshooting\"]},\"18930\":{\"title\":\"How do I get Google to show sitelinks for my site?\",\"url\":\"https:\\/\\/aioseo.com\\/docs\\/how-do-i-get-google-to-show-sitelinks-for-my-site\\/\",\"categories\":[\"frequently-asked-questions\"]},\"18954\":{\"title\":\"How does the import process for SEO data work?\",\"url\":\"https:\\/\\/aioseo.com\\/docs\\/how-does-the-import-process-for-seo-data-work\\/\",\"categories\":[\"frequently-asked-questions\",\"importer-exporter\",\"tools\"]},\"18960\":{\"title\":\"Robots.txt Editor for Multisite Networks\",\"url\":\"https:\\/\\/aioseo.com\\/docs\\/robots-txt-editor-for-multisite-networks\\/\",\"categories\":[\"multisite-networks\",\"robots-txt\"]},\"18961\":{\"title\":\"What are the minimum requirements for All in One SEO?\",\"url\":\"https:\\/\\/aioseo.com\\/docs\\/what-are-the-minimum-requirements-for-all-in-one-seo-pack\\/\",\"categories\":[\"frequently-asked-questions\"]},\"18964\":{\"title\":\"How do I use your API code examples?\",\"url\":\"https:\\/\\/aioseo.com\\/docs\\/how-do-i-use-your-api-code-examples\\/\",\"categories\":[\"frequently-asked-questions\"]},\"18969\":{\"title\":\"XML Parsing Error - This page contains the following errors\",\"url\":\"https:\\/\\/aioseo.com\\/docs\\/this-page-contains-the-following-errors\\/\",\"categories\":[\"google-news-sitemap\",\"troubleshooting\",\"video-sitemap\",\"xml-sitemap\"]},\"18972\":{\"title\":\"The File Editor or Robots.txt modules are missing\",\"url\":\"https:\\/\\/aioseo.com\\/docs\\/the-file-editor-or-robots-txt-modules-are-missing\\/\",\"categories\":[\"frequently-asked-questions\"]},\"18977\":{\"title\":\"Excluding the XML Sitemap from caching\",\"url\":\"https:\\/\\/aioseo.com\\/docs\\/excluding-the-xml-sitemap-from-caching\\/\",\"categories\":[\"xml-sitemap\"]},\"18982\":{\"title\":\"Why doesn\'t the title and description I set appear in search results?\",\"url\":\"https:\\/\\/aioseo.com\\/docs\\/why-doesnt-the-title-and-description-i-set-appear-in-search-results\\/\",\"categories\":[\"frequently-asked-questions\",\"post-page-settings\"]},\"18983\":{\"title\":\"Can I remove the date from Google search results?\",\"url\":\"https:\\/\\/aioseo.com\\/docs\\/can-i-remove-the-date-from-google-search-results\\/\",\"categories\":[\"frequently-asked-questions\"]},\"18985\":{\"title\":\"Setting up HTTPS SSL\",\"url\":\"https:\\/\\/aioseo.com\\/docs\\/setting-up-https-ssl\\/\",\"categories\":[\"general-seo-topics\"]},\"18995\":{\"title\":\"How to Increase the WordPress PHP Memory Limit\",\"url\":\"https:\\/\\/aioseo.com\\/docs\\/increase-wordpress-php-memory-limit\\/\",\"categories\":[\"troubleshooting\"]},\"19002\":{\"title\":\"Checking Index Status in Google Search Results\",\"url\":\"https:\\/\\/aioseo.com\\/docs\\/checking-index-status-in-google-search-results\\/\",\"categories\":[\"general-seo-topics\"]},\"19006\":{\"title\":\"SEO Data Importer\",\"url\":\"https:\\/\\/aioseo.com\\/docs\\/seo-data-importer\\/\",\"categories\":[\"seo-data-importer\"]},\"19008\":{\"title\":\"How to troubleshoot issues with All in One SEO\",\"url\":\"https:\\/\\/aioseo.com\\/docs\\/how-to-troubleshoot-issues-with-all-in-one-seo-pack\\/\",\"categories\":[\"troubleshooting\"]},\"19010\":{\"title\":\"Quality Guidelines for SEO Titles and Descriptions\",\"url\":\"https:\\/\\/aioseo.com\\/docs\\/quality-guidelines-for-seo-titles-and-descriptions\\/\",\"categories\":[\"general-seo-topics\"]},\"19016\":{\"title\":\"Top Tips for Good On-Page SEO\",\"url\":\"https:\\/\\/aioseo.com\\/docs\\/top-tips-for-good-on-page-seo\\/\",\"categories\":[\"general-seo-topics\"]},\"19017\":{\"title\":\"Meta Descriptions\",\"url\":\"https:\\/\\/aioseo.com\\/docs\\/meta-descriptions\\/\",\"categories\":[\"general-seo-topics\"]},\"19028\":{\"title\":\"What is SEO meta?\",\"url\":\"https:\\/\\/aioseo.com\\/docs\\/what-is-seo-meta\\/\",\"categories\":[\"getting-started\"]},\"19029\":{\"title\":\"Social Meta Settings - Individual Page\\/Post Settings\",\"url\":\"https:\\/\\/aioseo.com\\/docs\\/social-meta-settings-individual-pagepost-settings\\/\",\"categories\":[\"post-page-settings\",\"social-networks\"]},\"19030\":{\"title\":\"File Editor Module\",\"url\":\"https:\\/\\/aioseo.com\\/docs\\/file-editor-module\\/\",\"categories\":[\"file-editor\"]},\"19031\":{\"title\":\"Social Meta Settings\",\"url\":\"https:\\/\\/aioseo.com\\/docs\\/social-meta-module\\/\",\"categories\":[\"social-networks\"]},\"19032\":{\"title\":\"Importer &amp; Exporter Module\",\"url\":\"https:\\/\\/aioseo.com\\/docs\\/importer-exporter-module\\/\",\"categories\":[\"importer-exporter\",\"tools\"]},\"19034\":{\"title\":\"Feature Manager\",\"url\":\"https:\\/\\/aioseo.com\\/docs\\/feature-manager\\/\",\"categories\":[\"feature-manager\"]},\"19035\":{\"title\":\"Advanced Settings for All in One SEO Pack\",\"url\":\"https:\\/\\/aioseo.com\\/docs\\/all-in-one-seo-pack-advanced-settings\\/\",\"categories\":[\"advanced-settings\"]}}}\";','2024-02-14 21:20:12','2024-02-07 21:20:12','2024-02-07 21:20:12'),(2128,'page_overview_data','a:5:{s:5:\"total\";i:5;s:16:\"needsImprovement\";i:0;s:4:\"okay\";i:1;s:4:\"good\";i:0;s:21:\"withoutFocusKeyphrase\";i:4;}','2024-02-14 21:20:12','2024-02-07 21:20:12','2024-02-07 21:20:12'),(2129,'product_overview_data','a:5:{s:5:\"total\";i:0;s:16:\"needsImprovement\";i:0;s:4:\"okay\";i:0;s:4:\"good\";i:0;s:21:\"withoutFocusKeyphrase\";i:0;}','2024-02-14 21:20:12','2024-02-07 21:20:12','2024-02-07 21:20:12'),(2130,'team_overview_data','a:5:{s:5:\"total\";i:0;s:16:\"needsImprovement\";i:0;s:4:\"okay\";i:0;s:4:\"good\";i:0;s:21:\"withoutFocusKeyphrase\";i:0;}','2024-02-14 21:20:12','2024-02-07 21:20:12','2024-02-07 21:20:12'),(2131,'portfolio_overview_data','a:5:{s:5:\"total\";i:0;s:16:\"needsImprovement\";i:0;s:4:\"okay\";i:0;s:4:\"good\";i:0;s:21:\"withoutFocusKeyphrase\";i:0;}','2024-02-14 21:20:12','2024-02-07 21:20:12','2024-02-07 21:20:12'),(2132,'case-studies_overview_data','a:5:{s:5:\"total\";i:0;s:16:\"needsImprovement\";i:0;s:4:\"okay\";i:0;s:4:\"good\";i:0;s:21:\"withoutFocusKeyphrase\";i:0;}','2024-02-14 21:20:12','2024-02-07 21:20:12','2024-02-07 21:20:12'),(2159,'attachment_url_to_post_id_d99ed2ddbeefba28910cca4100f73b401b38bc49','s:4:\"none\";','2024-02-15 14:22:04','2024-02-10 07:25:31','2024-02-14 14:22:04'),(2162,'aioseo_sitemap_category-sitemap.xml','a:3:{s:6:\"counts\";a:0:{}s:8:\"datetime\";a:5:{s:43:\"https://cliqops.com/category/uncategorized/\";a:2:{s:4:\"date\";s:12:\"May 26, 2023\";s:4:\"time\";s:7:\"9:42 am\";}s:40:\"https://cliqops.com/category/recruiting/\";a:2:{s:4:\"date\";s:13:\"June 27, 2023\";s:4:\"time\";s:8:\"10:34 am\";}s:36:\"https://cliqops.com/category/trends/\";a:2:{s:4:\"date\";s:12:\"May 26, 2023\";s:4:\"time\";s:7:\"9:45 am\";}s:44:\"https://cliqops.com/category/human-resource/\";a:2:{s:4:\"date\";s:13:\"June 27, 2023\";s:4:\"time\";s:8:\"10:34 am\";}s:34:\"https://cliqops.com/category/tips/\";a:2:{s:4:\"date\";s:13:\"June 27, 2023\";s:4:\"time\";s:8:\"10:34 am\";}}s:10:\"pagination\";a:2:{s:7:\"showing\";i:5;s:5:\"total\";i:5;}}','2024-03-14 08:09:00','2024-02-10 08:21:46','2024-02-13 08:09:00'),(2163,'aioseo_sitemap_page-sitemap.xml','a:3:{s:6:\"counts\";a:0:{}s:8:\"datetime\";a:5:{s:20:\"https://cliqops.com/\";a:2:{s:4:\"date\";s:12:\"May 30, 2023\";s:4:\"time\";s:7:\"1:21 pm\";}s:29:\"https://cliqops.com/about-us/\";a:2:{s:4:\"date\";s:14:\"March 31, 2023\";s:4:\"time\";s:8:\"11:11 am\";}s:29:\"https://cliqops.com/services/\";a:2:{s:4:\"date\";s:14:\"March 31, 2023\";s:4:\"time\";s:7:\"9:36 am\";}s:31:\"https://cliqops.com/contact-us/\";a:2:{s:4:\"date\";s:14:\"March 31, 2023\";s:4:\"time\";s:7:\"7:12 am\";}s:30:\"https://cliqops.com/home/blog/\";a:2:{s:4:\"date\";s:14:\"March 22, 2023\";s:4:\"time\";s:8:\"11:16 am\";}}s:10:\"pagination\";a:2:{s:7:\"showing\";i:5;s:5:\"total\";i:5;}}','2024-03-14 09:12:41','2024-02-10 08:23:07','2024-02-13 09:12:41'),(2229,'admin_notifications_update','i:1707989512;','2024-02-15 09:31:52','2024-02-14 09:31:52','2024-02-14 09:31:52'),(2234,'addons','a:9:{i:0;O:8:\"stdClass\":15:{s:3:\"sku\";s:16:\"aioseo-redirects\";s:4:\"name\";s:19:\"Redirection Manager\";s:7:\"version\";s:5:\"1.3.6\";s:5:\"image\";N;s:4:\"icon\";s:480:\"PHN2ZyB2aWV3Qm94PSIwIDAgMjQgMjQiIGZpbGw9Im5vbmUiIHhtbG5zPSJodHRwOi8vd3d3LnczLm9yZy8yMDAwL3N2ZyIgY2xhc3M9ImFpb3Nlby1yZWRpcmVjdCI+PHBhdGggZmlsbC1ydWxlPSJldmVub2RkIiBjbGlwLXJ1bGU9ImV2ZW5vZGQiIGQ9Ik0xMC41OSA5LjE3TDUuNDEgNEw0IDUuNDFMOS4xNyAxMC41OEwxMC41OSA5LjE3Wk0xNC41IDRMMTYuNTQgNi4wNEw0IDE4LjU5TDUuNDEgMjBMMTcuOTYgNy40NkwyMCA5LjVWNEgxNC41Wk0xMy40MiAxNC44MkwxNC44MyAxMy40MUwxNy45NiAxNi41NEwyMCAxNC41VjIwSDE0LjVMMTYuNTUgMTcuOTVMMTMuNDIgMTQuODJaIiBmaWxsPSJjdXJyZW50Q29sb3IiIC8+PC9zdmc+\";s:6:\"levels\";a:4:{i:0;s:8:\"business\";i:1;s:6:\"agency\";i:2;s:3:\"pro\";i:3;s:5:\"elite\";}s:13:\"currentLevels\";a:2:{i:0;s:3:\"pro\";i:1;s:5:\"elite\";}s:15:\"requiresUpgrade\";b:1;s:11:\"description\";s:101:\"<p>Our Redirection Manager allows you to create and manage redirects for 404s or modified posts.</p>\n\";s:18:\"descriptionVersion\";i:0;s:11:\"downloadUrl\";s:0:\"\";s:10:\"productUrl\";s:48:\"https://aioseo.com/features/redirection-manager/\";s:12:\"learnMoreUrl\";s:48:\"https://aioseo.com/features/redirection-manager/\";s:9:\"manageUrl\";s:40:\"https://route#aioseo-redirects:redirects\";s:8:\"features\";a:1:{i:0;O:8:\"stdClass\":2:{s:13:\"license_level\";s:5:\"elite\";s:7:\"feature\";s:19:\"404-parent-redirect\";}}}i:1;O:8:\"stdClass\":15:{s:3:\"sku\";s:21:\"aioseo-link-assistant\";s:4:\"name\";s:14:\"Link Assistant\";s:7:\"version\";s:5:\"1.1.2\";s:5:\"image\";N;s:4:\"icon\";s:516:\"PHN2ZyB2aWV3Qm94PSIwIDAgMjQgMjQiIGZpbGw9Im5vbmUiIHhtbG5zPSJodHRwOi8vd3d3LnczLm9yZy8yMDAwL3N2ZyI+PHBhdGggZmlsbC1ydWxlPSJldmVub2RkIiBjbGlwLXJ1bGU9ImV2ZW5vZGQiIGQ9Ik0xMSAxNUg3QzUuMzUgMTUgNCAxMy42NSA0IDEyQzQgMTAuMzUgNS4zNSA5IDcgOUgxMVY3SDdDNC4yNCA3IDIgOS4yNCAyIDEyQzIgMTQuNzYgNC4yNCAxNyA3IDE3SDExVjE1Wk0xNyA3SDEzVjlIMTdDMTguNjUgOSAyMCAxMC4zNSAyMCAxMkMyMCAxMy42NSAxOC42NSAxNSAxNyAxNUgxM1YxN0gxN0MxOS43NiAxNyAyMiAxNC43NiAyMiAxMkMyMiA5LjI0IDE5Ljc2IDcgMTcgN1pNMTYgMTFIOFYxM0gxNlYxMVoiIGZpbGw9ImN1cnJlbnRDb2xvciIvPjwvc3ZnPgo=\";s:6:\"levels\";a:3:{i:0;s:6:\"agency\";i:1;s:3:\"pro\";i:2;s:5:\"elite\";}s:13:\"currentLevels\";a:2:{i:0;s:3:\"pro\";i:1;s:5:\"elite\";}s:15:\"requiresUpgrade\";b:1;s:11:\"description\";s:283:\"<p>Super-charge your SEO with Link Assistant! Get relevant suggestions for adding internal links to older content as well as finding any orphaned posts that have no internal links. Use our reporting feature to see all link suggestions or add them directly from any page or post.</p>\n\";s:18:\"descriptionVersion\";i:0;s:11:\"downloadUrl\";s:0:\"\";s:10:\"productUrl\";s:39:\"https://aioseo.com/docs/link-assistant/\";s:12:\"learnMoreUrl\";s:39:\"https://aioseo.com/docs/link-assistant/\";s:9:\"manageUrl\";s:44:\"https://route#aioseo-link-assistant:overview\";s:8:\"features\";a:0:{}}i:2;O:8:\"stdClass\":15:{s:3:\"sku\";s:20:\"aioseo-video-sitemap\";s:4:\"name\";s:13:\"Video Sitemap\";s:7:\"version\";s:6:\"1.1.13\";s:5:\"image\";N;s:4:\"icon\";s:420:\"PHN2ZyB4bWxucz0iaHR0cDovL3d3dy53My5vcmcvMjAwMC9zdmciIHZpZXdCb3g9IjAgMCAyMCAyMCI+PHBhdGggZmlsbC1ydWxlPSJldmVub2RkIiBkPSJNMy4zMzMgNWgxMGMuNDU5IDAgLjgzNC4zNzUuODM0LjgzM1Y4Ljc1TDE3LjUgNS40MTd2OS4xNjZsLTMuMzMzLTMuMzMzdjIuOTE3YS44MzYuODM2IDAgMCAxLS44MzQuODMzaC0xMGEuODM2LjgzNiAwIDAgMS0uODMzLS44MzNWNS44MzNjMC0uNDU4LjM3NS0uODMzLjgzMy0uODMzWm05LjE2NyA4LjMzM1Y2LjY2N0g0LjE2N3Y2LjY2NkgxMi41WiIgY2xpcC1ydWxlPSJldmVub2RkIi8+PC9zdmc+\";s:6:\"levels\";a:5:{i:0;s:10:\"individual\";i:1;s:8:\"business\";i:2;s:6:\"agency\";i:3;s:3:\"pro\";i:4;s:5:\"elite\";}s:13:\"currentLevels\";a:2:{i:0;s:3:\"pro\";i:1;s:5:\"elite\";}s:15:\"requiresUpgrade\";b:1;s:11:\"description\";s:243:\"<p>The Video Sitemap works in much the same way as the XML Sitemap module, it generates an XML Sitemap specifically for video content on your site. Search engines use this information to display rich snippet information in search results.</p>\n\";s:18:\"descriptionVersion\";i:0;s:11:\"downloadUrl\";s:0:\"\";s:10:\"productUrl\";s:54:\"https://aioseo.com/docs/how-to-create-a-video-sitemap/\";s:12:\"learnMoreUrl\";s:54:\"https://aioseo.com/docs/how-to-create-a-video-sitemap/\";s:9:\"manageUrl\";s:43:\"https://route#aioseo-sitemaps:video-sitemap\";s:8:\"features\";a:0:{}}i:3;O:8:\"stdClass\":15:{s:3:\"sku\";s:21:\"aioseo-local-business\";s:4:\"name\";s:18:\"Local Business SEO\";s:7:\"version\";s:5:\"1.3.0\";s:5:\"image\";N;s:4:\"icon\";s:18:\"svg-local-business\";s:6:\"levels\";a:5:{i:0;s:8:\"business\";i:1;s:6:\"agency\";i:2;s:4:\"plus\";i:3;s:3:\"pro\";i:4;s:5:\"elite\";}s:13:\"currentLevels\";a:3:{i:0;s:4:\"plus\";i:1;s:3:\"pro\";i:2;s:5:\"elite\";}s:15:\"requiresUpgrade\";b:1;s:11:\"description\";s:253:\"<p>Local Business schema markup enables you to tell Google about your business, including your business name, address and phone number, opening hours and price range. This information may be displayed as a Knowledge Graph card or business carousel.</p>\n\";s:18:\"descriptionVersion\";i:0;s:11:\"downloadUrl\";s:0:\"\";s:10:\"productUrl\";s:43:\"https://aioseo.com/docs/local-business-seo/\";s:12:\"learnMoreUrl\";s:43:\"https://aioseo.com/docs/local-business-seo/\";s:9:\"manageUrl\";s:40:\"https://route#aioseo-local-seo:locations\";s:8:\"features\";a:0:{}}i:4;O:8:\"stdClass\":15:{s:3:\"sku\";s:19:\"aioseo-news-sitemap\";s:4:\"name\";s:12:\"News Sitemap\";s:7:\"version\";s:6:\"1.0.15\";s:5:\"image\";N;s:4:\"icon\";s:16:\"svg-sitemaps-pro\";s:6:\"levels\";a:4:{i:0;s:8:\"business\";i:1;s:6:\"agency\";i:2;s:3:\"pro\";i:3;s:5:\"elite\";}s:13:\"currentLevels\";a:2:{i:0;s:3:\"pro\";i:1;s:5:\"elite\";}s:15:\"requiresUpgrade\";b:1;s:11:\"description\";s:284:\"<p>Our Google News Sitemap lets you control which content you submit to Google News and only contains articles that were published in the last 48 hours. In order to submit a News Sitemap to Google, you must have added your site to Google’s Publisher Center and had it approved.</p>\n\";s:18:\"descriptionVersion\";i:0;s:11:\"downloadUrl\";s:0:\"\";s:10:\"productUrl\";s:60:\"https://aioseo.com/docs/how-to-create-a-google-news-sitemap/\";s:12:\"learnMoreUrl\";s:60:\"https://aioseo.com/docs/how-to-create-a-google-news-sitemap/\";s:9:\"manageUrl\";s:42:\"https://route#aioseo-sitemaps:news-sitemap\";s:8:\"features\";a:0:{}}i:5;O:8:\"stdClass\":15:{s:3:\"sku\";s:16:\"aioseo-index-now\";s:4:\"name\";s:8:\"IndexNow\";s:7:\"version\";s:6:\"1.0.11\";s:5:\"image\";N;s:4:\"icon\";s:1836:\"PHN2ZyB4bWxucz0iaHR0cDovL3d3dy53My5vcmcvMjAwMC9zdmciIHZpZXdCb3g9IjAgMCAyMCAyMCI+PHBhdGggZD0iTTE3LjY0NCAxMS42NTVjLS4zMjEtLjIyOS0uNjU0LS40NDYtLjk2NC0uNjk3LS42NDMtLjUzNC0uNjMxLTEuMzcyLjAyMy0xLjg4NC4zMS0uMjQuNjQyLS40NTguOTY0LS42OTcuMTg0LS4xMy4zMjEtLjI5NC4zMzMtLjUzNCAwLS4wMzIgMC0uMDc2LS4wMTItLjEyYTcuNDQyIDcuNDQyIDAgMCAwLTEuODkzLTMuMTQ3Yy0uMjA3LS4yMDctLjQ2LS4yNC0uNzQ2LS4xMmEyMi4wNSAyMi4wNSAwIDAgMS0xLjA2OC40MzZjLS45MTguMzQ4LTEuNjg3LS4wODctMS44MTMtMS4wMjQtLjA0Ni0uMzM4LS4wOC0uNjc1LS4xMTUtMS4wMTMtLjAzNC0uMzctLjI0LS41OTktLjYzLS42NzVhOC40NDYgOC40NDYgMCAwIDAtMy40NjcgMGMtLjM2Ny4wNzYtLjU3NC4yNzItLjYwOC42MzJhMTMuNzggMTMuNzggMCAwIDEtLjE2IDEuMTc2Yy0uMTYxLjgyOC0uOTE5IDEuMjMtMS43NDUuOTE1LS4zNTYtLjEzLS43MTItLjI5NC0xLjA2Ny0uNDQ3LS4zMzMtLjE0MS0uNjA5LS4wODctLjg1LjE2NGE3Ljc3OSA3Ljc3OSAwIDAgMC0xLjc3OSAyLjkxOGMtLjExNC4zMzgtLjAyMy42MS4yODcuODI4LjI5OS4yMDcuNjA5LjQxNC44OTUuNjMyLjc3LjU4OC43NTggMS40NDgtLjAyMiAyLjAxNC0uMjg3LjIwNy0uNTc0LjQxNC0uODYxLjYxLS4zMjIuMjE4LS40MTMuNTEyLS4yOTkuODZhNy44NyA3Ljg3IDAgMCAwIDEuNzQ1IDIuODg3Yy4yNC4yNS41MTYuMzE2Ljg1LjE4NS4zOS0uMTUzLjc2OC0uMzI3IDEuMTU4LS40NjguNzU4LS4yNzMgMS41MTUuMTIgMS42NzYuODcuMDguNDA0LjEyNi44MTguMTYgMS4yMi4wMzUuMzcuMjQxLjU2Ny41OTcuNjQzIDEuMTYuMjQgMi4zMDcuMjQgMy40NjYuMDExLjQxMy0uMDg3LjYwOC0uMzE2LjY0My0uNzA4LjAyMy0uMzI3LjA2OS0uNjUzLjEwMy0uOTcuMTE1LS45MjUuODk1LTEuMzgyIDEuODE0LTEuMDQ1LjM0NC4xMzEuNjg4LjI3MyAxLjAzMi40MjUuMzY4LjE1My42NjYuMDc2LjkxOC0uMjA3YTguNDk0IDguNDk0IDAgMCAwIDEuNzEtMi44MmMuMTUtLjMzOC4wNTgtLjYyMS0uMjc1LS44NXptLTkuNDguNjk3Yy0uMTAzLjEzLS4zMS4xMi0uNDEzLS4wMUw2LjAzIDEwLjE3M2EuMjIuMjIgMCAwIDEgMC0uMjgzbDEuOTI4LTIuNDI5IDEuNDY5IDEuNzItLjYzMS44NS41MjcuNzA4YS4yMDUuMjA1IDAgMCAxLS4wMTEuMjYyem01LjgzLTIuMTc4LTIuNDc5IDMuMDE3YS4yNi4yNiAwIDAgMS0uMjA2LjEwOUg5LjEwNWEuMjUuMjUgMCAwIDEtLjIwNi0uNDAzbDIuMzUzLTIuODY1LTIuNjc0LTMuMjY3aDIuODY5bDIuNTU5IDMuMTI2YS4yMzYuMjM2IDAgMCAxLS4wMTEuMjgzeiIvPjwvc3ZnPg==\";s:6:\"levels\";a:6:{i:0;s:8:\"business\";i:1;s:6:\"agency\";i:2;s:5:\"basic\";i:3;s:4:\"plus\";i:4;s:3:\"pro\";i:5;s:5:\"elite\";}s:13:\"currentLevels\";a:4:{i:0;s:5:\"basic\";i:1;s:4:\"plus\";i:2;s:3:\"pro\";i:3;s:5:\"elite\";}s:15:\"requiresUpgrade\";b:1;s:11:\"description\";s:193:\"<p>Add IndexNow support to instantly notify search engines when your content has changed. This helps the search engines to prioritize the changes on your website and helps you rank faster.</p>\n\";s:18:\"descriptionVersion\";i:0;s:11:\"downloadUrl\";s:0:\"\";s:10:\"productUrl\";s:28:\"https://aioseo.com/index-now\";s:12:\"learnMoreUrl\";s:28:\"https://aioseo.com/index-now\";s:9:\"manageUrl\";s:45:\"https://route#aioseo-settings:webmaster-tools\";s:8:\"features\";a:0:{}}i:6;O:8:\"stdClass\":15:{s:3:\"sku\";s:15:\"aioseo-rest-api\";s:4:\"name\";s:8:\"REST API\";s:7:\"version\";s:5:\"1.0.6\";s:5:\"image\";N;s:4:\"icon\";s:280:\"PHN2ZyB4bWxucz0iaHR0cDovL3d3dy53My5vcmcvMjAwMC9zdmciIHZpZXdCb3g9IjAgMCAyNCAyNCIgY2xhc3M9ImFpb3Nlby1jb2RlIj48cGF0aCBkPSJNOS40IDE2LjZMNC44IDEybDQuNi00LjZMOCA2bC02IDYgNiA2IDEuNC0xLjR6bTUuMiAwbDQuNi00LjYtNC42LTQuNkwxNiA2bDYgNi02IDYtMS40LTEuNHoiIGZpbGw9ImN1cnJlbnRDb2xvciIvPjwvc3ZnPg==\";s:6:\"levels\";a:3:{i:0;s:4:\"plus\";i:1;s:3:\"pro\";i:2;s:5:\"elite\";}s:13:\"currentLevels\";a:3:{i:0;s:4:\"plus\";i:1;s:3:\"pro\";i:2;s:5:\"elite\";}s:15:\"requiresUpgrade\";b:1;s:11:\"description\";s:137:\"<p>Manage your post and term SEO meta via the WordPress REST API. This addon also works seamlessly with headless WordPress installs.</p>\n\";s:18:\"descriptionVersion\";i:0;s:11:\"downloadUrl\";s:0:\"\";s:10:\"productUrl\";s:36:\"https://aioseo.com/feature/rest-api/\";s:12:\"learnMoreUrl\";s:36:\"https://aioseo.com/feature/rest-api/\";s:9:\"manageUrl\";s:0:\"\";s:8:\"features\";a:0:{}}i:7;O:8:\"stdClass\":15:{s:3:\"sku\";s:16:\"aioseo-image-seo\";s:4:\"name\";s:9:\"Image SEO\";s:7:\"version\";s:6:\"1.1.10\";s:5:\"image\";N;s:4:\"icon\";s:436:\"PHN2ZyB4bWxucz0iaHR0cDovL3d3dy53My5vcmcvMjAwMC9zdmciIHZpZXdCb3g9IjAgMCAyMCAyMCI+PHBhdGggZD0iTTE1LjgzMyA0LjE2N3YxMS42NjZINC4xNjdWNC4xNjdoMTEuNjY2Wm0wLTEuNjY3SDQuMTY3QzMuMjUgMi41IDIuNSAzLjI1IDIuNSA0LjE2N3YxMS42NjZjMCAuOTE3Ljc1IDEuNjY3IDEuNjY3IDEuNjY3aDExLjY2NmMuOTE3IDAgMS42NjctLjc1IDEuNjY3LTEuNjY3VjQuMTY3YzAtLjkxNy0uNzUtMS42NjctMS42NjctMS42NjdabS00LjA1IDcuMzgzLTIuNSAzLjIyNUw3LjUgMTAuOTUgNSAxNC4xNjdoMTBsLTMuMjE3LTQuMjg0WiIvPjwvc3ZnPg==\";s:6:\"levels\";a:5:{i:0;s:8:\"business\";i:1;s:6:\"agency\";i:2;s:4:\"plus\";i:3;s:3:\"pro\";i:4;s:5:\"elite\";}s:13:\"currentLevels\";a:3:{i:0;s:4:\"plus\";i:1;s:3:\"pro\";i:2;s:5:\"elite\";}s:15:\"requiresUpgrade\";b:1;s:11:\"description\";s:148:\"<p>Globally control the Title attribute and Alt text for images in your content. These attributes are essential for both accessibility and SEO.</p>\n\";s:18:\"descriptionVersion\";i:0;s:11:\"downloadUrl\";s:0:\"\";s:10:\"productUrl\";s:71:\"https://aioseo.com/docs/using-the-image-seo-features-in-all-in-one-seo/\";s:12:\"learnMoreUrl\";s:71:\"https://aioseo.com/docs/using-the-image-seo-features-in-all-in-one-seo/\";s:9:\"manageUrl\";s:44:\"https://route#aioseo-search-appearance:media\";s:8:\"features\";a:0:{}}i:8;O:8:\"stdClass\":15:{s:3:\"sku\";s:11:\"aioseo-eeat\";s:4:\"name\";s:20:\"Author SEO (E-E-A-T)\";s:7:\"version\";s:5:\"1.1.0\";s:5:\"image\";N;s:4:\"icon\";s:1380:\"PHN2ZyB4bWxucz0iaHR0cDovL3d3dy53My5vcmcvMjAwMC9zdmciIGhlaWdodD0iMjQiIHZpZXdCb3g9IjAgLTk2MCA5NjAgOTYwIiB3aWR0aD0iMjQiPjxwYXRoIGQ9Ik00NDAuMTE4LTU2MHEzMy44MzkgMCA1Ny44MTctMjQuMDk3dDIzLjk3OC01Ny45MzVxMC0zMy44MzgtMjMuOTc4LTU3LjY5Ni0yMy45NzgtMjMuODU5LTU3LjgxNy0yMy44NTktMzMuODM4IDAtNTcuOTM0IDIzLjg1OS0yNC4wOTcgMjMuODU4LTI0LjA5NyA1Ny42OTYgMCAzMy44MzggMjQuMDk3IDU3LjkzNVE0MDYuMjgtNTYwIDQ0MC4xMTgtNTYwWk00NDAtMzk2LjQxM3E0NS43MTcgMCA4NS41NzYtMTkuNDc4IDM5Ljg1OS0xOS40NzkgNjkuNTc2LTU2LjE1Mi0zNS45NTYtMjMuNzE4LTc0LjkzNS0zNS44MzdRNDgxLjIzOS01MjAgNDQwLTUyMHQtODAuMjE3IDEyLjEycS0zOC45NzkgMTIuMTE5LTc0LjkzNSAzNS44MzcgMjkuNzE3IDM2LjY3MyA2OS41NzYgNTYuMTUyIDM5Ljg1OSAxOS40NzggODUuNTc2IDE5LjQ3OFptMzg2LjM5MSAyODYuOTM1TDYzNy45MTMtMjk3Ljk1NnEtNDEuNzE3IDMxLjc2MS05MS42OTYgNDkuNDAyUTQ5Ni4yMzktMjMwLjkxMyA0NDAtMjMwLjkxM3EtMTM3LjU4NyAwLTIzMy4zMzctOTUuNzVUMTEwLjkxMy01NjBxMC0xMzcuNTg3IDk1Ljc1LTIzMy4zMzdUNDQwLTg4OS4wODdxMTM3LjU4NyAwIDIzMy4zMzcgOTUuNzVUNzY5LjA4Ny01NjBxMCA1NS43NjEtMTcuNzYxIDEwNS45NzgtMTcuNzYxIDUwLjIxOC00OS41MjEgOTIuMTc0TDg5MC4yODMtMTczLjM3bC02My44OTIgNjMuODkyWk00NDAuMTEzLTMyMS45MTNxOTkuMTU2IDAgMTY4LjU2NS02OS41MjIgNjkuNDA5LTY5LjUyMiA2OS40MDktMTY4LjY3OCAwLTk5LjE1Ni02OS40MDktMTY4LjU2NS02OS40MDktNjkuNDA5LTE2OC41NjUtNjkuNDA5LTk5LjE1NiAwLTE2OC42NzggNjkuNDA5LTY5LjUyMiA2OS40MDktNjkuNTIyIDE2OC41NjUgMCA5OS4xNTYgNjkuNTIyIDE2OC42NzggNjkuNTIyIDY5LjUyMiAxNjguNjc4IDY5LjUyMlpNNDQwLTU2MFoiLz48L3N2Zz4=\";s:6:\"levels\";a:3:{i:0;s:4:\"plus\";i:1;s:3:\"pro\";i:2;s:5:\"elite\";}s:13:\"currentLevels\";a:3:{i:0;s:4:\"plus\";i:1;s:3:\"pro\";i:2;s:5:\"elite\";}s:15:\"requiresUpgrade\";b:1;s:11:\"description\";s:147:\"<p>Optimize your site for Google\'s E-E-A-T ranking factor by proving your writer\'s expertise through author schema markup and new UI elements.</p>\n\";s:18:\"descriptionVersion\";i:0;s:11:\"downloadUrl\";s:0:\"\";s:10:\"productUrl\";s:33:\"https://aioseo.com/features/eeat/\";s:12:\"learnMoreUrl\";s:33:\"https://aioseo.com/features/eeat/\";s:9:\"manageUrl\";s:49:\"https://route#aioseo-search-appearance:author-seo\";s:8:\"features\";a:0:{}}}','2024-02-15 14:45:14','2024-02-14 14:45:14','2024-02-14 14:45:14'),(2235,'wp_notices','a:0:{}','2024-02-15 14:50:40','2024-02-14 14:45:16','2024-02-14 14:50:40'),(2236,'license_features','a:21:{i:0;O:8:\"stdClass\":3:{s:13:\"license_level\";s:3:\"pro\";s:7:\"section\";s:6:\"schema\";s:7:\"feature\";s:5:\"event\";}i:1;O:8:\"stdClass\":3:{s:13:\"license_level\";s:5:\"elite\";s:7:\"section\";s:6:\"schema\";s:7:\"feature\";s:5:\"event\";}i:2;O:8:\"stdClass\":3:{s:13:\"license_level\";s:5:\"elite\";s:7:\"section\";s:6:\"schema\";s:7:\"feature\";s:11:\"job-posting\";}i:3;O:8:\"stdClass\":3:{s:13:\"license_level\";s:5:\"elite\";s:7:\"section\";s:5:\"tools\";s:7:\"feature\";s:29:\"network-tools-site-activation\";}i:4;O:8:\"stdClass\":3:{s:13:\"license_level\";s:5:\"elite\";s:7:\"section\";s:5:\"tools\";s:7:\"feature\";s:22:\"network-tools-database\";}i:5;O:8:\"stdClass\":3:{s:13:\"license_level\";s:5:\"elite\";s:7:\"section\";s:5:\"tools\";s:7:\"feature\";s:27:\"network-tools-import-export\";}i:6;O:8:\"stdClass\":3:{s:13:\"license_level\";s:5:\"elite\";s:7:\"section\";s:5:\"tools\";s:7:\"feature\";s:20:\"network-tools-robots\";}i:7;O:8:\"stdClass\":3:{s:13:\"license_level\";s:5:\"elite\";s:7:\"section\";s:17:\"search-statistics\";s:7:\"feature\";s:14:\"seo-statistics\";}i:8;O:8:\"stdClass\":3:{s:13:\"license_level\";s:5:\"elite\";s:7:\"section\";s:17:\"search-statistics\";s:7:\"feature\";s:16:\"keyword-rankings\";}i:9;O:8:\"stdClass\":3:{s:13:\"license_level\";s:5:\"elite\";s:7:\"section\";s:17:\"search-statistics\";s:7:\"feature\";s:22:\"keyword-rankings-pages\";}i:10;O:8:\"stdClass\":3:{s:13:\"license_level\";s:5:\"elite\";s:7:\"section\";s:17:\"search-statistics\";s:7:\"feature\";s:11:\"post-detail\";}i:11;O:8:\"stdClass\":3:{s:13:\"license_level\";s:5:\"elite\";s:7:\"section\";s:17:\"search-statistics\";s:7:\"feature\";s:22:\"post-detail-page-speed\";}i:12;O:8:\"stdClass\":3:{s:13:\"license_level\";s:5:\"elite\";s:7:\"section\";s:17:\"search-statistics\";s:7:\"feature\";s:26:\"post-detail-seo-statistics\";}i:13;O:8:\"stdClass\":3:{s:13:\"license_level\";s:5:\"elite\";s:7:\"section\";s:17:\"search-statistics\";s:7:\"feature\";s:20:\"post-detail-keywords\";}i:14;O:8:\"stdClass\":3:{s:13:\"license_level\";s:5:\"elite\";s:7:\"section\";s:17:\"search-statistics\";s:7:\"feature\";s:31:\"post-detail-focus-keyword-trend\";}i:15;O:8:\"stdClass\":3:{s:13:\"license_level\";s:5:\"elite\";s:7:\"section\";s:17:\"search-statistics\";s:7:\"feature\";s:16:\"keyword-tracking\";}i:16;O:8:\"stdClass\":3:{s:13:\"license_level\";s:5:\"elite\";s:7:\"section\";s:17:\"search-statistics\";s:7:\"feature\";s:28:\"post-detail-keyword-tracking\";}i:17;O:8:\"stdClass\":3:{s:13:\"license_level\";s:5:\"elite\";s:7:\"section\";s:17:\"search-statistics\";s:7:\"feature\";s:16:\"content-rankings\";}i:18;O:8:\"stdClass\":3:{s:13:\"license_level\";s:5:\"elite\";s:7:\"section\";s:13:\"seo-revisions\";s:7:\"feature\";s:12:\"revisions:-1\";}i:19;O:8:\"stdClass\":3:{s:13:\"license_level\";s:3:\"pro\";s:7:\"section\";s:13:\"seo-revisions\";s:7:\"feature\";s:12:\"revisions:30\";}i:20;O:8:\"stdClass\":3:{s:13:\"license_level\";s:4:\"plus\";s:7:\"section\";s:13:\"seo-revisions\";s:7:\"feature\";s:12:\"revisions:15\";}}','2024-02-15 14:45:16','2024-02-14 14:45:16','2024-02-14 14:45:16'),(2237,'post_overview_data','a:5:{s:5:\"total\";i:5;s:16:\"needsImprovement\";i:0;s:4:\"okay\";i:0;s:4:\"good\";i:5;s:21:\"withoutFocusKeyphrase\";i:0;}','2024-02-21 14:45:16','2024-02-14 14:45:16','2024-02-14 14:45:16'),(2238,'rss_feed','a:4:{i:0;a:4:{s:3:\"url\";s:178:\"https://aioseo.com/google-shutting-down-google-business-profile-websites/?utm_source=rss&amp;utm_medium=rss&amp;utm_campaign=google-shutting-down-google-business-profile-websites\";s:5:\"title\";s:52:\"Google to Shut Down Google Business Profile Websites\";s:4:\"date\";s:17:\"February 13, 2024\";s:7:\"content\";s:131:\"Next month (March 2024), Google will shut down over 20 million Google Business Profile websites.\n\n\n\nGoogle provided this service...\";}i:1;a:4:{s:3:\"url\";s:180:\"https://aioseo.com/new-updated-seo-preview-redirection-manager-author-seo/?utm_source=rss&amp;utm_medium=rss&amp;utm_campaign=new-updated-seo-preview-redirection-manager-author-seo\";s:5:\"title\";s:68:\"[NEW] Updated SEO Preview, Redirection Manager, Author SEO, and More\";s:4:\"date\";s:17:\"February 12, 2024\";s:7:\"content\";s:131:\"We started the year with a bang, and we’re not slowing down! We’re so excited to tell you about all the good things we’ve ...\";}i:2;a:4:{s:3:\"url\";s:98:\"https://aioseo.com/eeat-and-ymyl/?utm_source=rss&amp;utm_medium=rss&amp;utm_campaign=eeat-and-ymyl\";s:5:\"title\";s:47:\"EEAT and YMYL: an SEO Guide for WordPress Users\";s:4:\"date\";s:16:\"February 8, 2024\";s:7:\"content\";s:131:\"Understanding the concepts of EEAT and YMYL can transform your SEO efforts. Even if you don’t have a YMYL site, EEAT is vital ...\";}i:3;a:4:{s:3:\"url\";s:104:\"https://aioseo.com/seo-case-studies/?utm_source=rss&amp;utm_medium=rss&amp;utm_campaign=seo-case-studies\";s:5:\"title\";s:52:\"14 SEO Case Studies to Improve Your Strategy in 2024\";s:4:\"date\";s:16:\"February 7, 2024\";s:7:\"content\";s:131:\"Are you looking for the best SEO case studies to inspire and improve your strategy in 2024?\n\n\n\nSEO case studies are the ultimate...\";}}','2024-02-15 02:45:16','2024-02-14 14:45:16','2024-02-14 14:45:16');
CREATE TABLE `wphl_aioseo_notifications` (
  `id` bigint unsigned NOT NULL AUTO_INCREMENT,
  `slug` varchar(13) CHARACTER SET utf8mb4 COLLATE utf8mb4_unicode_520_ci NOT NULL,
  `addon` varchar(64) CHARACTER SET utf8mb4 COLLATE utf8mb4_unicode_520_ci DEFAULT NULL,
  `title` text CHARACTER SET utf8mb4 COLLATE utf8mb4_unicode_520_ci NOT NULL,
  `content` longtext CHARACTER SET utf8mb4 COLLATE utf8mb4_unicode_520_ci NOT NULL,
  `type` varchar(64) CHARACTER SET utf8mb4 COLLATE utf8mb4_unicode_520_ci NOT NULL,
  `level` text CHARACTER SET utf8mb4 COLLATE utf8mb4_unicode_520_ci NOT NULL,
  `notification_id` bigint unsigned DEFAULT NULL,
  `notification_name` varchar(255) CHARACTER SET utf8mb4 COLLATE utf8mb4_unicode_520_ci DEFAULT NULL,
  `start` datetime DEFAULT NULL,
  `end` datetime DEFAULT NULL,
  `button1_label` varchar(255) CHARACTER SET utf8mb4 COLLATE utf8mb4_unicode_520_ci DEFAULT NULL,
  `button1_action` varchar(255) CHARACTER SET utf8mb4 COLLATE utf8mb4_unicode_520_ci DEFAULT NULL,
  `button2_label` varchar(255) CHARACTER SET utf8mb4 COLLATE utf8mb4_unicode_520_ci DEFAULT NULL,
  `button2_action` varchar(255) CHARACTER SET utf8mb4 COLLATE utf8mb4_unicode_520_ci DEFAULT NULL,
  `dismissed` tinyint(1) NOT NULL DEFAULT '0',
  `new` tinyint(1) NOT NULL DEFAULT '1',
  `created` datetime NOT NULL,
  `updated` datetime NOT NULL,
  PRIMARY KEY (`id`),
  UNIQUE KEY `ndx_aioseo_notifications_slug` (`slug`),
  KEY `ndx_aioseo_notifications_dates` (`start`,`end`),
  KEY `ndx_aioseo_notifications_type` (`type`),
  KEY `ndx_aioseo_notifications_dismissed` (`dismissed`)
) ENGINE=InnoDB AUTO_INCREMENT=24 DEFAULT CHARSET=utf8mb4 COLLATE=utf8mb4_unicode_520_ci;

INSERT INTO `wphl_aioseo_notifications` VALUES (1,'6455296b9bdec',NULL,'Advanced WooCommerce Support','We have detected you are running WooCommerce. Upgrade to AIOSEO Pro to unlock our advanced eCommerce SEO features, including SEO for Product Categories and more.','info','[\"all\"]',NULL,'woo-upsell','2023-05-05 16:06:03',NULL,'Upgrade to Pro','https://aioseo.com/lite-upgrade/?utm_source=WordPress&utm_campaign=liteplugin&utm_medium=woo-notification-upsell',NULL,NULL,0,0,'2023-05-05 16:06:03','2023-05-05 16:06:03'),(2,'6455296bad8b4',NULL,'Conflicting Plugins Detected','Warning: AIOSEO has detected other active SEO or sitemap plugins. We recommend that you deactivate the following plugins to prevent any conflicts:<ul><li><strong>Yoast SEO</strong></li></ul>','error','[\"all\"]',NULL,'conflicting-plugins','2023-05-05 16:06:03',NULL,'Fix Now','http://action#sitemap/deactivate-conflicting-plugins?refresh','Remind Me Later','http://action#notification/conflicting-plugins-reminder',0,0,'2023-05-05 16:06:03','2024-02-14 14:52:13'),(3,'64552975a4d31',NULL,'🗣️ [AIOSEO 4.3.6] Announcing Content Rankings: SEO Performance Tracking Made Easy','Get valuable insights about how your content is performing on search engines using our <strong>NEW Content Rankings report</strong>.\r\n<br><br>\r\nThis includes SEO data to help you <strong>optimize your articles for better rankings</strong>. Plus, you can also easily spot <strong>content decay</strong>, making it easier to combat it.\r\n<br><br>\r\nSo, <strong>upgrade to AIOSEO Pro TODAY</strong> and boost your rankings and drive more traffic to your content!','success','[\"4-x\",\"lite\"]',677,NULL,'2023-06-27 12:55:16',NULL,'Learn More','https://aioseo.com/announcing-content-rankings-seo-performance-tracking-made-easy/?utm_source=WordPress&utm_campaign=content-rankings-v4-lite&utm_medium=plugin-notification&utm_content=Learn%20More','Get AIOSEO Pro','https://aioseo.com/lite-upgrade/?utm_source=WordPress&utm_campaign=content-rankings-v4-lite&utm_medium=plugin-notification&utm_content=Get%20AIOSEO%20Pro',0,0,'2023-05-05 16:06:13','2023-07-03 09:14:41'),(4,'64552975a5d78',NULL,'Introducing SEO Stats for WordPress - Track Your Keyword Rankings and See Important SEO Metrics with 1-click 🔎 🚀','Want to see exactly how your content ranks in search results inside of WordPress? You can do just that with our brand new <strong>Google Search Console integration</strong>!\r\n<br><br>\r\nTrack important keywords and get in-plugin tips to help you grow your traffic. <strong>Plus: Try out the new speed test tool!</strong> 🚀\r\n<br><br>\r\n<strong>Upgrade to AIOSEO 4.3.0 (Elite) TODAY to ignite your SEO and outrank competitors!</strong>\r\n<br><br>\r\n<img src=\"data:image/png;base64,[encoded data, 10456 characters]\" />','success','[\"4-x\",\"lite\"]',570,NULL,'2023-06-27 12:55:16',NULL,'Learn More','https://aioseo.com/google-search-console-integration/?utm_source=WordPress&utm_campaign=google-search-console-integration-v4-lite&utm_medium=plugin-notification&utm_content=Learn%20More','Get AIOSEO Pro 🚀','https://aioseo.com/lite-upgrade/?utm_source=WordPress&utm_campaign=google-search-console-integration-v4-lite&utm_medium=plugin-notification&utm_content=Get%20AIOSEO%20Pro',0,0,'2023-05-05 16:06:13','2023-07-03 09:14:41'),(5,'6475bed98ab5b',NULL,'[Last Chance!] 🇺🇸 Save up to 70% on AIOSEO during our flash sale! 🧨','Did you know today\'s the <span style=\"text-decoration:underline;\">last day</span> to <strong>upgrade</strong> & <strong>save big</strong> on the world\'s best SEO plugin?\r\n<br><br>\r\n⚡ Power up your traffic & sales with our futuristic <strong>AI tools</strong> & <strong>Google Search Console integration</strong>. ⚡\r\n<br><br>\r\nDon’t miss out on these sizzling deals. 💥\r\n<br><br>\r\nClaim your discount before it\'s gone!','success','[\"4-x\",\"lite\"]',721,NULL,'2023-05-30 00:00:00','2023-05-31 00:00:00','Get AIOSEO Pro Today!','https://aioseo.com/pricing-lite/?utm_source=WordPress&utm_campaign=v4-lite&utm_medium=Plugin%20Notification&utm_content=memorial-day-sale-last-chance-2023-get-aioseo-pro-today',NULL,NULL,0,0,'2023-05-30 09:16:09','2023-05-30 09:16:09'),(6,'6475bed994066',NULL,'[Memorial Day Sale] 🇺🇸 Get up to 70% off AIOSEO! 💥','We just launched our Memorial Day sale! Snag <strong style=\"text-decoration: underline;\"><em>all</em></strong> the SEO features you want to surge traffic and sales. \r\n<ul style=\"list-style: inside;\">\r\n	<li>Save time with our AI <strong>ChatGPT integration</strong>.</li>\r\n	<li>Boost <strong>rankings</strong> with our <strong>Google Search Console integration</strong>.</li>\r\n</ul>\r\nFor only <strong style=\"text-decoration: underline;\">1 day</strong> you can get <strong>giant discounts</strong> on the world\'s best SEO plugin.\r\n<br /><br />\r\n⚡So grab your deal while it lasts! ⚡','success','[\"4-x\",\"lite\"]',708,NULL,'2023-05-29 13:43:06',NULL,'Get AIOSEO Pro Today!','https://aioseo.com/pricing-lite/?utm_source=WordPress&utm_campaign=v4-lite&utm_medium=Plugin%20Notification&utm_content=memorial-day-sale-2023-get-aioseo-pro-today',NULL,NULL,0,0,'2023-05-30 09:16:09','2023-05-31 09:42:38'),(7,'6479c11dd99bf',NULL,'[NEW] Set a Primary Category to Customize Breadcrumbs (+ WPCode Integration) 🚀','<strong>The wait is FINALLY over!</strong> One of our most requested feature is live in AIOSEO 4.3.8! 🎉 🎉\r\n<br><br>\r\nWith the brand-new <strong>Primary Category</strong> feature, you now have <strong>full control over which category displays in your breadcrumb trail</strong>.\r\n<br><br>\r\nPlus: customize your AIOSEO experience with <strong>clickable code snippets</strong> courtesy of WPCode!\r\n<br><br>\r\nUpgrade to <strong>AIOSEO 4.3.8 Pro TODAY</strong> to ignite your SEO and outrank competitors!','success','[\"4-x\",\"lite\"]',751,NULL,'2023-07-25 13:50:35',NULL,'Learn More','https://aioseo.com/announcing-primary-category-and-wpcode-integration/?utm_source=WordPress&utm_campaign=primary-category-v4-lite&utm_medium=plugin-notification&utm_content=Learn%20More','Get AIOSEO Pro','https://aioseo.com/lite-upgrade/?utm_source=WordPress&utm_campaign=primary-category-v4-lite&utm_medium=plugin-notification&utm_content=Get%20AIOSEO%20Pro',0,0,'2023-06-02 10:14:53','2023-07-28 10:51:44'),(8,'649c04d18e957',NULL,'It\'s a Sweet Sixteen Kinda Day! 🥳 🥳','<img src=\"data:image/png;base64,[encoded data, 10192 characters]\" />\r\n\r\nWe just had our 16th birthday, and to celebrate, we’re offering you massive discounts on all paid plans. Save <strong>up to 70%</strong> when you purchase a new plan or upgrade TODAY!\r\n<br><br>\r\nPlus, we have a <strong>sweet giveaway</strong> with 3 prizes including a <strong>Pixel 7 Pro, Pixel Tablet and Pixel Buds Pro</strong>!\r\n<br><br>\r\nHurry, this deal won\'t last long, check it out TODAY!','success','[\"4-x\",\"lite\"]',766,NULL,'2023-06-27 12:55:16','2023-06-30 00:00:00','Get AIOSEO Pro NOW! (70% OFF)','https://aioseo.com/happy-birthday-aioseo/?utm_source=WordPress&utm_campaign=16th-birthday-sale-v4-lite&utm_medium=plugin-notification&utm_content=Get AIOSEO Pro NOW! (70% OFF)','Enter Pixel Giveaway!','https://aioseo.com/happy-birthday-aioseo/?utm_source=WordPress&utm_campaign=16th-birthday-sale-v4-lite&utm_medium=plugin-notification&utm_content=Enter Pixel Giveaway!',0,0,'2023-06-28 10:00:49','2023-06-29 17:48:10'),(9,'64a404387829e',NULL,'🔥 [New] Advanced SEO Tracking with SEO Revisions & Google Updates Integration','Track the changes you make to your content and see how it <strong>connects to changes in your search rankings</strong>.\r\n<br><br>\r\nPlus, see <strong>Google Updates on a timeline in Search Statistics</strong>, so you know how they impact your SEO.\r\n<br><br>\r\nWe’ve also added many more new features to version 4.4.0 of AIOSEO. <strong>Upgrade today!</strong>','success','[\"4-x\",\"lite\"]',801,NULL,'2023-09-19 21:26:06',NULL,'Learn More','https://aioseo.com/announcing-seo-revisions-and-google-updates-integration/?utm_source=WordPress&utm_campaign=seo-revisions-v4-lite&utm_medium=plugin-notification&utm_content=Learn%20More','Get AIOSEO Pro','https://aioseo.com/lite-upgrade/?utm_source=WordPress&utm_campaign=seo-revisions-v4-lite&utm_medium=plugin-notification&utm_content=Get%20AIOSEO%20Pro',0,0,'2023-07-04 11:36:24','2023-10-14 21:53:23'),(10,'64c0cc06b6765',NULL,'NEW: Announcing the AIOSEO Analyzer Chrome extension!  🚀','Speed up content reviews and technical SEO checks. This new free tool is designed for you!\r\n<br><br>\r\nAIOSEO Analyzer gives you a big-picture view of your SEO, bringing problem areas into sharp focus. It works on both unpublished <em>and</em> published pages.\r\n<br><br>\r\nAnd it’s <strong>100% free!</strong> Download it today from the Chrome Web Store. And take it for a test drive!','success','[\"4-x\"]',809,NULL,'2023-11-25 04:17:13',NULL,'Learn More','https://aioseo.com/announcing-all-in-one-analyzer-by-aioseo/?utm_source=WordPress&utm_campaign=chrome-extension-v4&utm_medium=plugin-notification&utm_content=Learn%20More','Download','https://aioseo.com/announcing-all-in-one-analyzer-by-aioseo/?utm_source=WordPress&utm_campaign=chrome-extension-v4&utm_medium=plugin-notification&utm_content=Download',0,0,'2023-07-26 07:32:22','2023-12-05 10:41:45'),(11,'64c500c0f30ed',NULL,'🌴🌞 Embrace the summer vibes with our scorching HOT Summer Sale! 🌞🌴','<img src=\"data:image/png;base64,[encoded data, 8064 characters]\" />\r\n\r\nIt\'s time to turn up the heat and celebrate the season in style. Whether you\'re a long-time user or a brand-new one, we\'ve got something special for you!\r\n<br><br>\r\nIn honor of summer, we\'re offering you sensational discounts on all paid plans. Save up to a refreshing 70% when you snag a new plan or upgrade TODAY!\r\n<br><br>\r\nBut don\'t lounge around too long under the sun – this irresistible offer won\'t last forever! So, hurry and dive into our Summer Sale before it\'s gone. Your special deal awaits!\r\n','success','[\"4-x\",\"lite\"]',827,NULL,'2023-07-28 18:10:46','2023-08-04 00:00:00','Get AIOSEO Pro NOW! (70% OFF)','https://aioseo.com/pricing-lite/?utm_source=WordPress&utm_campaign=summer-sale-v4-lite&utm_medium=plugin-notification&utm_content=Upgrade Your AIOSEO Plan NOW! (70% OFF)',NULL,NULL,0,0,'2023-07-29 12:06:24','2023-08-02 11:19:58'),(12,'64e69b3591479',NULL,'[New] Improved Crawling and Indexing with AIOSEO 4.4.4 🚀','Improve your site’s crawlability and indexability with our improved robots.txt editor. With new directives and advanced functionality, ranking your site on search engines just became easier.\r\n<br><br>\r\nWe’ve also added many more new features to version 4.4.4 of AIOSEO. Check out our announcement for more information.\r\n<br><br>\r\nUpgrade to AIOSEO 4.4.4 today!','success','[\"4-x\",\"lite\"]',832,NULL,'2023-11-25 04:17:13',NULL,'Learn More','https://aioseo.com/greater-robots-txt-file-customization-for-improved-crawlability/?utm_source=WordPress&utm_campaign=robots-editor-v4-lite&utm_medium=plugin-notification&utm_content=Learn%20More','Upgrade to Pro','https://aioseo.com/lite-upgrade/?utm_source=WordPress&utm_campaign=robots-editor-v4-lite&utm_medium=plugin-notification&utm_content=Upgrade%20to%20Pro',0,0,'2023-08-23 23:50:13','2023-12-05 10:41:45'),(13,'64f6eb2d2321b',NULL,'Flash Sale: Get Up To 70% Off AIOSEO This Labor Day 👷','At AIOSEO, we want to celebrate your hard work by offering you the best WordPress SEO plugin at <strong><em>ridiculously low prices</em></strong>.\r\n<br><br>\r\nWe’re offering <strong>up to 70% off</strong> AIOSEO for a new purchase or upgrade.\r\n<br><br>\r\nBut this is just a one-day sale, so you better ACT FAST!','success','[\"lite\"]',840,NULL,'2023-09-04 21:39:37','2023-09-06 00:00:00','Get AIOSEO Pro NOW! (70% OFF)','https://aioseo.com/pricing-lite/?utm_source=WordPress&utm_campaign=summer-sale-v4-lite&utm_medium=plugin-notification&utm_content=Get AIOSEO Pro NOW! (70% OFF)',NULL,NULL,0,0,'2023-09-05 08:47:41','2023-09-05 08:47:41'),(14,'650c05a963924',NULL,'[New] TruSEO Highlighter: Instantly locate readability issues! 😮','On-page SEO just got easier with our new TruSEO Highlighter! 😮 Turn on the highlighter to instantly find readability issues on a page. 🥳\r\n<br><br>\r\nThis is our most requested feature! With TruSEO highlighter, you’ll instantly find readability issues flagged by AIOSEO.\r\n<br><br>\r\nUpdate to <strong>AIOSEO 4.4.6 TODAY</strong> to simplify SEO & get traction.','success','[\"4-x\",\"lite\"]',848,NULL,'2023-11-25 04:17:13',NULL,'Learn More','https://aioseo.com/announcing-truseo-highlighter/?utm_source=WordPress&utm_campaign=truseo-highlighter-v4-lite&utm_medium=plugin-notification&utm_content=Learn%20More','Upgrade to Pro','https://aioseo.com/lite-upgrade/?utm_source=WordPress&utm_campaign=truseo-highlighter-v4-lite&utm_medium=plugin-notification&utm_content=Upgrade%20to%20Pro',0,0,'2023-09-21 08:58:17','2023-12-05 10:41:45'),(15,'65300f7cc478c',NULL,'Elevate Your SEO Strategy: Meet Cornerstone Content in AIOSEO 4.4.8! 🚀🔥','Introducing Cornerstone Content – your secret weapon to boost search rankings and dominate your niche. 🏆\r\n<br><br>\r\nBuild <em>authority & expertise</em>, improve <em>crawling and indexing</em>, supercharge your <em>semantic SEO</em>, and more with this game-changing addition in <strong>AIOSEO 4.4.8</strong>.\r\n<br><br>\r\n👇🏻👇🏻 Upgrade today or click to Learn more!\r\n','success','[\"4-x\",\"lite\"]',860,NULL,'2023-11-25 04:17:13',NULL,'Learn More','https://aioseo.com/new-supercharge-your-seo-and-content-strategy-with-cornerstone-content/?utm_source=WordPress&utm_campaign=cornerstone-content-v4-lite&utm_medium=plugin-notification&utm_content=Learn%20More','Upgrade to Pro','https://aioseo.com/lite-upgrade/?utm_source=WordPress&utm_campaign=cornerstone-content-v4-lite&utm_medium=plugin-notification&utm_content=Upgrade%20to%20Pro',0,0,'2023-10-18 17:01:49','2023-12-05 10:41:45'),(16,'65475704a5d95',NULL,'Black Friday’s Here 🛍: HUGE Sale [Up To 70% Off] + Giveaway!','<img src=\"data:image/png;base64,[encoded data, 27436 characters]\" />\r\n<br><br>\r\nOur biggest sale of the year is now live! <strong>Get up to 70% off AIOSEO</strong>, the world’s best WordPress SEO plugin. You’ll unlock <em>tons of new features</em> like <strong>Cornerstone Content</strong>, <strong>Search Statistics</strong>, an <strong>advanced robots.txt editor</strong> and more! \r\n<br><br>\r\nPLUS enter our giveaway to WIN an <strong>iPhone 15 Pro Max</strong> 📱and <strong>Apple Watch Ultra 2</strong> ⌚. No purchase is necessary to enter!','success','[\"4-x\",\"lite\"]',894,NULL,'2023-11-20 00:00:00','2023-11-27 00:00:00','Enter Giveaway','https://aioseo.com/black-friday/?utm_source=WordPress&utm_campaign=liteplugin&utm_medium=Plugin Notification&utm_content=bf2023-enter-giveaway-v4-lite','Claim Your Upgrade Discount','https://aioseo.com/black-friday/?utm_source=WordPress&utm_campaign=liteplugin&utm_medium=Plugin Notification&utm_content=bf2023-claim-your-upgrade-discount-v4-lite',0,0,'2023-11-05 08:49:08','2023-11-25 10:09:39'),(17,'65475704a8924',NULL,'Cyber Monday Sale 👨‍💻 Last Chance to Get Up to 70% Off AIOSEO!','<img src=\"data:image/png;base64,[encoded data, 18940 characters]\" />\r\n<br><br>\r\nIt’s Cyber Monday 🥳. It’s also your final chance to get <strong>up to 70% off AIOSEO</strong>!\r\n<br><br>\r\nAs soon as you upgrade, you’ll unlock our next-gen <strong>Schema Generator</strong>, <strong>Local Business SEO tools</strong>, powerful <strong>Redirection Manager</strong>, <strong>Link Assistant</strong>, and more.\r\n<br><br>\r\nDon’t miss our biggest sale of the year!','success','[\"4-x\",\"lite\"]',905,NULL,'2023-11-27 00:00:00','2023-12-02 00:00:00','Claim Your Upgrade Deal Now','https://aioseo.com/black-friday/?utm_source=WordPress&utm_campaign=liteplugin&utm_medium=Plugin Notification&utm_content=bf2023-claim-your-upgrade-deal-now-v4-lite',NULL,NULL,0,0,'2023-11-05 08:49:08','2023-11-30 10:27:17'),(18,'6559cbff59b59',NULL,'[New] See the Index Status of Your URLs Inside WordPress with AIOSEO 4.5.0 🕵🏻','<img src=\"data:image/png;base64,[encoded data, 11596 characters]\" />\r\n\r\nEver wanted an easy way to know if your URLs have been indexed? Now you can with AIOSEO’s new <strong>Index Status feature</strong> in version 4.5.0.\r\n<br><br>\r\nYou can check your URL’s index status and other important URL information from <strong>right inside your WordPress dashboard</strong>.\r\n<br><br>\r\nUpdate now and get this game-changing addition in AIOSEO 4.5.0!','success','[\"4-x\",\"lite\"]',958,NULL,'2023-11-25 04:17:13',NULL,'Learn More','https://aioseo.com/new-index-status-enhance-your-seo-visibility-by-ensuring-all-your-urls-are-indexed/?utm_source=WordPress&utm_campaign=index-status-v4-lite&utm_medium=plugin-notification&utm_content=Get%20AIOSEO%20Pro','Get AIOSEO Pro','https://aioseo.com/lite-upgrade/?utm_source=WordPress&utm_campaign=index-status-v4-lite&utm_medium=plugin-notification&utm_content=Get%20AIOSEO%20Pro',0,0,'2023-11-19 08:49:03','2023-12-05 10:41:45'),(19,'657c2761d0368',NULL,'Introducing Support For Additional Page Builders: WPBakery and Avada 🎉','<img src=\"data:image/webp;base64,[encoded data, 15536 characters]\" alt=\"\" class=\"wp-image-1019\" style=\"object-fit:cover\"/>\n\n<p>If your website is built using WPBakery or Avada, then you’ll be happy to know that <strong>AIOSEO 4.5.2</strong> was developed with love just for you! ❤️</p>\n\n<p>Now, you can use AIOSEO right inside your favorite website builder, making it easy to perform SEO tasks as you work on your posts or pages.</p>\n\n<p>Update AIOSEO to 4.5.2 and give your page builder that much-needed SEO superpower. 🦸🏼‍♀️</p>','success','[\"4-x\",\"lite\"]',1010,NULL,'2023-12-13 14:43:22',NULL,'Learn More','https://aioseo.com/introducing-aioseo-support-for-additional-pagebuilders-wpbakery-and-avada/?utm_source=WordPress&utm_medium=plugin-notification&utm_campaign=aioseo-plugin-notification','Get AIOSEO Pro','https://aioseo.com/lite-upgrade/?utm_source=WordPress&utm_medium=plugin-notification&utm_campaign=aioseo-plugin-notification',0,0,'2023-12-15 10:16:01','2024-02-14 09:31:53'),(20,'65a8e2d07bacb',NULL,'[New] Boost Your Rankings with Our Author SEO (Google E-E-A-T) Addon ✍️','<p>We’re excited to announce our latest SEO module in AIOSEO 4.5.4 — the Author SEO addon 🥳.</p>\n\n<p>This is a simple yet powerful module that enables you to demonstrate your expertise, experience, authority, and trustworthiness <strong>(E-E-A-T)</strong> to search engines and users.</p>\n\n<p>As a result, you’ll get <strong><em>better rankings</em></strong>, <strong><em>increase your traffic</em></strong>, and <strong><em>boost your conversions</em></strong>.</p>\n\n<p>So, go ahead and <strong><em>update to 4.5.4</em></strong> and give your site that much-needed boost.</p>','success','[\"4-x\",\"lite\"]',1030,NULL,'2024-01-16 19:39:13',NULL,'Learn More','https://aioseo.com/introducing-author-seo-google-e-e-a-t-addon/?utm_source=WordPress&utm_medium=plugin-notification&utm_campaign=author-seo-eeat-v4-x-lite','Get AIOSEO Pro','https://aioseo.com/lite-upgrade/?utm_source=WordPress&utm_medium=plugin-notification&utm_campaign=author-seo-eeat-v4-x-lite',0,0,'2024-01-18 08:35:28','2024-02-14 09:31:53'),(21,'65b4d346bfb43',NULL,'Winter Sale 2024 ❄️ Get Up to 70% Off AIOSEO!!!','<img src=\"data:image/webp;base64,[encoded data, 19092 characters]\" alt=\"\" class=\"wp-image-1039\"/>\n\n<p>Our Winter Sale is On 🥳. This is your chance to boost your SEO and save up to 70% on AIOSEO!&nbsp;</p>\n\n<p>Whether it’s a new purchase or an upgrade, you’ll unlock 🔓 <strong>POWERFUL FEATURES</strong> that will help you take your SEO game to the next level.</p>\n\n<p>Start the year off with a bang and save big!</p>','success','[\"4-x\",\"lite\"]',1035,NULL,'2024-01-26 18:20:28','2024-02-02 00:00:00','Get AIOSEO Pro','https://aioseo.com/lite-upgrade/?utm_source=WordPress&utm_medium=plugin-notification&utm_campaign=winter-sale-v4-x-lite',NULL,NULL,0,0,'2024-01-27 09:56:22','2024-02-01 09:19:38'),(22,'65cc888948c15',NULL,'[NEW] Updated SEO Preview, Redirection Manager, Author SEO, and More','<p>AIOSEO 4.5.6 is live, implementing many of your suggestions! 🥳</p>\n\n<p>🔎 Improved SEO Preview - To better match Google SERPs.<br>📆 Redirect Scheduler - Schedule seasonal redirects easily.<br>📂 Import Redirects from a CSV File - Add redirects in bulk.<br>🖋️ Improved Author SEO - Improvements to the E-E-A-T addon.</p>\n\n<p>AIOSEO 4.5.6 comes packed with many other improvements to the modules you already love.&nbsp;</p>\n\n<p>Update your plugin to version 4.5.6 NOW!</p>','success','[\"4-x\",\"lite\"]',1042,NULL,'2024-02-12 22:15:51',NULL,'Learn More','https://aioseo.com/new-updated-seo-preview-redirection-manager-author-seo/?utm_source=WordPress&utm_medium=plugin-notification&utm_campaign=aioseo-456-v4-x-lite','Get AIOSEO Pro','https://aioseo.com/lite-upgrade/?utm_source=WordPress&utm_medium=plugin-notification&utm_campaign=aioseo-456-v4-x-lite',0,0,'2024-02-14 09:31:53','2024-02-14 09:31:53'),(23,'65cc88894ae77',NULL,'Be Our Valentine and Get Up To 70% Off! 💝','<img src=\"data:image/webp;base64,[encoded data, 6644 characters]\" alt=\"\" class=\"wp-image-1053\"/>\n\n<p>It’s Valentine’s Day, and love is in the air! ❤️</p>\n\n<p>Get up to <strong><em>70% off</em></strong> when you upgrade your plan TODAY ONLY!</p>\n\n<p>So, take advantage of our Valentine’s Day sale and get more power under your site’s hood TODAY!</p>','success','[\"4-x\",\"lite\"]',1049,NULL,'2024-02-14 00:00:00','2024-02-16 00:00:00','Get AIOSEO Pro','https://aioseo.com/lite-upgrade/?utm_source=WordPress&utm_medium=plugin-notification&utm_campaign=valentines-2024-v4-x-lite',NULL,NULL,0,0,'2024-02-14 09:31:53','2024-02-14 09:31:53');
